CRAN Package Check Results for Package stab

Last updated on 2015-07-03 11:47:24.

Flavor Version Tinstall Tcheck Ttotal Status Flags
r-devel-linux-x86_64-debian-clang 0.1.9 1.14 25.43 26.57 NOTE
r-devel-linux-x86_64-debian-gcc 0.1.9 1.20 26.17 27.38 NOTE
r-devel-windows-ix86+x86_64 0.1.9 4.00 35.00 39.00 NOTE
r-patched-linux-x86_64 0.1.9 1.08 26.42 27.50 OK
r-release-osx-x86_64-mavericks 0.1.9 OK
r-oldrel-windows-ix86+x86_64 0.1.9 4.00 48.00 52.00 OK

Check Details

Version: 0.1.9
Check: R code for possible problems
Result: NOTE
    MultipleAnalyze: no visible global function definition for ‘lm’
    MultipleAnalyze: no visible global function definition for ‘anova’
    MultipleAnalyze: no visible global function definition for ‘predict’
    MultipleAnalyze: no visible global function definition for ‘residuals’
    MultipleAnalyze: no visible global function definition for ‘qt’
    MultipleAnalyze: no visible global function definition for ‘dev.new’
    MultipleAnalyze: no visible global function definition for ‘axis’
    MultipleAnalyze: no visible global function definition for ‘abline’
    MultipleAnalyze: no visible global function definition for ‘legend’
    MultipleAnalyze: no visible global function definition for ‘lines’
    MultipleAnalyze: no visible global function definition for ‘dev.copy’
    MultipleAnalyze: no visible global function definition for ‘dev.set’
    MultipleAnalyze: no visible global function definition for ‘dev.cur’
    MultipleAnalyze: no visible global function definition for ‘pdf’
    MultipleAnalyze: no visible global function definition for ‘qqnorm’
    MultipleAnalyze: no visible global function definition for ‘dev.off’
    MultipleAnalyze: no visible global function definition for ‘na.omit’
    MultipleAnalyze: no visible global function definition for ‘var’
    MultipleAnalyze: no visible global function definition for ‘strwidth’
    MultipleAnalyze: no visible global function definition for ‘points’
    MultipleBatchcsv: no visible global function definition for ‘menu’
    MultipleBatchcsv: no visible global function definition for ‘read.csv’
    MultipleBatchcsv: no visible global function definition for ‘edit’
    MultipleBatchcsv: no visible global function definition for ‘na.omit’
    MultipleBatchmenu: no visible global function definition for ‘menu’
    MultipleBatchmenu: no visible global function definition for ‘edit’
    MultipleBatchmenu: no visible global function definition for ‘na.omit’
    MultipleBatchmenu: no visible global function definition for
     ‘write.csv’
    MultipleBatchmenu: no visible global function definition for
     ‘graphics.off’
    SingleAnalyze: no visible global function definition for ‘lm’
    SingleAnalyze: no visible global function definition for ‘anova’
    SingleAnalyze: no visible global function definition for ‘predict’
    SingleAnalyze: no visible global function definition for ‘residuals’
    SingleAnalyze: no visible global function definition for ‘qt’
    SingleAnalyze: no visible global function definition for ‘dev.new’
    SingleAnalyze: no visible global function definition for ‘axis’
    SingleAnalyze: no visible global function definition for ‘abline’
    SingleAnalyze: no visible global function definition for ‘lines’
    SingleAnalyze: no visible global function definition for ‘dev.copy’
    SingleAnalyze: no visible global function definition for ‘dev.set’
    SingleAnalyze: no visible global function definition for ‘dev.cur’
    SingleAnalyze: no visible global function definition for ‘pdf’
    SingleAnalyze: no visible global function definition for ‘qqnorm’
    SingleAnalyze: no visible global function definition for ‘graphics.off’
    SingleAnalyze: no visible global function definition for ‘dev.off’
    SingleBatchcsv: no visible global function definition for ‘menu’
    SingleBatchcsv: no visible global function definition for ‘read.csv’
    SingleBatchcsv: no visible global function definition for ‘edit’
    SingleBatchcsv: no visible global function definition for ‘na.omit’
    SingleBatchmenu: no visible global function definition for ‘menu’
    SingleBatchmenu: no visible global function definition for ‘edit’
    SingleBatchmenu: no visible global function definition for ‘na.omit’
    SingleBatchmenu: no visible global function definition for ‘write.csv’
    SingleBatchmenu: no visible global function definition for
     ‘graphics.off’
    bye: no visible global function definition for ‘menu’
    bye: no visible global function definition for ‘graphics.off’
    demostability: no visible global function definition for ‘lm’
    demostability: no visible global function definition for ‘anova’
    demostability: no visible global function definition for ‘predict’
    demostability: no visible global function definition for ‘residuals’
    demostability: no visible global function definition for ‘var’
    demostability: no visible global function definition for ‘qt’
    demostability: no visible global function definition for ‘dev.new’
    demostability: no visible global function definition for ‘axis’
    demostability: no visible global function definition for ‘abline’
    demostability: no visible global function definition for ‘lines’
    demostability: no visible global function definition for ‘qqnorm’
    demostability: no visible global function definition for ‘legend’
    demostability: no visible global function definition for ‘strwidth’
    demostability: no visible global function definition for ‘na.omit’
    demostability: no visible global function definition for ‘points’
    go: no visible global function definition for ‘menu’
    go: no visible global function definition for ‘graphics.off’
    go: no visible global function definition for ‘edit’
    stab_test: no visible global function definition for ‘na.omit’
    stab_test: no visible global function definition for ‘lm’
    stab_test: no visible global function definition for ‘anova’
    stab_test: no visible global function definition for ‘predict’
    stab_test: no visible global function definition for ‘residuals’
    stab_test: no visible global function definition for ‘qt’
    stab_test: no visible global function definition for ‘dev.new’
    stab_test: no visible global function definition for ‘axis’
    stab_test: no visible global function definition for ‘abline’
    stab_test: no visible global function definition for ‘legend’
    stab_test: no visible global function definition for ‘lines’
    stab_test: no visible global function definition for ‘qqnorm’
    stab_test: no visible global function definition for ‘var’
    stab_test: no visible global function definition for ‘strwidth’
    stab_test: no visible global function definition for ‘points’
    stabilitymenu: no visible global function definition for ‘menu’
    stabilitymenu: no visible global function definition for ‘graphics.off’
    statistical: no visible global function definition for ‘menu’
    Undefined global functions or variables:
     abline anova axis dev.copy dev.cur dev.new dev.off dev.set edit
     graphics.off legend lines lm menu na.omit pdf points predict qqnorm
     qt read.csv residuals strwidth var write.csv
Flavors: r-devel-linux-x86_64-debian-clang, r-devel-linux-x86_64-debian-gcc, r-devel-windows-ix86+x86_64