CRAN Package Check Results for Package stab

Last updated on 2014-04-24 17:49:54.

Flavor Version Tinstall Tcheck Ttotal Status Flags
r-devel-linux-x86_64-debian-clang 0.1.8 1.54 31.55 33.08 OK
r-devel-linux-x86_64-debian-gcc 0.1.8 1.40 32.04 33.45 OK
r-devel-linux-x86_64-fedora-clang 0.1.8 64.96 OK
r-devel-linux-x86_64-fedora-gcc 0.1.8 63.21 OK
r-devel-osx-x86_64-clang 0.1.8 57.43 OK
r-devel-osx-x86_64-gcc 0.1.8 OK
r-devel-windows-ix86+x86_64 0.1.8 5.00 41.00 46.00 OK
r-patched-linux-x86_64 0.1.8 1.42 31.79 33.20 OK
r-patched-solaris-sparc 0.1.8 367.20 OK
r-patched-solaris-x86 0.1.8 77.70 OK
r-release-linux-ix86 0.1.8 3.00 52.00 55.00 OK
r-release-linux-x86_64 0.1.8 1.42 31.94 33.36 OK
r-release-osx-x86_64-mavericks 0.1.8 WARN
r-release-osx-x86_64-snowleopard 0.1.8 OK
r-release-windows-ix86+x86_64 0.1.8 5.00 43.00 48.00 OK
r-oldrel-windows-ix86+x86_64 0.1.8 5.00 42.00 47.00 OK

Check Details

Version: 0.1.8
Check: PDF version of manual
Result: WARNING
    LaTeX errors when creating PDF version.
    This typically indicates Rd problems.
    LaTeX errors found:
    ! LaTeX Error: File `upquote.sty' not found.
    
    Type X to quit or <RETURN> to proceed,
    or enter new name. (Default extension: sty)
    
    8752db9/Rd2.tex:8: ==> Fatal error occurred, no output PDF file produced!
Flavor: r-release-osx-x86_64-mavericks