CRAN Package Check Results for Package stabledist

Last updated on 2018-02-25 19:49:21 CET.

Flavor Version Tinstall Tcheck Ttotal Status Flags
r-devel-linux-x86_64-debian-clang 0.7-1 2.16 81.69 83.85 OK
r-devel-linux-x86_64-debian-gcc 0.7-1 1.44 60.67 62.11 OK
r-devel-linux-x86_64-fedora-clang 0.7-1 98.39 OK
r-devel-linux-x86_64-fedora-gcc 0.7-1 94.75 OK
r-devel-windows-ix86+x86_64 0.7-1 7.00 115.00 122.00 OK
r-patched-linux-x86_64 0.7-1 0.66 86.25 86.91 OK
r-patched-solaris-x86 0.7-1 116.20 OK
r-release-linux-x86_64 0.7-1 0.85 85.80 86.65 OK
r-release-windows-ix86+x86_64 0.7-1 2.00 122.00 124.00 OK
r-release-osx-x86_64 0.7-1 NOTE
r-oldrel-windows-ix86+x86_64 0.7-1 2.00 112.00 114.00 OK
r-oldrel-osx-x86_64 0.7-1 OK

Check Details

Version: 0.7-1
Check: package dependencies
Result: NOTE
    Package suggested but not available for checking: ‘Rmpfr’
Flavor: r-release-osx-x86_64