CRAN Package Check Results for Package stabledist

Last updated on 2018-04-26 10:47:29 CEST.

Flavor Version Tinstall Tcheck Ttotal Status Flags
r-devel-linux-x86_64-debian-clang 0.7-1 1.83 73.39 75.22 OK
r-devel-linux-x86_64-debian-gcc 0.7-1 1.43 58.73 60.16 OK
r-devel-linux-x86_64-fedora-clang 0.7-1 97.74 OK
r-devel-linux-x86_64-fedora-gcc 0.7-1 95.55 OK
r-devel-windows-ix86+x86_64 0.7-1 5.00 84.00 89.00 OK
r-patched-linux-x86_64 0.7-1 2.02 81.40 83.42 OK
r-patched-solaris-x86 0.7-1 119.80 OK
r-release-linux-x86_64 0.7-1 1.83 81.40 83.23 OK
r-release-windows-ix86+x86_64 0.7-1 5.00 84.00 89.00 OK
r-release-osx-x86_64 0.7-1 OK
r-oldrel-windows-ix86+x86_64 0.7-1 4.00 108.00 112.00 OK
r-oldrel-osx-x86_64 0.7-1 NOTE

Check Details

Version: 0.7-1
Check: package dependencies
Result: NOTE
    Package suggested but not available for checking: ‘Rmpfr’
Flavor: r-oldrel-osx-x86_64