CRAN Package Check Results for Package stabledist

Last updated on 2015-04-01 03:49:29.

Flavor Version Tinstall Tcheck Ttotal Status Flags
r-devel-linux-x86_64-debian-clang 0.6-6 0.64 54.37 55.01 NOTE
r-devel-linux-x86_64-debian-gcc 0.6-6 0.60 52.47 53.07 NOTE
r-devel-linux-x86_64-fedora-clang 0.6-6 112.30 NOTE
r-devel-linux-x86_64-fedora-gcc 0.6-6 110.70 NOTE
r-devel-osx-x86_64-clang 0.6-6 98.80 OK
r-prerel-windows-ix86+x86_64 0.6-6 3.00 90.00 93.00 OK
r-prerel-linux-x86_64 0.6-6 0.54 52.39 52.93 NOTE
r-prerel-solaris-sparc 0.6-6 703.30 OK
r-prerel-solaris-x86 0.6-6 119.50 OK
r-release-linux-x86_64 0.6-6 0.58 54.64 55.22 NOTE
r-release-osx-x86_64-mavericks 0.6-6 OK
r-release-windows-ix86+x86_64 0.6-6 2.00 82.00 84.00 OK
r-oldrel-windows-ix86+x86_64 0.6-6 3.00 98.00 101.00 OK

Check Details

Version: 0.6-6
Check: top-level files
Result: NOTE
    Non-standard file/directory found at top level:
     ‘Done’
Flavors: r-devel-linux-x86_64-debian-clang, r-devel-linux-x86_64-debian-gcc, r-devel-linux-x86_64-fedora-clang, r-devel-linux-x86_64-fedora-gcc, r-prerel-linux-x86_64, r-release-linux-x86_64