CRAN Package Check Results for Package stabledist

Last updated on 2018-06-20 06:47:08 CEST.

Flavor Version Tinstall Tcheck Ttotal Status Flags
r-devel-linux-x86_64-debian-clang 0.7-1 1.45 86.27 87.72 OK
r-devel-linux-x86_64-debian-gcc 0.7-1 1.12 61.01 62.13 OK
r-devel-linux-x86_64-fedora-clang 0.7-1 99.00 OK
r-devel-linux-x86_64-fedora-gcc 0.7-1 95.62 OK
r-devel-windows-ix86+x86_64 0.7-1 5.00 131.00 136.00 OK
r-patched-linux-x86_64 0.7-1 1.46 82.33 83.79 OK
r-patched-solaris-x86 0.7-1 118.70 OK
r-release-linux-x86_64 0.7-1 1.58 81.28 82.86 OK
r-release-windows-ix86+x86_64 0.7-1 3.00 125.00 128.00 OK
r-release-osx-x86_64 0.7-1 OK
r-oldrel-windows-ix86+x86_64 0.7-1 5.00 103.00 108.00 OK
r-oldrel-osx-x86_64 0.7-1 NOTE

Check Details

Version: 0.7-1
Check: package dependencies
Result: NOTE
    Package suggested but not available for checking: ‘Rmpfr’
Flavor: r-oldrel-osx-x86_64