CRAN Package Check Results for Package stabledist

Last updated on 2014-04-24 17:49:54.

Flavor Version Tinstall Tcheck Ttotal Status Flags
r-devel-linux-x86_64-debian-clang 0.6-6 0.55 59.62 60.17 OK
r-devel-linux-x86_64-debian-gcc 0.6-6 0.56 60.76 61.32 OK
r-devel-linux-x86_64-fedora-clang 0.6-6 126.56 NOTE
r-devel-linux-x86_64-fedora-gcc 0.6-6 122.85 NOTE
r-devel-osx-x86_64-clang 0.6-6 95.17 OK
r-devel-osx-x86_64-gcc 0.6-6 NOTE
r-devel-windows-ix86+x86_64 0.6-6 2.00 92.00 94.00 OK
r-patched-linux-x86_64 0.6-6 0.58 58.84 59.42 OK
r-patched-solaris-sparc 0.6-6 750.80 OK
r-patched-solaris-x86 0.6-6 131.80 OK
r-release-linux-ix86 0.6-6 1.00 91.00 92.00 OK
r-release-linux-x86_64 0.6-6 0.56 59.02 59.58 OK
r-release-osx-x86_64-mavericks 0.6-6 WARN
r-release-windows-ix86+x86_64 0.6-6 2.00 93.00 95.00 OK
r-oldrel-windows-ix86+x86_64 0.6-6 2.00 93.00 95.00 OK

Check Details

Version: 0.6-6
Check: top-level files
Result: NOTE
    Non-standard file/directory found at top level:
     ‘Done’
Flavors: r-devel-linux-x86_64-fedora-clang, r-devel-linux-x86_64-fedora-gcc

Version: 0.6-6
Check: package dependencies
Result: NOTE
    Package suggested but not available for checking: ‘fBasics’
Flavor: r-devel-osx-x86_64-gcc

Version: 0.6-6
Check: Rd cross-references
Result: NOTE
    Package unavailable to check Rd xrefs: ‘fBasics’
Flavor: r-devel-osx-x86_64-gcc

Version: 0.6-6
Check: package dependencies
Result: NOTE
    Package suggested but not available for checking: ‘Rmpfr’
Flavor: r-release-osx-x86_64-mavericks

Version: 0.6-6
Check: PDF version of manual
Result: WARNING
    LaTeX errors when creating PDF version.
    This typically indicates Rd problems.
    LaTeX errors found:
    ! LaTeX Error: File `upquote.sty' not found.
    
    Type X to quit or <RETURN> to proceed,
    or enter new name. (Default extension: sty)
    
    716331/Rd2.tex:8: ==> Fatal error occurred, no output PDF file produced!
Flavor: r-release-osx-x86_64-mavericks