CRAN Package Check Results for Package stabledist

Last updated on 2022-01-19 01:47:49 CET.

Flavor Version Tinstall Tcheck Ttotal Status Flags
r-devel-linux-x86_64-debian-clang 0.7-1 2.27 101.58 103.85 NOTE
r-devel-linux-x86_64-debian-gcc 0.7-1 2.16 70.63 72.79 NOTE
r-devel-linux-x86_64-fedora-clang 0.7-1 122.02 NOTE
r-devel-linux-x86_64-fedora-gcc 0.7-1 113.25 NOTE
r-devel-windows-x86_64-new-UL 0.7-1 29.00 118.00 147.00 NOTE
r-devel-windows-x86_64-new-TK 0.7-1 NOTE
r-patched-linux-x86_64 0.7-1 2.93 98.47 101.40 NOTE
r-release-linux-x86_64 0.7-1 NOTE
r-release-macos-arm64 0.7-1 NOTE
r-release-macos-x86_64 0.7-1 NOTE
r-release-windows-ix86+x86_64 0.7-1 5.00 121.00 126.00 NOTE
r-oldrel-macos-x86_64 0.7-1 OK
r-oldrel-windows-ix86+x86_64 0.7-1 6.00 121.00 127.00 OK

Check Details

Version: 0.7-1
Check: LazyData
Result: NOTE
     'LazyData' is specified without a 'data' directory
Flavors: r-devel-linux-x86_64-debian-clang, r-devel-linux-x86_64-debian-gcc, r-devel-linux-x86_64-fedora-clang, r-devel-linux-x86_64-fedora-gcc, r-devel-windows-x86_64-new-UL, r-devel-windows-x86_64-new-TK, r-patched-linux-x86_64, r-release-linux-x86_64, r-release-macos-arm64, r-release-macos-x86_64, r-release-windows-ix86+x86_64