CRAN Package Check Results for Package stabledist

Last updated on 2015-01-28 23:49:45.

Flavor Version Tinstall Tcheck Ttotal Status Flags
r-devel-linux-x86_64-debian-clang 0.6-6 0.59 54.61 55.20 NOTE
r-devel-linux-x86_64-debian-gcc 0.6-6 0.55 52.65 53.20 NOTE
r-devel-linux-x86_64-fedora-clang 0.6-6 117.00 NOTE
r-devel-linux-x86_64-fedora-gcc 0.6-6 115.99 NOTE
r-devel-osx-x86_64-clang 0.6-6 95.95 OK
r-devel-windows-ix86+x86_64 0.6-6 3.00 90.00 93.00 OK
r-patched-linux-x86_64 0.6-6 0.59 55.23 55.82 NOTE
r-patched-solaris-sparc 0.6-6 699.10 OK
r-patched-solaris-x86 0.6-6 124.40 OK
r-release-linux-ix86 0.6-6 0.82 66.57 67.39 OK
r-release-linux-x86_64 0.6-6 0.58 56.22 56.80 NOTE
r-release-osx-x86_64-mavericks 0.6-6 OK
r-release-windows-ix86+x86_64 0.6-6 3.00 87.00 90.00 OK
r-oldrel-windows-ix86+x86_64 0.6-6 2.00 101.00 103.00 OK

Check Details

Version: 0.6-6
Check: top-level files
Result: NOTE
    Non-standard file/directory found at top level:
     ‘Done’
Flavors: r-devel-linux-x86_64-debian-clang, r-devel-linux-x86_64-debian-gcc, r-devel-linux-x86_64-fedora-clang, r-devel-linux-x86_64-fedora-gcc, r-patched-linux-x86_64, r-release-linux-x86_64