CRAN Package Check Results for Package stabledist

Last updated on 2014-12-21 09:51:38.

Flavor Version Tinstall Tcheck Ttotal Status Flags
r-devel-linux-x86_64-debian-clang 0.6-6 0.60 54.14 54.74 NOTE
r-devel-linux-x86_64-debian-gcc 0.6-6 0.55 52.78 53.34 NOTE
r-devel-linux-x86_64-fedora-clang 0.6-6 118.60 NOTE
r-devel-linux-x86_64-fedora-gcc 0.6-6 108.15 NOTE
r-devel-osx-x86_64-clang 0.6-6 96.99 OK
r-devel-windows-ix86+x86_64 0.6-6 3.00 85.00 88.00 OK
r-patched-linux-x86_64 0.6-6 0.58 59.84 60.41 NOTE
r-patched-solaris-sparc 0.6-6 768.60 OK
r-patched-solaris-x86 0.6-6 125.10 OK
r-release-linux-ix86 0.6-6 0.83 66.48 67.31 OK
r-release-linux-x86_64 0.6-6 0.59 55.16 55.74 NOTE
r-release-osx-x86_64-mavericks 0.6-6 OK
r-release-windows-ix86+x86_64 0.6-6 3.00 82.00 85.00 OK
r-oldrel-windows-ix86+x86_64 0.6-6 2.00 92.00 94.00 OK

Check Details

Version: 0.6-6
Check: top-level files
Result: NOTE
    Non-standard file/directory found at top level:
     ‘Done’
Flavors: r-devel-linux-x86_64-debian-clang, r-devel-linux-x86_64-debian-gcc, r-devel-linux-x86_64-fedora-clang, r-devel-linux-x86_64-fedora-gcc, r-patched-linux-x86_64, r-release-linux-x86_64