CRAN Package Check Results for Package stabledist

Last updated on 2017-12-12 20:48:14 CET.

Flavor Version Tinstall Tcheck Ttotal Status Flags
r-devel-linux-x86_64-debian-clang 0.7-1 0.61 88.33 88.94 OK
r-devel-linux-x86_64-debian-gcc 0.7-1 0.62 64.86 65.48 OK
r-devel-linux-x86_64-fedora-clang 0.7-1 100.88 OK
r-devel-windows-ix86+x86_64 0.7-1 4.00 104.00 108.00 OK
r-patched-linux-x86_64 0.7-1 0.69 90.37 91.06 OK
r-patched-solaris-x86 0.7-1 115.40 OK
r-release-linux-x86_64 0.7-1 0.68 89.16 89.84 OK
r-release-windows-ix86+x86_64 0.7-1 2.00 154.00 156.00 OK
r-release-osx-x86_64 0.7-1 NOTE
r-oldrel-windows-ix86+x86_64 0.7-1 2.00 136.00 138.00 OK
r-oldrel-osx-x86_64 0.7-1 OK

Check Details

Version: 0.7-1
Check: package dependencies
Result: NOTE
    Package suggested but not available for checking: ‘Rmpfr’
Flavor: r-release-osx-x86_64