CRAN Package Check Results for Package stabledist

Last updated on 2017-06-27 04:48:36.

Flavor Version Tinstall Tcheck Ttotal Status Flags
r-devel-linux-x86_64-debian-clang 0.7-1 0.60 53.22 53.82 OK
r-devel-linux-x86_64-debian-gcc 0.7-1 0.62 51.06 51.68 OK
r-devel-linux-x86_64-fedora-clang 0.7-1 116.56 OK
r-devel-linux-x86_64-fedora-gcc 0.7-1 105.10 OK
r-devel-windows-ix86+x86_64 0.7-1 3.00 94.00 97.00 OK
r-patched-linux-x86_64 0.7-1 0.59 50.92 51.51 OK
r-patched-solaris-sparc 0.7-1 616.50 OK
r-patched-solaris-x86 0.7-1 116.30 OK
r-release-linux-x86_64 0.7-1 0.62 54.30 54.92 OK
r-release-windows-ix86+x86_64 0.7-1 4.00 123.00 127.00 OK
r-release-osx-x86_64 0.7-1 NOTE
r-oldrel-windows-ix86+x86_64 0.7-1 3.00 138.00 141.00 OK
r-oldrel-osx-x86_64 0.7-1 OK

Check Details

Version: 0.7-1
Check: package dependencies
Result: NOTE
    Package suggested but not available for checking: ‘Rmpfr’
Flavor: r-release-osx-x86_64