CRAN Package Check Results for Package stabledist

Last updated on 2014-08-01 13:47:07.

Flavor Version Tinstall Tcheck Ttotal Status Flags
r-devel-linux-x86_64-debian-clang 0.6-6 0.52 61.38 61.89 OK
r-devel-linux-x86_64-debian-gcc 0.6-6 0.50 56.42 56.92 OK
r-devel-linux-x86_64-fedora-clang 0.6-6 127.09 NOTE
r-devel-linux-x86_64-fedora-gcc 0.6-6 123.42 NOTE
r-devel-osx-x86_64-clang 0.6-6 93.22 OK
r-devel-windows-ix86+x86_64 0.6-6 2.00 89.00 91.00 OK
r-patched-linux-x86_64 0.6-6 0.52 56.89 57.41 OK
r-patched-solaris-sparc 0.6-6 768.60 OK
r-patched-solaris-x86 0.6-6 131.30 OK
r-release-linux-ix86 0.6-6 0.81 72.36 73.17 OK
r-release-linux-x86_64 0.6-6 0.54 59.07 59.61 OK
r-release-osx-x86_64-mavericks 0.6-6 OK
r-release-windows-ix86+x86_64 0.6-6 2.00 122.00 124.00 OK
r-oldrel-windows-ix86+x86_64 0.6-6 4.00 130.00 134.00 OK

Check Details

Version: 0.6-6
Check: top-level files
Result: NOTE
    Non-standard file/directory found at top level:
     Done
Flavors: r-devel-linux-x86_64-fedora-clang, r-devel-linux-x86_64-fedora-gcc