CRAN Package Check Results for Package stabledist

Last updated on 2017-10-20 02:48:40.

Flavor Version Tinstall Tcheck Ttotal Status Flags
r-devel-linux-x86_64-debian-clang 0.7-1 0.53 53.90 54.43 OK
r-devel-linux-x86_64-debian-gcc 0.7-1 0.69 53.00 53.68 OK
r-devel-linux-x86_64-fedora-clang 0.7-1 108.91 OK
r-devel-linux-x86_64-fedora-gcc 0.7-1 107.60 OK
r-devel-windows-ix86+x86_64 0.7-1 5.00 93.00 98.00 OK
r-patched-linux-x86_64 0.7-1 0.60 50.14 50.74 OK
r-patched-solaris-x86 0.7-1 115.20 OK
r-release-linux-x86_64 0.7-1 0.58 52.38 52.96 OK
r-release-windows-ix86+x86_64 0.7-1 5.00 89.00 94.00 OK
r-release-osx-x86_64 0.7-1 NOTE
r-oldrel-windows-ix86+x86_64 0.7-1 3.00 136.00 139.00 OK
r-oldrel-osx-x86_64 0.7-1 OK

Check Details

Version: 0.7-1
Check: package dependencies
Result: NOTE
    Package suggested but not available for checking: ‘Rmpfr’
Flavor: r-release-osx-x86_64