CRAN Package Check Results for Package stabledist

Last updated on 2014-07-23 13:47:58.

Flavor Version Tinstall Tcheck Ttotal Status Flags
r-devel-linux-x86_64-debian-clang 0.6-6 0.51 57.19 57.70 OK
r-devel-linux-x86_64-debian-gcc 0.6-6 0.51 56.90 57.42 OK
r-devel-linux-x86_64-fedora-clang 0.6-6 126.22 NOTE
r-devel-linux-x86_64-fedora-gcc 0.6-6 121.49 NOTE
r-devel-osx-x86_64-clang 0.6-6 94.13 OK
r-devel-windows-ix86+x86_64 0.6-6 3.00 92.00 95.00 OK
r-patched-linux-x86_64 0.6-6 0.52 56.66 57.18 OK
r-patched-solaris-sparc 0.6-6 721.70 OK
r-patched-solaris-x86 0.6-6 130.90 OK
r-release-linux-ix86 0.6-6 0.84 73.72 74.57 OK
r-release-linux-x86_64 0.6-6 0.54 57.46 58.00 OK
r-release-osx-x86_64-mavericks 0.6-6 OK
r-release-windows-ix86+x86_64 0.6-6 2.00 87.00 89.00 OK
r-oldrel-windows-ix86+x86_64 0.6-6 2.00 94.00 96.00 OK

Check Details

Version: 0.6-6
Check: top-level files
Result: NOTE
    Non-standard file/directory found at top level:
     ‘Done’
Flavors: r-devel-linux-x86_64-fedora-clang, r-devel-linux-x86_64-fedora-gcc