CRAN Package Check Results for Package stabledist

Last updated on 2017-08-21 06:47:11.

Flavor Version Tinstall Tcheck Ttotal Status Flags
r-devel-linux-x86_64-debian-clang 0.7-1 0.64 55.23 55.87 OK
r-devel-linux-x86_64-debian-gcc 0.7-1 0.58 52.98 53.56 OK
r-devel-linux-x86_64-fedora-clang 0.7-1 108.67 OK
r-devel-linux-x86_64-fedora-gcc 0.7-1 108.91 OK
r-devel-windows-ix86+x86_64 0.7-1 3.00 86.00 89.00 OK
r-patched-linux-x86_64 0.7-1 0.64 55.16 55.80 OK
r-patched-solaris-x86 0.7-1 114.90 OK
r-release-linux-x86_64 0.7-1 0.59 53.25 53.84 OK
r-release-windows-ix86+x86_64 0.7-1 5.00 86.00 91.00 OK
r-release-osx-x86_64 0.7-1 NOTE
r-oldrel-windows-ix86+x86_64 0.7-1 2.00 104.00 106.00 OK
r-oldrel-osx-x86_64 0.7-1 OK

Check Details

Version: 0.7-1
Check: package dependencies
Result: NOTE
    Package suggested but not available for checking: ‘Rmpfr’
Flavor: r-release-osx-x86_64