CRAN Package Check Results for Package stabledist

Last updated on 2014-11-26 16:49:11.

Flavor Version Tinstall Tcheck Ttotal Status Flags
r-devel-linux-x86_64-debian-clang 0.6-6 0.57 55.71 56.28 NOTE
r-devel-linux-x86_64-debian-gcc 0.6-6 0.70 55.11 55.82 NOTE
r-devel-linux-x86_64-fedora-clang 0.6-6 118.80 NOTE
r-devel-linux-x86_64-fedora-gcc 0.6-6 115.48 NOTE
r-devel-osx-x86_64-clang 0.6-6 94.62 OK
r-devel-windows-ix86+x86_64 0.6-6 2.00 83.00 85.00 OK
r-patched-linux-x86_64 0.6-6 0.58 54.73 55.31 NOTE
r-patched-solaris-sparc 0.6-6 768.60 OK
r-patched-solaris-x86 0.6-6 123.00 OK
r-release-linux-ix86 0.6-6 0.83 65.81 66.64 OK
r-release-linux-x86_64 0.6-6 0.58 55.70 56.28 NOTE
r-release-osx-x86_64-mavericks 0.6-6 OK
r-release-windows-ix86+x86_64 0.6-6 2.00 80.00 82.00 OK
r-oldrel-windows-ix86+x86_64 0.6-6 3.00 93.00 96.00 OK

Check Details

Version: 0.6-6
Check: top-level files
Result: NOTE
    Non-standard file/directory found at top level:
     ‘Done’
Flavors: r-devel-linux-x86_64-debian-clang, r-devel-linux-x86_64-debian-gcc, r-devel-linux-x86_64-fedora-clang, r-devel-linux-x86_64-fedora-gcc, r-patched-linux-x86_64, r-release-linux-x86_64