CRAN Package Check Results for Package stabledist

Last updated on 2017-05-24 05:50:28.

Flavor Version Tinstall Tcheck Ttotal Status Flags
r-devel-linux-x86_64-debian-clang 0.7-1 0.58 53.66 54.24 OK
r-devel-linux-x86_64-debian-gcc 0.7-1 0.60 52.41 53.01 OK
r-devel-linux-x86_64-fedora-clang 0.7-1 110.35 OK --no-stop-on-test-error
r-devel-linux-x86_64-fedora-gcc 0.7-1 102.13 OK --no-stop-on-test-error
r-devel-windows-ix86+x86_64 0.7-1 3.00 132.00 135.00 OK
r-patched-linux-x86_64 0.7-1 0.61 52.89 53.50 OK
r-patched-solaris-sparc 0.7-1 616.50 OK
r-patched-solaris-x86 0.7-1 114.90 OK
r-release-linux-x86_64 0.7-1 0.59 51.46 52.05 OK
r-release-windows-ix86+x86_64 0.7-1 2.00 125.00 127.00 OK
r-release-osx-x86_64 0.7-1 NOTE
r-oldrel-windows-ix86+x86_64 0.7-1 3.00 138.00 141.00 OK
r-oldrel-osx-x86_64 0.7-1 OK

Check Details

Version: 0.7-1
Check: package dependencies
Result: NOTE
    Package suggested but not available for checking: ‘Rmpfr’
Flavor: r-release-osx-x86_64