CRAN Package Check Results for Package stabreg

Last updated on 2024-07-15 01:48:24 CEST.

Flavor Version Tinstall Tcheck Ttotal Status Flags
r-devel-linux-x86_64-debian-clang 0.1.2 3.29 28.41 31.70 NOTE
r-devel-linux-x86_64-debian-gcc 0.1.2 3.08 21.59 24.67 NOTE
r-devel-linux-x86_64-fedora-clang 0.1.2 40.98 NOTE
r-devel-linux-x86_64-fedora-gcc 0.1.2 39.00 NOTE
r-devel-windows-x86_64 0.1.2 6.00 50.00 56.00 NOTE
r-patched-linux-x86_64 0.1.2 2.66 26.88 29.54 NOTE
r-release-linux-x86_64 0.1.2 3.95 28.57 32.52 NOTE
r-release-macos-arm64 0.1.2 17.00 NOTE
r-release-macos-x86_64 0.1.2 25.00 NOTE
r-release-windows-x86_64 0.1.2 6.00 49.00 55.00 NOTE
r-oldrel-macos-arm64 0.1.2 18.00 NOTE
r-oldrel-macos-x86_64 0.1.2 25.00 NOTE
r-oldrel-windows-x86_64 0.1.2 7.00 50.00 57.00 NOTE

Check Details

Version: 0.1.2
Check: LazyData
Result: NOTE 'LazyData' is specified without a 'data' directory Flavors: r-devel-linux-x86_64-debian-clang, r-devel-linux-x86_64-debian-gcc, r-devel-linux-x86_64-fedora-clang, r-devel-linux-x86_64-fedora-gcc, r-devel-windows-x86_64, r-patched-linux-x86_64, r-release-linux-x86_64, r-release-macos-arm64, r-release-macos-x86_64, r-release-windows-x86_64, r-oldrel-macos-arm64, r-oldrel-macos-x86_64, r-oldrel-windows-x86_64