CRAN Package Check Results for Package stabs

Last updated on 2023-09-24 05:02:35 CEST.

Flavor Version Tinstall Tcheck Ttotal Status Flags
r-devel-linux-x86_64-debian-clang 0.6-4 3.16 82.02 85.18 NOTE
r-devel-linux-x86_64-debian-gcc 0.6-4 2.63 63.68 66.31 NOTE
r-devel-linux-x86_64-fedora-clang 0.6-4 107.75 NOTE
r-devel-linux-x86_64-fedora-gcc 0.6-4 110.11 NOTE
r-devel-windows-x86_64 0.6-4 5.00 60.00 65.00 NOTE
r-patched-linux-x86_64 0.6-4 3.84 80.03 83.87 NOTE
r-release-linux-x86_64 0.6-4 2.85 78.11 80.96 NOTE
r-release-macos-arm64 0.6-4 36.00 NOTE
r-release-macos-x86_64 0.6-4 50.00 NOTE
r-release-windows-x86_64 0.6-4 6.00 64.00 70.00 NOTE
r-oldrel-macos-arm64 0.6-4 29.00 NOTE
r-oldrel-macos-x86_64 0.6-4 53.00 NOTE
r-oldrel-windows-x86_64 0.6-4 8.00 69.00 77.00 NOTE

Check Details

Version: 0.6-4
Check: LazyData
Result: NOTE
     'LazyData' is specified without a 'data' directory
Flavors: r-devel-linux-x86_64-debian-clang, r-devel-linux-x86_64-debian-gcc, r-devel-linux-x86_64-fedora-clang, r-devel-linux-x86_64-fedora-gcc, r-devel-windows-x86_64, r-patched-linux-x86_64, r-release-linux-x86_64, r-release-macos-arm64, r-release-macos-x86_64, r-release-windows-x86_64, r-oldrel-macos-arm64, r-oldrel-macos-x86_64, r-oldrel-windows-x86_64

Version: 0.6-4
Check: package dependencies
Result: NOTE
    Package suggested but not available for checking: ‘gamboostLSS’
Flavor: r-oldrel-macos-x86_64