CRAN Package Check Results for Package stacomiR

Last updated on 2017-12-18 22:50:05 CET.

Flavor Version Tinstall Tcheck Ttotal Status Flags
r-devel-linux-x86_64-debian-clang 0.5.3 12.67 179.46 192.13 OK
r-devel-linux-x86_64-debian-gcc 0.5.3 12.50 161.27 173.77 OK
r-devel-linux-x86_64-fedora-clang 0.5.3 253.43 NOTE
r-devel-linux-x86_64-fedora-gcc 0.5.3 259.39 NOTE
r-devel-windows-ix86+x86_64 0.5.3 29.00 4.00 33.00 ERROR
r-patched-linux-x86_64 0.5.3 15.75 221.73 237.48 OK
r-patched-solaris-x86 0.5.3 413.70 NOTE
r-release-linux-x86_64 0.5.3 15.94 213.15 229.09 OK
r-release-windows-ix86+x86_64 0.5.3 27.00 4.00 31.00 ERROR
r-release-osx-x86_64 0.5.3 ERROR
r-oldrel-windows-ix86+x86_64 0.5.3 34.00 7.00 41.00 ERROR
r-oldrel-osx-x86_64 0.5.3 ERROR

Check Details

Version: 0.5.3
Check: data for non-ASCII characters
Result: NOTE
     Note: found 40588 marked UTF-8 strings
Flavors: r-devel-linux-x86_64-fedora-clang, r-devel-linux-x86_64-fedora-gcc, r-patched-solaris-x86

Version: 0.5.3
Check: whether package can be installed
Result: ERROR
    Installation failed.
Flavors: r-devel-windows-ix86+x86_64, r-release-windows-ix86+x86_64, r-oldrel-windows-ix86+x86_64

Version: 0.5.3
Check: package dependencies
Result: ERROR
    Packages required but not available: ‘gWidgetsRGtk2’ ‘RGtk2’
    
    See section ‘The DESCRIPTION file’ in the ‘Writing R Extensions’
    manual.
Flavor: r-release-osx-x86_64

Version: 0.5.3
Check: package dependencies
Result: ERROR
    Packages required but not available: ‘stacomirtools’ ‘RODBC’
    
    See section ‘The DESCRIPTION file’ in the ‘Writing R Extensions’
    manual.
Flavor: r-oldrel-osx-x86_64