CRAN Package Check Results for Package stacomiR

Last updated on 2019-05-21 10:48:39 CEST.

Flavor Version Tinstall Tcheck Ttotal Status Flags
r-devel-linux-x86_64-debian-clang 0.5.4.2 29.67 279.49 309.16 OK
r-devel-linux-x86_64-debian-gcc 0.5.4.2 24.75 216.87 241.62 OK
r-devel-linux-x86_64-fedora-clang 0.5.4.2 357.19 WARN
r-devel-linux-x86_64-fedora-gcc 0.5.4.2 342.72 WARN
r-devel-windows-ix86+x86_64 0.5.4.2 66.00 434.00 500.00 OK
r-patched-linux-x86_64 0.5.4.2 26.50 271.90 298.40 OK
r-patched-solaris-x86 0.5.4.2 539.10 WARN
r-release-linux-x86_64 0.5.4.2 30.07 269.06 299.13 OK
r-release-windows-ix86+x86_64 0.5.4.2 74.00 440.00 514.00 OK
r-release-osx-x86_64 0.5.4.2 ERROR
r-oldrel-windows-ix86+x86_64 0.5.4.2 34.00 249.00 283.00 OK
r-oldrel-osx-x86_64 0.5.4.2 ERROR

Check Details

Version: 0.5.4.2
Check: data for non-ASCII characters
Result: NOTE
     Note: found 40588 marked UTF-8 strings
Flavors: r-devel-linux-x86_64-fedora-clang, r-devel-linux-x86_64-fedora-gcc, r-patched-solaris-x86

Version: 0.5.4.2
Check: re-building of vignette outputs
Result: WARN
    Error(s) in re-building vignettes:
    --- re-building ‘stacomir.Rmd’ using rmarkdown
    Quitting from lines 281-303 (stacomir.Rmd)
    Error: processing vignette 'stacomir.Rmd' failed with diagnostics:
    round(sum(datasub$value, na.rm = TRUE), 2) and round(sum(datasub2$value, na.rm = TRUE), 2) are not equal:
     Mean relative difference: 0.000996741
    --- failed re-building ‘stacomir.Rmd’
    
    SUMMARY: processing the following file failed:
     ‘stacomir.Rmd’
    
    Error: Vignette re-building failed.
    Execution halted
Flavors: r-devel-linux-x86_64-fedora-clang, r-devel-linux-x86_64-fedora-gcc

Version: 0.5.4.2
Check: re-building of vignette outputs
Result: WARN
    Error(s) in re-building vignettes:
     ...
    --- re-building ‘stacomir.Rmd’ using rmarkdown
    Warning in engine$weave(file, quiet = quiet, encoding = enc) :
     Pandoc (>= 1.12.3) and/or pandoc-citeproc not available. Falling back to R Markdown v1.
    Quitting from lines 281-303 (stacomir.Rmd)
    Error: processing vignette 'stacomir.Rmd' failed with diagnostics:
    round(sum(datasub$value, na.rm = TRUE), 2) and round(sum(datasub2$value, na.rm = TRUE), 2) are not equal:
     Mean relative difference: 0.000996741
    --- failed re-building ‘stacomir.Rmd’
    
    SUMMARY: processing the following file failed:
     ‘stacomir.Rmd’
    
    Error: Vignette re-building failed.
    Execution halted
Flavor: r-patched-solaris-x86

Version: 0.5.4.2
Check: package dependencies
Result: ERROR
    Packages required but not available: 'gWidgetsRGtk2', 'RGtk2'
    
    See section ‘The DESCRIPTION file’ in the ‘Writing R Extensions’
    manual.
Flavor: r-release-osx-x86_64

Version: 0.5.4.2
Check: package dependencies
Result: ERROR
    Packages required but not available: ‘gWidgetsRGtk2’ ‘RGtk2’
    
    See section ‘The DESCRIPTION file’ in the ‘Writing R Extensions’
    manual.
Flavor: r-oldrel-osx-x86_64