CRAN Package Check Results for Package stacomiR

Last updated on 2017-08-24 10:47:52.

Flavor Version Tinstall Tcheck Ttotal Status Flags
r-devel-linux-x86_64-debian-clang 0.5.3 10.62 122.38 133.00 OK
r-devel-linux-x86_64-debian-gcc 0.5.3 10.25 121.12 131.37 OK
r-devel-linux-x86_64-fedora-clang 0.5.3 275.41 NOTE
r-devel-linux-x86_64-fedora-gcc 0.5.3 269.80 NOTE
r-devel-windows-ix86+x86_64 0.5.3 28.00 188.00 216.00 OK
r-patched-linux-x86_64 0.5.3 10.69 127.66 138.35 OK
r-patched-solaris-x86 0.5.3 426.90 NOTE
r-release-linux-x86_64 0.5.3 11.66 133.80 145.46 OK
r-release-windows-ix86+x86_64 0.5.3 31.00 225.00 256.00 OK
r-release-osx-x86_64 0.5.3 ERROR
r-oldrel-windows-ix86+x86_64 0.5.3 57.00 263.00 320.00 OK
r-oldrel-osx-x86_64 0.5.3 ERROR

Check Details

Version: 0.5.3
Check: data for non-ASCII characters
Result: NOTE
     Note: found 40588 marked UTF-8 strings
Flavors: r-devel-linux-x86_64-fedora-clang, r-devel-linux-x86_64-fedora-gcc, r-patched-solaris-x86

Version: 0.5.3
Check: package dependencies
Result: ERROR
    Packages required but not available: ‘gWidgetsRGtk2’ ‘RGtk2’
    
    See section ‘The DESCRIPTION file’ in the ‘Writing R Extensions’
    manual.
Flavor: r-release-osx-x86_64

Version: 0.5.3
Check: package dependencies
Result: ERROR
    Packages required but not available: ‘stacomirtools’ ‘RODBC’
    
    See section ‘The DESCRIPTION file’ in the ‘Writing R Extensions’
    manual.
Flavor: r-oldrel-osx-x86_64