CRAN Package Check Results for Package stacomiR

Last updated on 2017-10-22 20:47:35.

Flavor Version Tinstall Tcheck Ttotal Status Flags
r-devel-linux-x86_64-debian-clang 0.5.3 10.75 126.76 137.50 OK
r-devel-linux-x86_64-debian-gcc 0.5.3 12.48 134.45 146.93 OK
r-devel-linux-x86_64-fedora-clang 0.5.3 285.35 NOTE
r-devel-linux-x86_64-fedora-gcc 0.5.3 291.21 NOTE
r-devel-windows-ix86+x86_64 0.5.3 33.00 207.00 240.00 OK
r-patched-linux-x86_64 0.5.3 11.75 126.48 138.23 OK
r-patched-solaris-x86 0.5.3 417.70 NOTE
r-release-linux-x86_64 0.5.3 11.94 126.36 138.30 OK
r-release-windows-ix86+x86_64 0.5.3 50.00 226.00 276.00 OK
r-release-osx-x86_64 0.5.3 ERROR
r-oldrel-windows-ix86+x86_64 0.5.3 37.00 274.00 311.00 OK
r-oldrel-osx-x86_64 0.5.3 ERROR

Check Details

Version: 0.5.3
Check: data for non-ASCII characters
Result: NOTE
     Note: found 40588 marked UTF-8 strings
Flavors: r-devel-linux-x86_64-fedora-clang, r-devel-linux-x86_64-fedora-gcc, r-patched-solaris-x86

Version: 0.5.3
Check: package dependencies
Result: ERROR
    Packages required but not available: ‘gWidgetsRGtk2’ ‘RGtk2’
    
    See section ‘The DESCRIPTION file’ in the ‘Writing R Extensions’
    manual.
Flavor: r-release-osx-x86_64

Version: 0.5.3
Check: package dependencies
Result: ERROR
    Packages required but not available: ‘stacomirtools’ ‘RODBC’
    
    See section ‘The DESCRIPTION file’ in the ‘Writing R Extensions’
    manual.
Flavor: r-oldrel-osx-x86_64