CRAN Package Check Results for Package stacomiR

Last updated on 2018-06-24 17:48:35 CEST.

Flavor Version Tinstall Tcheck Ttotal Status Flags
r-devel-linux-x86_64-debian-clang 0.5.3.1 26.46 232.34 258.80 OK
r-devel-linux-x86_64-debian-gcc 0.5.3.1 21.85 181.66 203.51 OK
r-devel-linux-x86_64-fedora-clang 0.5.3.1 299.20 NOTE
r-devel-linux-x86_64-fedora-gcc 0.5.3.1 286.49 NOTE
r-devel-windows-ix86+x86_64 0.5.3.1 47.00 240.00 287.00 OK
r-patched-linux-x86_64 0.5.3.1 20.08 201.13 221.21 OK
r-patched-solaris-x86 0.5.3.1 404.30 NOTE
r-release-linux-x86_64 0.5.3.1 20.12 199.43 219.55 OK
r-release-windows-ix86+x86_64 0.5.3.1 51.00 190.00 241.00 OK
r-release-osx-x86_64 0.5.3.1 ERROR
r-oldrel-windows-ix86+x86_64 0.5.3.1 50.00 209.00 259.00 OK
r-oldrel-osx-x86_64 0.5.3.1 ERROR

Check Details

Version: 0.5.3.1
Check: data for non-ASCII characters
Result: NOTE
     Note: found 40588 marked UTF-8 strings
Flavors: r-devel-linux-x86_64-fedora-clang, r-devel-linux-x86_64-fedora-gcc, r-patched-solaris-x86

Version: 0.5.3.1
Check: package dependencies
Result: ERROR
    Packages required but not available: ‘gWidgetsRGtk2’ ‘RGtk2’
    
    See section ‘The DESCRIPTION file’ in the ‘Writing R Extensions’
    manual.
Flavors: r-release-osx-x86_64, r-oldrel-osx-x86_64