CRAN Package Check Results for Package stacomiR

Last updated on 2019-02-16 22:46:45 CET.

Flavor Version Tinstall Tcheck Ttotal Status Flags
r-devel-linux-x86_64-debian-clang 0.5.4.1 23.23 285.54 308.77 OK
r-devel-linux-x86_64-debian-gcc 0.5.4.1 19.15 214.84 233.99 OK
r-devel-linux-x86_64-fedora-clang 0.5.4.1 376.02 WARN
r-devel-linux-x86_64-fedora-gcc 0.5.4.1 336.05 WARN
r-devel-windows-ix86+x86_64 0.5.4.1 54.00 390.00 444.00 OK
r-patched-linux-x86_64 0.5.4.1 23.18 264.57 287.75 OK
r-patched-solaris-x86 0.5.4.1 532.70 WARN
r-release-linux-x86_64 0.5.4.1 OK
r-release-windows-ix86+x86_64 0.5.4.1 36.00 374.00 410.00 OK
r-release-osx-x86_64 0.5.4.1 ERROR
r-oldrel-windows-ix86+x86_64 0.5.3.1 30.00 303.00 333.00 OK
r-oldrel-osx-x86_64 0.5.4.1 ERROR

Check Details

Version: 0.5.4.1
Check: data for non-ASCII characters
Result: NOTE
     Note: found 40588 marked UTF-8 strings
Flavors: r-devel-linux-x86_64-fedora-clang, r-devel-linux-x86_64-fedora-gcc, r-patched-solaris-x86

Version: 0.5.4.1
Check: re-building of vignette outputs
Result: WARN
    Error(s) in re-building vignettes:
    --- re-building ‘stacomir.Rmd’ using rmarkdown
    Quitting from lines 281-303 (stacomir.Rmd)
    Error: processing vignette 'stacomir.Rmd' failed with diagnostics:
    sum(datasub$value, na.rm = TRUE) and sum(datasub2$value, na.rm = TRUE) are not equal:
     Mean relative difference: 0.000996791
    --- failed re-building ‘stacomir.Rmd’
    
    SUMMARY: processing the following file failed:
     ‘stacomir.Rmd’
    
    Error: Vignette re-building failed.
    Execution halted
Flavors: r-devel-linux-x86_64-fedora-clang, r-devel-linux-x86_64-fedora-gcc

Version: 0.5.4.1
Check: re-building of vignette outputs
Result: WARN
    Error in re-building vignettes:
     ...
    Warning in engine$weave(file, quiet = quiet, encoding = enc) :
     Pandoc (>= 1.12.3) and/or pandoc-citeproc not available. Falling back to R Markdown v1.
    Quitting from lines 281-303 (stacomir.Rmd)
    Error: processing vignette 'stacomir.Rmd' failed with diagnostics:
    sum(datasub$value, na.rm = TRUE) and sum(datasub2$value, na.rm = TRUE) are not equal:
     Mean relative difference: 0.000996791
    Execution halted
Flavor: r-patched-solaris-x86

Version: 0.5.4.1
Check: package dependencies
Result: ERROR
    Packages required but not available: ‘gWidgetsRGtk2’ ‘RGtk2’
    
    See section ‘The DESCRIPTION file’ in the ‘Writing R Extensions’
    manual.
Flavors: r-release-osx-x86_64, r-oldrel-osx-x86_64