CRAN Package Check Results for Package stacomiR

Last updated on 2018-08-15 16:50:01 CEST.

Flavor Version Tinstall Tcheck Ttotal Status Flags
r-devel-linux-x86_64-debian-clang 0.5.3.1 23.38 237.02 260.40 OK
r-devel-linux-x86_64-debian-gcc 0.5.3.1 20.72 185.35 206.07 OK
r-devel-linux-x86_64-fedora-clang 0.5.3.1 302.87 NOTE
r-devel-linux-x86_64-fedora-gcc 0.5.3.1 295.54 NOTE
r-devel-windows-ix86+x86_64 0.5.3.1 36.00 237.00 273.00 OK
r-patched-linux-x86_64 0.5.3.1 21.84 201.05 222.89 OK
r-patched-solaris-x86 0.5.3.1 413.00 NOTE
r-release-linux-x86_64 0.5.3.1 22.23 201.32 223.55 OK
r-release-windows-ix86+x86_64 0.5.3.1 36.00 279.00 315.00 OK
r-release-osx-x86_64 0.5.3.1 ERROR
r-oldrel-windows-ix86+x86_64 0.5.3.1 43.00 302.00 345.00 OK
r-oldrel-osx-x86_64 0.5.3.1 ERROR

Check Details

Version: 0.5.3.1
Check: data for non-ASCII characters
Result: NOTE
     Note: found 40588 marked UTF-8 strings
Flavors: r-devel-linux-x86_64-fedora-clang, r-devel-linux-x86_64-fedora-gcc, r-patched-solaris-x86

Version: 0.5.3.1
Check: package dependencies
Result: ERROR
    Packages required but not available: ‘gWidgetsRGtk2’ ‘RGtk2’
    
    See section ‘The DESCRIPTION file’ in the ‘Writing R Extensions’
    manual.
Flavors: r-release-osx-x86_64, r-oldrel-osx-x86_64