CRAN Package Check Results for Package stacomiR

Last updated on 2018-12-16 23:49:43 CET.

Flavor Version Tinstall Tcheck Ttotal Status Flags
r-devel-linux-x86_64-debian-clang 0.5.4.0 21.52 7.18 28.70 ERROR
r-devel-linux-x86_64-debian-gcc 0.5.4.0 18.76 4.25 23.01 ERROR
r-devel-linux-x86_64-fedora-clang 0.5.4.0 346.87 WARN
r-devel-linux-x86_64-fedora-gcc 0.5.4.0 332.79 WARN
r-devel-windows-ix86+x86_64 0.5.4.0 34.00 365.00 399.00 OK
r-patched-linux-x86_64 0.5.4.0 22.49 263.88 286.37 OK
r-patched-solaris-x86 0.5.4.0 525.10 WARN
r-release-linux-x86_64 0.5.4.0 15.94 261.17 277.11 OK
r-release-windows-ix86+x86_64 0.5.4.0 51.00 373.00 424.00 OK
r-release-osx-x86_64 0.5.4.0 ERROR
r-oldrel-windows-ix86+x86_64 0.5.3.1 30.00 303.00 333.00 OK
r-oldrel-osx-x86_64 0.5.4.0 ERROR

Check Details

Version: 0.5.4.0
Check: whether the package can be loaded
Result: ERROR
    Loading this package had a fatal error status code 1
    Loading log:
    Loading required package: stacomirtools
    Loading required package: RODBC
    Error: package or namespace load failed for ‘RODBC’ in dyn.load(file, DLLpath = DLLpath, ...):
     unable to load shared object ‘/home/hornik/tmp/R.check/r-devel-clang/Work/build/Packages/RODBC/libs/RODBC.so’:
     /home/hornik/tmp/R.check/r-devel-clang/Work/build/Packages/RODBC/libs/RODBC.so: failed to map segment from shared object
    Error: package ‘RODBC’ could not be loaded
    Execution halted
Flavor: r-devel-linux-x86_64-debian-clang

Version: 0.5.4.0
Check: whether the package can be loaded
Result: ERROR
    Loading this package had a fatal error status code 1
    Loading log:
    Loading required package: stacomirtools
    Loading required package: RODBC
    Error: package or namespace load failed for ‘RODBC’ in dyn.load(file, DLLpath = DLLpath, ...):
     unable to load shared object ‘/home/hornik/tmp/R.check/r-devel-gcc/Work/build/Packages/RODBC/libs/RODBC.so’:
     /home/hornik/tmp/R.check/r-devel-gcc/Work/build/Packages/RODBC/libs/RODBC.so: failed to map segment from shared object
    Error: package ‘RODBC’ could not be loaded
    Execution halted
Flavor: r-devel-linux-x86_64-debian-gcc

Version: 0.5.4.0
Check: data for non-ASCII characters
Result: NOTE
     Note: found 40588 marked UTF-8 strings
Flavors: r-devel-linux-x86_64-fedora-clang, r-devel-linux-x86_64-fedora-gcc, r-patched-solaris-x86

Version: 0.5.4.0
Check: re-building of vignette outputs
Result: WARN
    Error in re-building vignettes:
     ...
    Quitting from lines 281-303 (stacomir.Rmd)
    Error: processing vignette 'stacomir.Rmd' failed with diagnostics:
    sum(datasub$value, na.rm = TRUE) and sum(datasub2$value, na.rm = TRUE) are not equal:
     Mean relative difference: 0.000996791
    Execution halted
Flavors: r-devel-linux-x86_64-fedora-clang, r-devel-linux-x86_64-fedora-gcc

Version: 0.5.4.0
Check: re-building of vignette outputs
Result: WARN
    Error in re-building vignettes:
     ...
    Warning in engine$weave(file, quiet = quiet, encoding = enc) :
     Pandoc (>= 1.12.3) and/or pandoc-citeproc not available. Falling back to R Markdown v1.
    Quitting from lines 281-303 (stacomir.Rmd)
    Error: processing vignette 'stacomir.Rmd' failed with diagnostics:
    sum(datasub$value, na.rm = TRUE) and sum(datasub2$value, na.rm = TRUE) are not equal:
     Mean relative difference: 0.000996791
    Execution halted
Flavor: r-patched-solaris-x86

Version: 0.5.4.0
Check: package dependencies
Result: ERROR
    Packages required but not available: ‘gWidgetsRGtk2’ ‘RGtk2’
    
    See section ‘The DESCRIPTION file’ in the ‘Writing R Extensions’
    manual.
Flavors: r-release-osx-x86_64, r-oldrel-osx-x86_64