CRAN Package Check Results for Package stacomirtools

Last updated on 2014-04-23 12:48:29.

Flavor Version Tinstall Tcheck Ttotal Status Flags
r-devel-linux-x86_64-debian-clang 0.3 0.87 12.39 13.26 NOTE
r-devel-linux-x86_64-debian-gcc 0.3 0.87 12.56 13.43 NOTE
r-devel-linux-x86_64-fedora-clang 0.3 28.89 NOTE
r-devel-linux-x86_64-fedora-gcc 0.3 28.14 NOTE
r-devel-osx-x86_64-clang 0.3 28.79 NOTE
r-devel-osx-x86_64-gcc 0.3 NOTE
r-devel-windows-ix86+x86_64 0.3 3.00 20.00 23.00 NOTE
r-patched-linux-x86_64 0.3 0.86 11.98 12.84 NOTE
r-patched-solaris-sparc 0.3 148.60 NOTE
r-patched-solaris-x86 0.3 39.30 NOTE
r-release-linux-ix86 0.3 2.00 26.00 28.00 NOTE
r-release-linux-x86_64 0.3 0.86 12.02 12.88 NOTE
r-release-osx-x86_64-mavericks 0.3 ERROR
r-release-osx-x86_64-snowleopard 0.3 NOTE
r-release-windows-ix86+x86_64 0.3 6.00 22.00 28.00 NOTE
r-oldrel-windows-ix86+x86_64 0.3 3.00 23.00 26.00 NOTE

Check Details

Version: 0.3
Check: dependencies in R code
Result: NOTE
    Packages in Depends field not imported from:
     ‘RODBC’ ‘methods’ ‘xtable’
     These packages need to be imported from (in the NAMESPACE file)
     for when this namespace is loaded but not attached.
    See the information on DESCRIPTION files in the chapter ‘Creating R
    packages’ of the ‘Writing R Extensions’ manual.
Flavors: r-devel-linux-x86_64-debian-clang, r-devel-linux-x86_64-debian-gcc, r-devel-linux-x86_64-fedora-clang, r-devel-linux-x86_64-fedora-gcc, r-devel-osx-x86_64-clang, r-devel-osx-x86_64-gcc, r-devel-windows-ix86+x86_64, r-patched-linux-x86_64, r-patched-solaris-sparc, r-patched-solaris-x86, r-release-linux-ix86, r-release-linux-x86_64, r-release-windows-ix86+x86_64, r-oldrel-windows-ix86+x86_64

Version: 0.3
Check: R code for possible problems
Result: NOTE
    funhtml: no visible global function definition for ‘writeClipboard’
Flavors: r-devel-linux-x86_64-debian-clang, r-devel-linux-x86_64-debian-gcc, r-devel-linux-x86_64-fedora-clang, r-devel-linux-x86_64-fedora-gcc, r-devel-osx-x86_64-clang, r-devel-osx-x86_64-gcc, r-patched-linux-x86_64, r-patched-solaris-sparc, r-patched-solaris-x86, r-release-linux-ix86, r-release-linux-x86_64, r-release-osx-x86_64-snowleopard

Version: 0.3
Check: Rd line widths
Result: NOTE
    Rd file 'ConnectionODBC-class.Rd':
     \examples lines wider than 100 characters:
     # this is the mother class, you don't have to use it, please use requeteODBC and daughter class instead
    
    Rd file 'RequeteODBC-class.Rd':
     \examples lines wider than 100 characters:
     assign("showmerequest",1,envir_stacomi) # can be anything just tests the existence of "showmerequest" in envir_stacomi
    
    Rd file 'RequeteODBCwhere-class.Rd':
     \examples lines wider than 100 characters:
     # now objet@sql contains the syntax of the query. By changing the test variable, one can see how the
    
    Rd file 'funhtml.Rd':
     \usage lines wider than 90 characters:
     funhtml(data,caption=NULL,top=TRUE,outfile=NULL,clipboard=FALSE,append=TRUE,digits=NULL,...)
    
    These lines will be truncated in the PDF manual.
Flavors: r-devel-linux-x86_64-fedora-clang, r-devel-linux-x86_64-fedora-gcc

Version: 0.3
Check: package dependencies
Result: ERROR
    Package required but not available: ‘RODBC’
    
    See the information on DESCRIPTION files in the chapter ‘Creating R
    packages’ of the ‘Writing R Extensions’ manual.
Flavor: r-release-osx-x86_64-mavericks