CRAN Package Check Results for Package stacomirtools

Last updated on 2017-12-14 15:48:55 CET.

Flavor Version Tinstall Tcheck Ttotal Status Flags
r-devel-linux-x86_64-debian-clang 0.5.2 1.03 17.67 18.70 OK
r-devel-linux-x86_64-debian-gcc 0.5.2 0.77 16.72 17.49 OK
r-devel-linux-x86_64-fedora-clang 0.5.2 24.32 OK
r-devel-linux-x86_64-fedora-gcc 0.5.2 23.44 OK
r-devel-windows-ix86+x86_64 0.5.2 3.00 29.00 32.00 OK
r-patched-linux-x86_64 0.5.2 0.97 19.22 20.19 OK
r-patched-solaris-x86 0.5.2 35.00 OK
r-release-linux-x86_64 0.5.2 1.04 19.75 20.79 OK
r-release-windows-ix86+x86_64 0.5.2 3.00 42.00 45.00 OK
r-release-osx-x86_64 0.5.2 OK
r-oldrel-windows-ix86+x86_64 0.5.2 4.00 36.00 40.00 OK
r-oldrel-osx-x86_64 0.5.2 ERROR

Check Details

Version: 0.5.2
Check: package dependencies
Result: ERROR
    Package required but not available: ‘RODBC’
    
    See section ‘The DESCRIPTION file’ in the ‘Writing R Extensions’
    manual.
Flavor: r-oldrel-osx-x86_64