CRAN Package Check Results for Package stacomirtools

Last updated on 2017-01-18 12:55:04.

Flavor Version Tinstall Tcheck Ttotal Status Flags
r-devel-linux-x86_64-debian-clang 0.5.0 0.99 13.09 14.09 OK
r-devel-linux-x86_64-debian-gcc 0.5.0 0.81 12.94 13.75 OK
r-devel-linux-x86_64-fedora-clang 0.5.0 24.54 OK --no-stop-on-test-error
r-devel-linux-x86_64-fedora-gcc 0.5.0 30.33 OK --no-stop-on-test-error
r-devel-macos-x86_64-clang 0.5.0 20.47 OK --no-stop-on-test-error
r-devel-windows-ix86+x86_64 0.5.0 4.00 26.00 30.00 OK
r-patched-linux-x86_64 0.5.0 0.76 11.39 12.15 OK
r-patched-solaris-sparc 0.5.0 127.80 OK
r-patched-solaris-x86 0.5.0 34.20 OK
r-release-linux-x86_64 0.5.0 0.66 10.96 11.62 OK
r-release-osx-x86_64-mavericks 0.5.0 ERROR
r-release-windows-ix86+x86_64 0.5.0 3.00 45.00 48.00 OK
r-oldrel-windows-ix86+x86_64 0.5.0 3.00 36.00 39.00 OK

Check Details

Version: 0.5.0
Check: package dependencies
Result: ERROR
    Package required but not available: ‘RODBC’
    
    See section ‘The DESCRIPTION file’ in the ‘Writing R Extensions’
    manual.
Flavor: r-release-osx-x86_64-mavericks