CRAN Package Check Results for Package stacomirtools

Last updated on 2016-12-04 18:47:48.

Flavor Version Tinstall Tcheck Ttotal Status Flags
r-devel-linux-x86_64-debian-clang 0.5.0 0.92 12.97 13.89 OK
r-devel-linux-x86_64-debian-gcc 0.5.0 0.82 12.64 13.47 OK
r-devel-linux-x86_64-fedora-clang 0.5.0 26.22 OK --no-stop-on-test-error
r-devel-linux-x86_64-fedora-gcc 0.5.0 25.23 OK
r-devel-macos-x86_64-clang 0.5.0 21.18 OK
r-devel-windows-ix86+x86_64 0.5.0 3.00 31.00 34.00 OK
r-patched-linux-x86_64 0.5.0 0.81 11.04 11.85 OK
r-patched-solaris-sparc 0.5.0 118.20 OK
r-patched-solaris-x86 0.5.0 34.30 OK
r-release-linux-x86_64 0.5.0 0.68 11.01 11.70 OK
r-release-osx-x86_64-mavericks 0.5.0 ERROR
r-release-windows-ix86+x86_64 0.5.0 4.00 29.00 33.00 OK
r-oldrel-windows-ix86+x86_64 0.5.0 3.00 26.00 29.00 OK

Check Details

Version: 0.5.0
Check: package dependencies
Result: ERROR
    Package required but not available: ‘RODBC’
    
    See section ‘The DESCRIPTION file’ in the ‘Writing R Extensions’
    manual.
Flavor: r-release-osx-x86_64-mavericks