CRAN Package Check Results for Package stacomirtools

Last updated on 2014-12-18 21:47:21.

Flavor Version Tinstall Tcheck Ttotal Status Flags
r-devel-linux-x86_64-debian-clang 0.3 0.79 12.45 13.24 NOTE
r-devel-linux-x86_64-debian-gcc 0.3 0.77 12.45 13.22 NOTE
r-devel-linux-x86_64-fedora-clang 0.3 28.28 NOTE
r-devel-linux-x86_64-fedora-gcc 0.3 28.06 NOTE
r-devel-osx-x86_64-clang 0.3 27.72 NOTE
r-devel-windows-ix86+x86_64 0.3 4.00 28.00 32.00 NOTE
r-patched-linux-x86_64 0.3 0.80 12.38 13.18 NOTE
r-patched-solaris-sparc 0.3 147.10 NOTE
r-patched-solaris-x86 0.3 39.40 NOTE
r-release-linux-ix86 0.3 1.12 17.90 19.02 NOTE
r-release-linux-x86_64 0.3 0.80 12.25 13.05 NOTE
r-release-osx-x86_64-mavericks 0.3 ERROR
r-release-osx-x86_64-snowleopard 0.3 NOTE
r-release-windows-ix86+x86_64 0.3 3.00 30.00 33.00 NOTE
r-oldrel-windows-ix86+x86_64 0.3 3.00 22.00 25.00 NOTE

Check Details

Version: 0.3
Check: dependencies in R code
Result: NOTE
    Packages in Depends field not imported from:
     ‘RODBC’ ‘methods’ ‘xtable’
     These packages need to be imported from (in the NAMESPACE file)
     for when this namespace is loaded but not attached.
    See the information on DESCRIPTION files in the chapter ‘Creating R
    packages’ of the ‘Writing R Extensions’ manual.
Flavors: r-devel-linux-x86_64-debian-clang, r-devel-linux-x86_64-debian-gcc, r-devel-linux-x86_64-fedora-clang, r-devel-linux-x86_64-fedora-gcc, r-devel-osx-x86_64-clang, r-devel-windows-ix86+x86_64, r-patched-linux-x86_64, r-patched-solaris-sparc, r-patched-solaris-x86, r-release-linux-ix86, r-release-linux-x86_64, r-release-windows-ix86+x86_64, r-oldrel-windows-ix86+x86_64

Version: 0.3
Check: R code for possible problems
Result: NOTE
    funhtml: no visible global function definition for ‘xtable’
    funhtml: no visible global function definition for ‘writeClipboard’
Flavors: r-devel-linux-x86_64-debian-clang, r-devel-linux-x86_64-debian-gcc, r-devel-linux-x86_64-fedora-clang, r-devel-linux-x86_64-fedora-gcc, r-devel-osx-x86_64-clang, r-patched-linux-x86_64, r-patched-solaris-sparc, r-patched-solaris-x86, r-release-linux-ix86, r-release-linux-x86_64

Version: 0.3
Check: Rd line widths
Result: NOTE
    Rd file 'ConnectionODBC-class.Rd':
     \examples lines wider than 100 characters:
     # this is the mother class, you don't have to use it, please use requeteODBC and daughter class instead
    
    Rd file 'RequeteODBC-class.Rd':
     \examples lines wider than 100 characters:
     assign("showmerequest",1,envir_stacomi) # can be anything just tests the existence of "showmerequest" in envir_stacomi
    
    Rd file 'RequeteODBCwhere-class.Rd':
     \examples lines wider than 100 characters:
     # now objet@sql contains the syntax of the query. By changing the test variable, one can see how the
    
    Rd file 'funhtml.Rd':
     \usage lines wider than 90 characters:
     funhtml(data,caption=NULL,top=TRUE,outfile=NULL,clipboard=FALSE,append=TRUE,digits=NULL,...)
    
    These lines will be truncated in the PDF manual.
Flavors: r-devel-linux-x86_64-debian-clang, r-devel-linux-x86_64-debian-gcc, r-devel-linux-x86_64-fedora-clang, r-devel-linux-x86_64-fedora-gcc, r-patched-linux-x86_64, r-release-linux-x86_64

Version: 0.3
Check: R code for possible problems
Result: NOTE
    funhtml: no visible global function definition for 'xtable'
Flavors: r-devel-windows-ix86+x86_64, r-release-windows-ix86+x86_64

Version: 0.3
Check: package dependencies
Result: ERROR
    Package required but not available: ‘RODBC’
    
    See the information on DESCRIPTION files in the chapter ‘Creating R
    packages’ of the ‘Writing R Extensions’ manual.
Flavor: r-release-osx-x86_64-mavericks

Version: 0.3
Check: R code for possible problems
Result: NOTE
    funhtml: no visible global function definition for 'writeClipboard'
Flavor: r-release-osx-x86_64-snowleopard