CRAN Package Check Results for Package stacomirtools

Last updated on 2017-08-16 20:48:32.

Flavor Version Tinstall Tcheck Ttotal Status Flags
r-devel-linux-x86_64-debian-clang 0.5.2 0.83 13.29 14.13 OK
r-devel-linux-x86_64-debian-gcc 0.5.2 0.85 14.09 14.95 OK
r-devel-linux-x86_64-fedora-clang 0.5.2 24.00 OK
r-devel-linux-x86_64-fedora-gcc 0.5.2 26.49 OK
r-devel-windows-ix86+x86_64 0.5.2 3.00 26.00 29.00 OK
r-patched-linux-x86_64 0.5.2 0.94 13.25 14.19 OK
r-patched-solaris-x86 0.5.2 34.90 OK
r-release-linux-x86_64 0.5.2 0.83 14.90 15.73 OK
r-release-windows-ix86+x86_64 0.5.2 3.00 42.00 45.00 OK
r-release-osx-x86_64 0.5.2 OK
r-oldrel-windows-ix86+x86_64 0.5.2 4.00 24.00 28.00 OK
r-oldrel-osx-x86_64 0.5.2 ERROR

Check Details

Version: 0.5.2
Check: package dependencies
Result: ERROR
    Package required but not available: ‘RODBC’
    
    See section ‘The DESCRIPTION file’ in the ‘Writing R Extensions’
    manual.
Flavor: r-oldrel-osx-x86_64