CRAN Package Check Results for Package stacomirtools

Last updated on 2016-08-31 17:47:58.

Flavor Version Tinstall Tcheck Ttotal Status Flags
r-devel-linux-x86_64-debian-clang 0.5.0 0.70 11.32 12.02 OK
r-devel-linux-x86_64-debian-gcc 0.5.0 0.74 10.94 11.67 OK
r-devel-linux-x86_64-fedora-clang 0.5.0 19.76 OK
r-devel-linux-x86_64-fedora-gcc 0.5.0 18.79 OK
r-devel-osx-x86_64-clang 0.5.0 17.59 OK
r-devel-windows-ix86+x86_64 0.5.0 4.00 34.00 38.00 OK
r-patched-linux-x86_64 0.5.0 0.72 11.21 11.93 OK
r-patched-solaris-sparc 0.5.0 118.20 OK
r-patched-solaris-x86 0.5.0 28.50 OK
r-release-linux-x86_64 0.5.0 0.68 10.93 11.61 OK
r-release-osx-x86_64-mavericks 0.5.0 ERROR
r-release-windows-ix86+x86_64 0.5.0 4.00 42.00 46.00 OK
r-oldrel-windows-ix86+x86_64 0.5.0 4.00 35.00 39.00 OK

Check Details

Version: 0.5.0
Check: package dependencies
Result: ERROR
    Package required but not available: ‘RODBC’
    
    See section ‘The DESCRIPTION file’ in the ‘Writing R Extensions’
    manual.
Flavor: r-release-osx-x86_64-mavericks