CRAN Package Check Results for Package stacomirtools

Last updated on 2016-09-29 08:12:48.

Flavor Version Tinstall Tcheck Ttotal Status Flags
r-devel-linux-x86_64-debian-clang 0.5.0 0.70 11.09 11.79 OK
r-devel-linux-x86_64-debian-gcc 0.5.0 0.67 10.82 11.49 OK
r-devel-linux-x86_64-fedora-clang 0.5.0 20.56 OK
r-devel-linux-x86_64-fedora-gcc 0.5.0 19.47 OK
r-devel-macos-x86_64-clang 0.5.0 17.86 OK
r-devel-windows-ix86+x86_64 0.5.0 4.00 37.00 41.00 OK
r-patched-linux-x86_64 0.5.0 0.67 10.92 11.59 OK
r-patched-solaris-sparc 0.5.0 118.20 OK
r-patched-solaris-x86 0.5.0 32.80 OK
r-release-linux-x86_64 0.5.0 0.72 10.76 11.47 OK
r-release-osx-x86_64-mavericks 0.5.0 ERROR
r-release-windows-ix86+x86_64 0.5.0 5.00 38.00 43.00 OK
r-oldrel-windows-ix86+x86_64 0.5.0 5.00 35.00 40.00 OK

Check Details

Version: 0.5.0
Check: package dependencies
Result: ERROR
    Package required but not available: ‘RODBC’
    
    See section ‘The DESCRIPTION file’ in the ‘Writing R Extensions’
    manual.
Flavor: r-release-osx-x86_64-mavericks