CRAN Package Check Results for Package stacomirtools

Last updated on 2017-10-17 19:48:15.

Flavor Version Tinstall Tcheck Ttotal Status Flags
r-devel-linux-x86_64-debian-clang 0.5.2 1.01 15.06 16.07 OK
r-devel-linux-x86_64-debian-gcc 0.5.2 0.90 14.44 15.34 OK
r-devel-linux-x86_64-fedora-clang 0.5.2 24.48 OK
r-devel-linux-x86_64-fedora-gcc 0.5.2 24.24 OK
r-devel-windows-ix86+x86_64 0.5.2 3.00 44.00 47.00 OK
r-patched-linux-x86_64 0.5.2 0.84 13.46 14.29 OK
r-patched-solaris-x86 0.5.2 34.70 OK
r-release-linux-x86_64 0.5.2 0.94 13.92 14.86 OK
r-release-windows-ix86+x86_64 0.5.2 5.00 40.00 45.00 OK
r-release-osx-x86_64 0.5.2 OK
r-oldrel-windows-ix86+x86_64 0.5.2 4.00 39.00 43.00 OK
r-oldrel-osx-x86_64 0.5.2 ERROR

Check Details

Version: 0.5.2
Check: package dependencies
Result: ERROR
    Package required but not available: ‘RODBC’
    
    See section ‘The DESCRIPTION file’ in the ‘Writing R Extensions’
    manual.
Flavor: r-oldrel-osx-x86_64