CRAN Package Check Results for Package stacomirtools

Last updated on 2017-06-22 15:48:57.

Flavor Version Tinstall Tcheck Ttotal Status Flags
r-devel-linux-x86_64-debian-clang 0.5.0 0.82 16.01 16.83 OK
r-devel-linux-x86_64-debian-gcc 0.5.0 0.86 14.89 15.75 OK
r-devel-linux-x86_64-fedora-clang 0.5.0 24.91 OK
r-devel-linux-x86_64-fedora-gcc 0.5.0 22.62 OK
r-devel-windows-ix86+x86_64 0.5.0 4.00 39.00 43.00 OK
r-patched-linux-x86_64 0.5.0 0.89 13.21 14.10 OK
r-patched-solaris-sparc 0.5.0 145.40 OK
r-patched-solaris-x86 0.5.0 33.70 OK
r-release-linux-x86_64 0.5.0 0.94 13.89 14.83 OK
r-release-windows-ix86+x86_64 0.5.0 5.00 43.00 48.00 OK
r-release-osx-x86_64 0.5.0 OK
r-oldrel-windows-ix86+x86_64 0.5.0 5.00 28.00 33.00 OK
r-oldrel-osx-x86_64 0.5.0 ERROR

Check Details

Version: 0.5.0
Check: package dependencies
Result: ERROR
    Package required but not available: ‘RODBC’
    
    See section ‘The DESCRIPTION file’ in the ‘Writing R Extensions’
    manual.
Flavor: r-oldrel-osx-x86_64