CRAN Package Check Results for Package stacomirtools

Last updated on 2015-08-27 22:49:11.

Flavor Version Tinstall Tcheck Ttotal Status Flags
r-devel-linux-x86_64-debian-clang 0.3 0.66 10.99 11.65 NOTE
r-devel-linux-x86_64-debian-gcc 0.3 0.83 10.62 11.45 NOTE
r-devel-linux-x86_64-fedora-clang 0.3 22.38 NOTE
r-devel-linux-x86_64-fedora-gcc 0.3 21.71 NOTE
r-devel-osx-x86_64-clang 0.3 22.63 NOTE
r-devel-windows-ix86+x86_64 0.3 6.00 27.00 33.00 NOTE
r-patched-linux-x86_64 0.3 0.70 11.25 11.95 NOTE
r-patched-solaris-sparc 0.3 138.50 NOTE
r-patched-solaris-x86 0.3 33.80 NOTE
r-release-linux-x86_64 0.3 0.70 11.24 11.95 NOTE
r-release-osx-x86_64-mavericks 0.3 ERROR
r-release-windows-ix86+x86_64 0.3 6.00 21.00 27.00 NOTE
r-oldrel-windows-ix86+x86_64 0.3 6.00 22.00 28.00 NOTE

Check Details

Version: 0.3
Check: dependencies in R code
Result: NOTE
    Packages in Depends field not imported from:
     ‘RODBC’ ‘methods’ ‘xtable’
     These packages need to be imported from (in the NAMESPACE file)
     for when this namespace is loaded but not attached.
Flavors: r-devel-linux-x86_64-debian-clang, r-devel-linux-x86_64-debian-gcc, r-devel-linux-x86_64-fedora-clang, r-devel-linux-x86_64-fedora-gcc, r-devel-osx-x86_64-clang, r-devel-windows-ix86+x86_64, r-patched-linux-x86_64, r-patched-solaris-sparc, r-patched-solaris-x86, r-release-linux-x86_64, r-release-windows-ix86+x86_64, r-oldrel-windows-ix86+x86_64

Version: 0.3
Check: R code for possible problems
Result: NOTE
    ex: no visible global function definition for ‘select.list’
    ex: no visible global function definition for ‘write.table’
    funhtml: no visible global function definition for ‘xtable’
    funhtml: no visible global function definition for ‘writeClipboard’
    coerce,RequeteODBCwhere-RequeteODBC: no visible global function
     definition for ‘new’
    coerce,RequeteODBCwheredate-RequeteODBCwhere: no visible global
     function definition for ‘new’
    coerce<-,RequeteODBCwhere-RequeteODBC: no visible global function
     definition for ‘slot<-’
    coerce<-,RequeteODBCwhere-RequeteODBC: no visible global function
     definition for ‘slot’
    coerce<-,RequeteODBCwheredate-RequeteODBCwhere: no visible global
     function definition for ‘slot<-’
    coerce<-,RequeteODBCwheredate-RequeteODBCwhere: no visible global
     function definition for ‘slot’
    connect,ConnectionODBC: no visible global function definition for
     ‘funout’
    connect,ConnectionODBC: no visible binding for global variable
     ‘envir_stacomi’
    connect,RequeteODBC: no visible binding for global variable
     ‘envir_stacomi’
    connect,RequeteODBC: no visible global function definition for
     ‘odbcClose’
    connect,RequeteODBC: no visible binding for global variable ‘query’
    connect,RequeteODBCwhere: no visible global function definition for
     ‘as’
    connect,RequeteODBCwheredate: no visible global function definition for
     ‘as’
    Undefined global functions or variables:
     as envir_stacomi funout new odbcClose query select.list slot slot<-
     write.table writeClipboard xtable
    Consider adding
     importFrom("methods", "as", "new", "slot", "slot<-")
     importFrom("utils", "select.list", "write.table")
    to your NAMESPACE (and ensure that your DESCRIPTION Imports field
    contains 'methods').
Flavors: r-devel-linux-x86_64-debian-clang, r-devel-linux-x86_64-debian-gcc, r-devel-linux-x86_64-fedora-clang, r-devel-linux-x86_64-fedora-gcc

Version: 0.3
Check: Rd line widths
Result: NOTE
    Rd file 'ConnectionODBC-class.Rd':
     \examples lines wider than 100 characters:
     # this is the mother class, you don't have to use it, please use requeteODBC and daughter class instead
    
    Rd file 'RequeteODBC-class.Rd':
     \examples lines wider than 100 characters:
     assign("showmerequest",1,envir_stacomi) # can be anything just tests the existence of "showmerequest" in envir_stacomi
    
    Rd file 'RequeteODBCwhere-class.Rd':
     \examples lines wider than 100 characters:
     # now objet@sql contains the syntax of the query. By changing the test variable, one can see how the
    
    Rd file 'funhtml.Rd':
     \usage lines wider than 90 characters:
     funhtml(data,caption=NULL,top=TRUE,outfile=NULL,clipboard=FALSE,append=TRUE,digits=NULL,...)
    
    These lines will be truncated in the PDF manual.
Flavors: r-devel-linux-x86_64-debian-clang, r-devel-linux-x86_64-debian-gcc, r-devel-linux-x86_64-fedora-clang, r-devel-linux-x86_64-fedora-gcc, r-patched-linux-x86_64, r-release-linux-x86_64

Version: 0.3
Check: R code for possible problems
Result: NOTE
    funhtml: no visible global function definition for ‘xtable’
    funhtml: no visible global function definition for ‘writeClipboard’
    connect,ConnectionODBC: no visible global function definition for
     ‘funout’
    connect,ConnectionODBC: no visible binding for global variable
     ‘envir_stacomi’
    connect,RequeteODBC: no visible binding for global variable
     ‘envir_stacomi’
    connect,RequeteODBC: no visible global function definition for
     ‘odbcClose’
    connect,RequeteODBC: no visible binding for global variable ‘query’
    Undefined global functions or variables:
     envir_stacomi funout odbcClose query writeClipboard xtable
Flavor: r-devel-osx-x86_64-clang

Version: 0.3
Check: R code for possible problems
Result: NOTE
    ex: no visible global function definition for 'select.list'
    ex: no visible global function definition for 'write.table'
    funhtml: no visible global function definition for 'xtable'
    funhtml: no visible global function definition for 'writeClipboard'
    coerce,RequeteODBCwhere-RequeteODBC: no visible global function
     definition for 'new'
    coerce,RequeteODBCwheredate-RequeteODBCwhere: no visible global
     function definition for 'new'
    coerce<-,RequeteODBCwhere-RequeteODBC: no visible global function
     definition for 'slot<-'
    coerce<-,RequeteODBCwhere-RequeteODBC: no visible global function
     definition for 'slot'
    coerce<-,RequeteODBCwheredate-RequeteODBCwhere: no visible global
     function definition for 'slot<-'
    coerce<-,RequeteODBCwheredate-RequeteODBCwhere: no visible global
     function definition for 'slot'
    connect,ConnectionODBC: no visible global function definition for
     'funout'
    connect,ConnectionODBC: no visible binding for global variable
     'envir_stacomi'
    connect,RequeteODBC: no visible binding for global variable
     'envir_stacomi'
    connect,RequeteODBC: no visible global function definition for
     'odbcClose'
    connect,RequeteODBC: no visible binding for global variable 'query'
    connect,RequeteODBCwhere: no visible global function definition for
     'as'
    connect,RequeteODBCwheredate: no visible global function definition for
     'as'
    Undefined global functions or variables:
     as envir_stacomi funout new odbcClose query select.list slot slot<-
     write.table writeClipboard xtable
    Consider adding
     importFrom("methods", "as", "new", "slot", "slot<-")
     importFrom("utils", "select.list", "write.table", "writeClipboard")
    to your NAMESPACE (and ensure that your DESCRIPTION Imports field
    contains 'methods').
Flavor: r-devel-windows-ix86+x86_64

Version: 0.3
Check: R code for possible problems
Result: NOTE
    funhtml: no visible global function definition for ‘xtable’
    funhtml: no visible global function definition for ‘writeClipboard’
    connect,ConnectionODBC : .local: no visible global function definition
     for ‘funout’
    connect,ConnectionODBC : .local: no visible binding for global variable
     ‘envir_stacomi’
    connect,RequeteODBC : .local: no visible binding for global variable
     ‘envir_stacomi’
    connect,RequeteODBC : .local: no visible global function definition for
     ‘odbcClose’
    connect,RequeteODBC : .local: no visible binding for global variable
     ‘query’
Flavors: r-patched-linux-x86_64, r-patched-solaris-sparc, r-patched-solaris-x86, r-release-linux-x86_64

Version: 0.3
Check: package dependencies
Result: ERROR
    Package required but not available: ‘RODBC’
    
    See section ‘The DESCRIPTION file’ in the ‘Writing R Extensions’
    manual.
Flavor: r-release-osx-x86_64-mavericks

Version: 0.3
Check: R code for possible problems
Result: NOTE
    funhtml: no visible global function definition for 'xtable'
    connect,ConnectionODBC : .local: no visible global function definition
     for 'funout'
    connect,ConnectionODBC : .local: no visible binding for global variable
     'envir_stacomi'
    connect,RequeteODBC : .local: no visible binding for global variable
     'envir_stacomi'
    connect,RequeteODBC : .local: no visible global function definition for
     'odbcClose'
    connect,RequeteODBC : .local: no visible binding for global variable
     'query'
Flavor: r-release-windows-ix86+x86_64

Version: 0.3
Check: R code for possible problems
Result: NOTE
    funhtml: no visible global function definition for 'xtable'
Flavor: r-oldrel-windows-ix86+x86_64