CRAN Package Check Results for Package stacomirtools

Last updated on 2018-02-21 01:47:55 CET.

Flavor Version Tinstall Tcheck Ttotal Status Flags
r-devel-linux-x86_64-debian-clang 0.5.2 1.48 19.96 21.44 OK
r-devel-linux-x86_64-debian-gcc 0.5.2 1.43 16.31 17.74 OK
r-devel-linux-x86_64-fedora-clang 0.5.2 27.42 OK
r-devel-linux-x86_64-fedora-gcc 0.5.2 24.47 OK
r-devel-windows-ix86+x86_64 0.5.2 4.00 33.00 37.00 OK
r-patched-linux-x86_64 0.5.2 1.12 19.36 20.48 OK
r-patched-solaris-x86 0.5.2 34.90 OK
r-release-linux-x86_64 0.5.2 1.27 19.31 20.58 OK
r-release-windows-ix86+x86_64 0.5.2 3.00 39.00 42.00 OK
r-release-osx-x86_64 0.5.2 OK
r-oldrel-windows-ix86+x86_64 0.5.2 6.00 37.00 43.00 OK
r-oldrel-osx-x86_64 0.5.2 ERROR

Check Details

Version: 0.5.2
Check: package dependencies
Result: ERROR
    Package required but not available: ‘RODBC’
    
    See section ‘The DESCRIPTION file’ in the ‘Writing R Extensions’
    manual.
Flavor: r-oldrel-osx-x86_64