CRAN Package Check Results for Package stacomirtools

Last updated on 2015-07-03 11:47:24.

Flavor Version Tinstall Tcheck Ttotal Status Flags
r-devel-linux-x86_64-debian-clang 0.3 0.67 9.64 10.31 NOTE
r-devel-linux-x86_64-debian-gcc 0.3 0.67 10.52 11.18 NOTE
r-devel-linux-x86_64-fedora-clang 0.3 22.68 NOTE
r-devel-linux-x86_64-fedora-gcc 0.3 21.10 NOTE
r-devel-osx-x86_64-clang 0.3 18.90 NOTE
r-devel-windows-ix86+x86_64 0.3 4.00 19.00 23.00 NOTE
r-patched-linux-x86_64 0.3 0.69 11.09 11.78 NOTE
r-patched-solaris-sparc 0.3 138.00 NOTE
r-patched-solaris-x86 0.3 33.10 NOTE
r-release-linux-x86_64 0.3 0.84 11.44 12.28 NOTE
r-release-osx-x86_64-mavericks 0.3 ERROR
r-release-windows-ix86+x86_64 0.3 4.00 19.00 23.00 NOTE
r-oldrel-windows-ix86+x86_64 0.3 6.00 22.00 28.00 NOTE

Check Details

Version: 0.3
Check: dependencies in R code
Result: NOTE
    Packages in Depends field not imported from:
     ‘RODBC’ ‘methods’ ‘xtable’
     These packages need to be imported from (in the NAMESPACE file)
     for when this namespace is loaded but not attached.
Flavors: r-devel-linux-x86_64-debian-clang, r-devel-linux-x86_64-debian-gcc, r-devel-linux-x86_64-fedora-clang, r-devel-linux-x86_64-fedora-gcc, r-devel-osx-x86_64-clang, r-devel-windows-ix86+x86_64, r-patched-linux-x86_64, r-patched-solaris-sparc, r-patched-solaris-x86, r-release-linux-x86_64, r-release-windows-ix86+x86_64, r-oldrel-windows-ix86+x86_64

Version: 0.3
Check: R code for possible problems
Result: NOTE
    ex: no visible global function definition for ‘select.list’
    ex: no visible global function definition for ‘write.table’
    funhtml: no visible global function definition for ‘xtable’
    funhtml: no visible global function definition for ‘writeClipboard’
    coerce,RequeteODBCwhere-RequeteODBC: no visible global function
     definition for ‘new’
    coerce,RequeteODBCwheredate-RequeteODBCwhere: no visible global
     function definition for ‘new’
    coerce<-,RequeteODBCwhere-RequeteODBC: no visible global function
     definition for ‘slot<-’
    coerce<-,RequeteODBCwhere-RequeteODBC: no visible global function
     definition for ‘slot’
    coerce<-,RequeteODBCwheredate-RequeteODBCwhere: no visible global
     function definition for ‘slot<-’
    coerce<-,RequeteODBCwheredate-RequeteODBCwhere: no visible global
     function definition for ‘slot’
    Undefined global functions or variables:
     new select.list slot slot<- write.table writeClipboard xtable
Flavors: r-devel-linux-x86_64-debian-clang, r-devel-linux-x86_64-debian-gcc, r-devel-linux-x86_64-fedora-clang, r-devel-linux-x86_64-fedora-gcc

Version: 0.3
Check: Rd line widths
Result: NOTE
    Rd file 'ConnectionODBC-class.Rd':
     \examples lines wider than 100 characters:
     # this is the mother class, you don't have to use it, please use requeteODBC and daughter class instead
    
    Rd file 'RequeteODBC-class.Rd':
     \examples lines wider than 100 characters:
     assign("showmerequest",1,envir_stacomi) # can be anything just tests the existence of "showmerequest" in envir_stacomi
    
    Rd file 'RequeteODBCwhere-class.Rd':
     \examples lines wider than 100 characters:
     # now objet@sql contains the syntax of the query. By changing the test variable, one can see how the
    
    Rd file 'funhtml.Rd':
     \usage lines wider than 90 characters:
     funhtml(data,caption=NULL,top=TRUE,outfile=NULL,clipboard=FALSE,append=TRUE,digits=NULL,...)
    
    These lines will be truncated in the PDF manual.
Flavors: r-devel-linux-x86_64-debian-clang, r-devel-linux-x86_64-debian-gcc, r-devel-linux-x86_64-fedora-clang, r-devel-linux-x86_64-fedora-gcc, r-patched-linux-x86_64, r-release-linux-x86_64

Version: 0.3
Check: R code for possible problems
Result: NOTE
    funhtml: no visible global function definition for ‘xtable’
    funhtml: no visible global function definition for ‘writeClipboard’
    Undefined global functions or variables:
     writeClipboard xtable
Flavor: r-devel-osx-x86_64-clang

Version: 0.3
Check: R code for possible problems
Result: NOTE
    ex: no visible global function definition for 'select.list'
    ex: no visible global function definition for 'write.table'
    funhtml: no visible global function definition for 'xtable'
    funhtml: no visible global function definition for 'writeClipboard'
    coerce,RequeteODBCwhere-RequeteODBC: no visible global function
     definition for 'new'
    coerce,RequeteODBCwheredate-RequeteODBCwhere: no visible global
     function definition for 'new'
    coerce<-,RequeteODBCwhere-RequeteODBC: no visible global function
     definition for 'slot<-'
    coerce<-,RequeteODBCwhere-RequeteODBC: no visible global function
     definition for 'slot'
    coerce<-,RequeteODBCwheredate-RequeteODBCwhere: no visible global
     function definition for 'slot<-'
    coerce<-,RequeteODBCwheredate-RequeteODBCwhere: no visible global
     function definition for 'slot'
Flavor: r-devel-windows-ix86+x86_64

Version: 0.3
Check: R code for possible problems
Result: NOTE
    funhtml: no visible global function definition for ‘xtable’
    funhtml: no visible global function definition for ‘writeClipboard’
Flavors: r-patched-linux-x86_64, r-patched-solaris-sparc, r-patched-solaris-x86, r-release-linux-x86_64

Version: 0.3
Check: package dependencies
Result: ERROR
    Package required but not available: ‘RODBC’
    
    See section ‘The DESCRIPTION file’ in the ‘Writing R Extensions’
    manual.
Flavor: r-release-osx-x86_64-mavericks

Version: 0.3
Check: R code for possible problems
Result: NOTE
    funhtml: no visible global function definition for 'xtable'
Flavors: r-release-windows-ix86+x86_64, r-oldrel-windows-ix86+x86_64