CRAN Package Check Results for Package stacomirtools

Last updated on 2017-02-23 07:48:07.

Flavor Version Tinstall Tcheck Ttotal Status Flags
r-devel-linux-x86_64-debian-clang 0.5.0 0.92 13.39 14.31 OK
r-devel-linux-x86_64-debian-gcc 0.5.0 1.03 13.18 14.21 OK
r-devel-linux-x86_64-fedora-clang 0.5.0 24.60 OK --no-stop-on-test-error
r-devel-linux-x86_64-fedora-gcc 0.5.0 23.81 OK --no-stop-on-test-error
r-devel-macos-x86_64-clang 0.5.0 21.69 OK --no-stop-on-test-error
r-devel-windows-ix86+x86_64 0.5.0 5.00 40.00 45.00 OK
r-patched-linux-x86_64 0.5.0 0.65 10.98 11.63 OK
r-patched-solaris-sparc 0.5.0 127.80 OK
r-patched-solaris-x86 0.5.0 32.20 OK
r-release-linux-x86_64 0.5.0 0.80 11.01 11.81 OK
r-release-osx-x86_64-mavericks 0.5.0 ERROR
r-release-windows-ix86+x86_64 0.5.0 4.00 38.00 42.00 OK
r-oldrel-windows-ix86+x86_64 0.5.0 5.00 26.00 31.00 OK

Check Details

Version: 0.5.0
Check: package dependencies
Result: ERROR
    Package required but not available: ‘RODBC’
    
    See section ‘The DESCRIPTION file’ in the ‘Writing R Extensions’
    manual.
Flavor: r-release-osx-x86_64-mavericks