CRAN Package Check Results for Package stacomirtools

Last updated on 2017-05-24 22:47:38.

Flavor Version Tinstall Tcheck Ttotal Status Flags
r-devel-linux-x86_64-debian-clang 0.5.0 0.93 13.63 14.56 OK
r-devel-linux-x86_64-debian-gcc 0.5.0 0.86 13.52 14.38 OK
r-devel-linux-x86_64-fedora-clang 0.5.0 25.77 OK --no-stop-on-test-error
r-devel-linux-x86_64-fedora-gcc 0.5.0 22.67 OK --no-stop-on-test-error
r-devel-windows-ix86+x86_64 0.5.0 3.00 30.00 33.00 OK
r-patched-linux-x86_64 0.5.0 0.86 12.97 13.84 OK
r-patched-solaris-sparc 0.5.0 145.40 OK
r-patched-solaris-x86 0.5.0 35.60 OK
r-release-linux-x86_64 0.5.0 0.87 13.67 14.54 OK
r-release-windows-ix86+x86_64 0.5.0 3.00 41.00 44.00 OK
r-release-osx-x86_64 0.5.0 OK
r-oldrel-windows-ix86+x86_64 0.5.0 3.00 38.00 41.00 OK
r-oldrel-osx-x86_64 0.5.0 ERROR

Check Details

Version: 0.5.0
Check: package dependencies
Result: ERROR
    Package required but not available: ‘RODBC’
    
    See section ‘The DESCRIPTION file’ in the ‘Writing R Extensions’
    manual.
Flavor: r-oldrel-osx-x86_64