CRAN Package Check Results for Package stacomirtools

Last updated on 2017-03-29 20:49:56.

Flavor Version Tinstall Tcheck Ttotal Status Flags
r-devel-linux-x86_64-debian-clang 0.5.0 0.87 13.49 14.37 OK
r-devel-linux-x86_64-debian-gcc 0.5.0 0.82 13.16 13.98 OK
r-devel-linux-x86_64-fedora-clang 0.5.0 24.59 OK --no-stop-on-test-error
r-devel-linux-x86_64-fedora-gcc 0.5.0 23.52 OK --no-stop-on-test-error
r-devel-macos-x86_64-clang 0.5.0 21.10 OK --no-stop-on-test-error
r-devel-windows-ix86+x86_64 0.5.0 3.00 37.00 40.00 OK
r-patched-linux-x86_64 0.5.0 0.88 13.55 14.43 OK
r-patched-solaris-sparc 0.5.0 145.40 OK
r-patched-solaris-x86 0.5.0 39.90 OK
r-release-linux-x86_64 0.5.0 0.88 11.89 12.77 OK
r-release-osx-x86_64-mavericks 0.5.0 ERROR
r-release-windows-ix86+x86_64 0.5.0 5.00 37.00 42.00 OK
r-oldrel-windows-ix86+x86_64 0.5.0 8.00 34.00 42.00 OK

Check Details

Version: 0.5.0
Check: package dependencies
Result: ERROR
    Package required but not available: ‘RODBC’
    
    See section ‘The DESCRIPTION file’ in the ‘Writing R Extensions’
    manual.
Flavor: r-release-osx-x86_64-mavericks