CRAN Package Check Results for Package stam

Last updated on 2014-04-25 09:52:25.

Flavor Version Tinstall Tcheck Ttotal Status Flags
r-devel-linux-x86_64-debian-clang 0.0-1 1.34 16.50 17.84 NOTE
r-devel-linux-x86_64-debian-gcc 0.0-1 1.35 16.59 17.94 NOTE
r-devel-linux-x86_64-fedora-clang 0.0-1 36.84 NOTE
r-devel-linux-x86_64-fedora-gcc 0.0-1 35.31 NOTE
r-devel-osx-x86_64-clang 0.0-1 40.04 NOTE
r-devel-osx-x86_64-gcc 0.0-1 NOTE
r-devel-windows-ix86+x86_64 0.0-1 4.00 37.00 41.00 NOTE
r-patched-linux-x86_64 0.0-1 1.34 16.44 17.78 NOTE
r-patched-solaris-sparc 0.0-1 200.10 NOTE
r-patched-solaris-x86 0.0-1 51.40 NOTE
r-release-linux-ix86 0.0-1 2.00 33.00 35.00 NOTE
r-release-linux-x86_64 0.0-1 1.21 16.79 18.00 NOTE
r-release-osx-x86_64-mavericks 0.0-1 WARN
r-release-osx-x86_64-snowleopard 0.0-1 NOTE
r-release-windows-ix86+x86_64 0.0-1 4.00 26.00 30.00 NOTE
r-oldrel-windows-ix86+x86_64 0.0-1 5.00 29.00 34.00 NOTE

Check Details

Version: 0.0-1
Check: dependencies in R code
Result: NOTE
    'library' or 'require' calls to packages already attached by Depends:
     ‘np’ ‘sp’
     Please remove these calls from your code.
    Packages in Depends field not imported from:
     ‘np’ ‘sp’
     These packages need to be imported from (in the NAMESPACE file)
     for when this namespace is loaded but not attached.
    See the information on DESCRIPTION files in the chapter ‘Creating R
    packages’ of the ‘Writing R Extensions’ manual.
Flavors: r-devel-linux-x86_64-debian-clang, r-devel-linux-x86_64-debian-gcc, r-devel-linux-x86_64-fedora-clang, r-devel-linux-x86_64-fedora-gcc, r-devel-osx-x86_64-clang, r-devel-osx-x86_64-gcc, r-devel-windows-ix86+x86_64, r-patched-linux-x86_64, r-patched-solaris-sparc, r-patched-solaris-x86, r-release-linux-ix86, r-release-linux-x86_64, r-release-osx-x86_64-mavericks, r-release-windows-ix86+x86_64, r-oldrel-windows-ix86+x86_64

Version: 0.0-1
Check: top-level files
Result: NOTE
    Non-standard file/directory found at top level:
     ‘Licence’
Flavors: r-devel-linux-x86_64-fedora-clang, r-devel-linux-x86_64-fedora-gcc

Version: 0.0-1
Check: Rd line widths
Result: NOTE
    Rd file 'stkde.sig.rd':
     \examples lines wider than 100 characters:
     system.time(stkde.sig(d[,1],d[,2],d[,3],xgrids=20,ygrids=20,breaks=0.05,sim=3,alpha=0.05,nrowspar=1))
     #determines how much real and CPU time (in seconds) the currently running R process has already taken
     system.time(stkde.sig(d[,1],d[,2],d[,3],xgrids=20,ygrids=20,breaks=0.05,sim=3,alpha=0.05,nrowspar=2))
     #determines how much real and CPU time (in seconds) the currently running R process has already taken
    
    These lines will be truncated in the PDF manual.
Flavors: r-devel-linux-x86_64-fedora-clang, r-devel-linux-x86_64-fedora-gcc

Version: 0.0-1
Check: top-level files
Result: NOTE
    File
     LICENCE
    is not mentioned in the DESCRIPTION file.
Flavors: r-devel-osx-x86_64-clang, r-devel-osx-x86_64-gcc, r-devel-windows-ix86+x86_64, r-release-osx-x86_64-mavericks, r-release-osx-x86_64-snowleopard, r-release-windows-ix86+x86_64, r-oldrel-windows-ix86+x86_64

Version: 0.0-1
Check: PDF version of manual
Result: WARNING
    LaTeX errors when creating PDF version.
    This typically indicates Rd problems.
    LaTeX errors found:
    ! LaTeX Error: File `upquote.sty' not found.
    
    Type X to quit or <RETURN> to proceed,
    or enter new name. (Default extension: sty)
    
    343b36/Rd2.tex:8: ==> Fatal error occurred, no output PDF file produced!
Flavor: r-release-osx-x86_64-mavericks

Version: 0.0-1
Check: dependencies in R code
Result: NOTE
    'library' or 'require' calls to packages already attached by Depends:
     'np' 'sp'
     Please remove these calls from your code.
    See the information on DESCRIPTION files in the chapter 'Creating R
    packages' of the 'Writing R Extensions' manual.
Flavor: r-release-osx-x86_64-snowleopard