CRAN Package Check Results for Package stam

Last updated on 2015-09-05 06:48:30.

Flavor Version Tinstall Tcheck Ttotal Status Flags
r-devel-linux-x86_64-debian-clang 0.0-1 0.85 12.31 13.16 NOTE
r-devel-linux-x86_64-debian-gcc 0.0-1 0.86 12.50 13.36 NOTE
r-devel-linux-x86_64-fedora-clang 0.0-1 26.46 NOTE
r-devel-linux-x86_64-fedora-gcc 0.0-1 25.09 NOTE
r-devel-osx-x86_64-clang 0.0-1 22.66 NOTE
r-devel-windows-ix86+x86_64 0.0-1 5.00 26.00 31.00 NOTE
r-patched-linux-x86_64 0.0-1 0.98 13.18 14.16 NOTE
r-patched-solaris-sparc 0.0-1 165.40 NOTE
r-patched-solaris-x86 0.0-1 40.10 NOTE
r-release-linux-x86_64 0.0-1 1.00 12.95 13.95 NOTE
r-release-osx-x86_64-mavericks 0.0-1 NOTE
r-release-windows-ix86+x86_64 0.0-1 5.00 36.00 41.00 NOTE
r-oldrel-windows-ix86+x86_64 0.0-1 7.00 39.00 46.00 NOTE

Check Details

Version: 0.0-1
Check: top-level files
Result: NOTE
    Non-standard file/directory found at top level:
     ‘Licence’
Flavors: r-devel-linux-x86_64-debian-clang, r-devel-linux-x86_64-debian-gcc, r-devel-linux-x86_64-fedora-clang, r-devel-linux-x86_64-fedora-gcc, r-patched-linux-x86_64, r-release-linux-x86_64

Version: 0.0-1
Check: dependencies in R code
Result: NOTE
    'library' or 'require' calls to packages already attached by Depends:
     ‘np’ ‘sp’
     Please remove these calls from your code.
    Packages in Depends field not imported from:
     ‘np’ ‘sp’
     These packages need to be imported from (in the NAMESPACE file)
     for when this namespace is loaded but not attached.
Flavors: r-devel-linux-x86_64-debian-clang, r-devel-linux-x86_64-debian-gcc, r-devel-linux-x86_64-fedora-clang, r-devel-linux-x86_64-fedora-gcc, r-devel-osx-x86_64-clang, r-devel-windows-ix86+x86_64, r-patched-linux-x86_64, r-patched-solaris-sparc, r-patched-solaris-x86, r-release-linux-x86_64, r-release-osx-x86_64-mavericks, r-release-windows-ix86+x86_64, r-oldrel-windows-ix86+x86_64

Version: 0.0-1
Check: R code for possible problems
Result: NOTE
    stkde: no visible global function definition for ‘npudensbw’
    stkde: no visible global function definition for ‘npudens’
    stkde: no visible global function definition for ‘quantile’
    stkde: no visible global function definition for ‘heat.colors’
    stkde: no visible global function definition for ‘par’
    stkde: no visible global function definition for ‘image’
    stkde: no visible global function definition for ‘contour’
    stkde.base: no visible global function definition for ‘npudensbw’
    stkde.base: no visible global function definition for ‘npudens’
    stkde.sig: no visible global function definition for ‘SpatialPoints’
    stkde.sig: no visible global function definition for ‘spsample’
    stkde.sig: no visible global function definition for ‘bbox’
    stkde.sig: no visible global function definition for ‘quantile’
    stkde.sig: no visible global function definition for ‘heat.colors’
    stkde.sig: no visible global function definition for ‘par’
    stkde.sig: no visible global function definition for ‘image’
    stkde.sig: no visible global function definition for ‘contour’
    Undefined global functions or variables:
     SpatialPoints bbox contour heat.colors image npudens npudensbw par
     quantile spsample
    Consider adding
     importFrom("grDevices", "heat.colors")
     importFrom("graphics", "contour", "image", "par")
     importFrom("stats", "quantile")
    to your NAMESPACE.
    
    Found the following calls to attach():
    File ‘stam/R/stkde.sig.r’:
     attach(samdata)
    See section ‘Good practice’ in ‘?attach’.
Flavors: r-devel-linux-x86_64-debian-clang, r-devel-linux-x86_64-debian-gcc

Version: 0.0-1
Check: Rd line widths
Result: NOTE
    Rd file 'stkde.sig.rd':
     \examples lines wider than 100 characters:
     system.time(stkde.sig(d[,1],d[,2],d[,3],xgrids=20,ygrids=20,breaks=0.05,sim=3,alpha=0.05,nrowspar=1))
     #determines how much real and CPU time (in seconds) the currently running R process has already taken
     system.time(stkde.sig(d[,1],d[,2],d[,3],xgrids=20,ygrids=20,breaks=0.05,sim=3,alpha=0.05,nrowspar=2))
     #determines how much real and CPU time (in seconds) the currently running R process has already taken
    
    These lines will be truncated in the PDF manual.
Flavors: r-devel-linux-x86_64-debian-clang, r-devel-linux-x86_64-debian-gcc, r-devel-linux-x86_64-fedora-clang, r-devel-linux-x86_64-fedora-gcc, r-patched-linux-x86_64, r-release-linux-x86_64

Version: 0.0-1
Check: R code for possible problems
Result: NOTE
    stkde: no visible global function definition for ‘npudensbw’
    stkde: no visible global function definition for ‘npudens’
    stkde: no visible global function definition for ‘quantile’
    stkde: no visible global function definition for ‘heat.colors’
    stkde: no visible global function definition for ‘par’
    stkde: no visible global function definition for ‘image’
    stkde: no visible global function definition for ‘contour’
    stkde.base: no visible global function definition for ‘npudensbw’
    stkde.base: no visible global function definition for ‘npudens’
    stkde.sig: no visible global function definition for ‘SpatialPoints’
    stkde.sig: no visible global function definition for ‘spsample’
    stkde.sig: no visible global function definition for ‘bbox’
    stkde.sig: no visible global function definition for ‘quantile’
    stkde.sig: no visible global function definition for ‘heat.colors’
    stkde.sig: no visible global function definition for ‘par’
    stkde.sig: no visible global function definition for ‘image’
    stkde.sig: no visible global function definition for ‘contour’
    Undefined global functions or variables:
     SpatialPoints bbox contour heat.colors image npudens npudensbw par
     quantile spsample
    Consider adding
     importFrom("grDevices", "heat.colors")
     importFrom("graphics", "contour", "image", "par")
     importFrom("stats", "quantile")
    to your NAMESPACE.
Flavors: r-devel-linux-x86_64-fedora-clang, r-devel-linux-x86_64-fedora-gcc, r-devel-windows-ix86+x86_64

Version: 0.0-1
Check: top-level files
Result: NOTE
    File
     LICENCE
    is not mentioned in the DESCRIPTION file.
Flavors: r-devel-osx-x86_64-clang, r-devel-windows-ix86+x86_64, r-release-osx-x86_64-mavericks, r-release-windows-ix86+x86_64, r-oldrel-windows-ix86+x86_64

Version: 0.0-1
Check: R code for possible problems
Result: NOTE
    stkde: no visible global function definition for ‘npudensbw’
    stkde: no visible global function definition for ‘npudens’
    stkde.base: no visible global function definition for ‘npudensbw’
    stkde.base: no visible global function definition for ‘npudens’
    stkde.sig: no visible global function definition for ‘SpatialPoints’
    stkde.sig: no visible global function definition for ‘spsample’
    stkde.sig: no visible global function definition for ‘bbox’
    Undefined global functions or variables:
     SpatialPoints bbox npudens npudensbw spsample
Flavor: r-devel-osx-x86_64-clang

Version: 0.0-1
Check: R code for possible problems
Result: NOTE
    stkde: no visible global function definition for ‘npudensbw’
    stkde: no visible global function definition for ‘npudens’
    stkde.base: no visible global function definition for ‘npudensbw’
    stkde.base: no visible global function definition for ‘npudens’
    stkde.sig: no visible global function definition for ‘SpatialPoints’
    stkde.sig: no visible global function definition for ‘spsample’
    stkde.sig: no visible global function definition for ‘bbox’
    
    Found the following calls to attach():
    File ‘stam/R/stkde.sig.r’:
     attach(samdata)
    See section ‘Good practice’ in ‘?attach’.
Flavors: r-patched-linux-x86_64, r-release-linux-x86_64

Version: 0.0-1
Check: R code for possible problems
Result: NOTE
    stkde: no visible global function definition for ‘npudensbw’
    stkde: no visible global function definition for ‘npudens’
    stkde.base: no visible global function definition for ‘npudensbw’
    stkde.base: no visible global function definition for ‘npudens’
    stkde.sig: no visible global function definition for ‘SpatialPoints’
    stkde.sig: no visible global function definition for ‘spsample’
    stkde.sig: no visible global function definition for ‘bbox’
Flavors: r-patched-solaris-sparc, r-patched-solaris-x86, r-release-osx-x86_64-mavericks, r-release-windows-ix86+x86_64, r-oldrel-windows-ix86+x86_64