Last updated on 2022-05-24 03:55:23 CEST.
Flavor | Version | Tinstall | Tcheck | Ttotal | Status | Flags |
---|---|---|---|---|---|---|
r-devel-linux-x86_64-debian-clang | 0.0.1 | 3.47 | 43.51 | 46.98 | OK | |
r-devel-linux-x86_64-debian-gcc | 0.0.1 | 2.88 | 32.68 | 35.56 | OK | |
r-devel-linux-x86_64-fedora-clang | 0.0.1 | 56.91 | NOTE | |||
r-devel-linux-x86_64-fedora-gcc | 0.0.1 | 43.54 | NOTE | |||
r-devel-windows-x86_64 | 0.0.1 | 13.00 | 55.00 | 68.00 | OK | |
r-patched-linux-x86_64 | 0.0.1 | 2.91 | 40.63 | 43.54 | OK | |
r-release-linux-x86_64 | 0.0.1 | OK | ||||
r-release-macos-arm64 | 0.0.1 | 17.00 | NOTE | |||
r-release-macos-x86_64 | 0.0.1 | 26.00 | NOTE | |||
r-release-windows-x86_64 | 0.0.1 | 13.00 | 59.00 | 72.00 | OK | |
r-oldrel-macos-arm64 | 0.0.1 | 26.00 | NOTE | |||
r-oldrel-macos-x86_64 | 0.0.1 | 29.00 | NOTE | |||
r-oldrel-windows-ix86+x86_64 | 0.0.1 | 8.00 | 51.00 | 59.00 | OK |
Version: 0.0.1
Check: dependencies in R code
Result: NOTE
Namespace in Imports field not imported from: ‘curl’
All declared Imports should be used.
Flavors: r-devel-linux-x86_64-fedora-clang, r-devel-linux-x86_64-fedora-gcc, r-release-macos-arm64, r-release-macos-x86_64, r-oldrel-macos-arm64, r-oldrel-macos-x86_64