CRAN Package Check Results for Package stargazer

Last updated on 2015-04-19 19:52:04.

Flavor Version Tinstall Tcheck Ttotal Status Flags
r-devel-linux-x86_64-debian-clang 5.1 0.77 26.22 26.99 OK
r-devel-linux-x86_64-debian-gcc 5.1 0.82 25.92 26.74 OK
r-devel-linux-x86_64-fedora-clang 5.1 51.48 OK
r-devel-linux-x86_64-fedora-gcc 5.1 47.00 OK
r-devel-osx-x86_64-clang 5.1 51.83 OK
r-devel-windows-ix86+x86_64 5.1 3.00 50.00 53.00 OK
r-patched-linux-x86_64 5.1 0.81 26.01 26.82 OK
r-patched-solaris-sparc 5.1 307.00 OK
r-patched-solaris-x86 5.1 58.10 OK
r-release-linux-x86_64 5.1 0.78 23.45 24.23 OK
r-release-osx-x86_64-mavericks 5.1 NOTE
r-release-osx-x86_64-snowleopard 5.1 NOTE
r-release-windows-ix86+x86_64 5.1 2.00 48.00 50.00 OK
r-oldrel-windows-ix86+x86_64 5.1 4.00 42.00 46.00 OK

Check Details

Version: 5.1
Check: package dependencies
Result: NOTE
    Packages which this enhances but not available for checking:
     ‘AER’ ‘betareg’ ‘dynlm’ ‘erer’ ‘ergm’ ‘lme4’ ‘mlogit’ ‘plm’
     ‘quantreg’ ‘rms’ ‘robustbase’ ‘sampleSelection’ ‘spdep’ ‘Zelig’
Flavor: r-release-osx-x86_64-mavericks

Version: 5.1
Check: package dependencies
Result: NOTE
    Packages which this enhances but not available for checking:
     ‘AER’ ‘betareg’ ‘dynlm’ ‘erer’ ‘glmx’ ‘gmm’ ‘lmtest’ ‘mlogit’ ‘plm’
     ‘quantreg’ ‘rms’ ‘sampleSelection’ ‘spdep’ ‘survey’ ‘Zelig’
Flavor: r-release-osx-x86_64-snowleopard