CRAN Package Check Results for Package stargazer

Last updated on 2015-08-05 03:48:23.

Flavor Version Tinstall Tcheck Ttotal Status Flags
r-devel-linux-x86_64-debian-clang 5.2 0.71 26.85 27.56 OK
r-devel-linux-x86_64-debian-gcc 5.2 0.80 26.10 26.90 OK
r-devel-linux-x86_64-fedora-clang 5.2 51.68 OK
r-devel-linux-x86_64-fedora-gcc 5.2 47.93 OK
r-devel-osx-x86_64-clang 5.2 48.54 OK
r-devel-windows-ix86+x86_64 5.2 3.00 43.00 46.00 OK
r-patched-linux-x86_64 5.2 0.77 24.61 25.38 OK
r-patched-solaris-sparc 5.2 327.50 OK
r-patched-solaris-x86 5.2 62.00 OK
r-release-linux-x86_64 5.2 0.76 28.35 29.11 OK
r-release-osx-x86_64-mavericks 5.2 NOTE
r-release-windows-ix86+x86_64 5.2 3.00 39.00 42.00 OK
r-oldrel-windows-ix86+x86_64 5.2 4.00 60.00 64.00 OK

Check Details

Version: 5.2
Check: package dependencies
Result: NOTE
    Package which this enhances but not available for checking: ‘erer’
Flavor: r-release-osx-x86_64-mavericks