CRAN Package Check Results for Package stargazer

Last updated on 2015-05-29 21:47:10.

Flavor Version Tinstall Tcheck Ttotal Status Flags
r-devel-linux-x86_64-debian-clang 5.1 0.75 28.74 29.49 OK
r-devel-linux-x86_64-debian-gcc 5.1 0.73 26.43 27.16 OK
r-devel-linux-x86_64-fedora-clang 5.1 52.05 OK
r-devel-linux-x86_64-fedora-gcc 5.1 47.14 OK
r-devel-osx-x86_64-clang 5.1 49.77 OK
r-devel-windows-ix86+x86_64 5.1 3.00 41.00 44.00 OK
r-patched-linux-x86_64 5.1 0.72 25.63 26.36 OK
r-patched-solaris-sparc 5.1 318.40 OK
r-patched-solaris-x86 5.1 58.50 OK
r-release-linux-x86_64 5.1 0.75 26.05 26.80 OK
r-release-osx-x86_64-mavericks 5.1 NOTE
r-release-osx-x86_64-snowleopard 5.1 NOTE
r-release-windows-ix86+x86_64 5.1 2.00 48.00 50.00 OK
r-oldrel-windows-ix86+x86_64 5.1 4.00 42.00 46.00 OK

Check Details

Version: 5.1
Check: package dependencies
Result: NOTE
    Packages which this enhances but not available for checking: ‘erer’ ‘ergm’
Flavor: r-release-osx-x86_64-mavericks

Version: 5.1
Check: package dependencies
Result: NOTE
    Packages which this enhances but not available for checking:
     ‘AER’ ‘betareg’ ‘dynlm’ ‘erer’ ‘glmx’ ‘gmm’ ‘lmtest’ ‘mlogit’ ‘plm’
     ‘quantreg’ ‘rms’ ‘sampleSelection’ ‘spdep’ ‘survey’ ‘Zelig’
Flavor: r-release-osx-x86_64-snowleopard