CRAN Package Check Results for Package stargazer

Last updated on 2014-09-01 08:47:19.

Flavor Version Tinstall Tcheck Ttotal Status Flags
r-devel-linux-x86_64-debian-clang 5.1 0.78 25.36 26.14 OK
r-devel-linux-x86_64-debian-gcc 5.1 0.73 24.86 25.59 OK
r-devel-linux-x86_64-fedora-clang 5.1 54.47 OK
r-devel-linux-x86_64-fedora-gcc 5.1 50.48 OK
r-devel-osx-x86_64-clang 5.1 48.75 OK
r-devel-windows-ix86+x86_64 5.1 3.00 41.00 44.00 OK
r-patched-linux-x86_64 5.1 0.78 25.87 26.64 OK
r-patched-solaris-sparc 5.1 314.00 OK
r-patched-solaris-x86 5.1 64.20 OK
r-release-linux-ix86 5.1 1.16 34.92 36.09 OK
r-release-linux-x86_64 5.1 0.80 26.12 26.92 OK
r-release-osx-x86_64-mavericks 5.1 NOTE
r-release-osx-x86_64-snowleopard 5.1 OK
r-release-windows-ix86+x86_64 5.1 4.00 53.00 57.00 OK
r-oldrel-windows-ix86+x86_64 5.1 3.00 38.00 41.00 OK

Check Details

Version: 5.1
Check: package dependencies
Result: NOTE
    Package which this enhances but not available for checking: ‘spdep’
Flavor: r-release-osx-x86_64-mavericks