CRAN Package Check Results for Package stargazer

Last updated on 2016-05-03 06:48:27.

Flavor Version Tinstall Tcheck Ttotal Status Flags
r-devel-linux-x86_64-debian-gcc 5.2 0.74 27.70 28.44 OK
r-devel-linux-x86_64-fedora-clang 5.2 50.70 OK
r-devel-linux-x86_64-fedora-gcc 5.2 45.42 OK
r-devel-osx-x86_64-clang 5.2 59.34 OK
r-devel-windows-ix86+x86_64 5.2 3.00 57.00 60.00 OK
r-patched-linux-x86_64 5.2 0.78 27.57 28.34 OK
r-patched-solaris-sparc 5.2 311.80 OK
r-patched-solaris-x86 5.2 58.90 OK
r-release-linux-x86_64 5.2 0.81 28.60 29.41 OK
r-release-osx-x86_64-mavericks 5.2 NOTE
r-release-windows-ix86+x86_64 5.2 4.00 65.00 69.00 OK
r-oldrel-windows-ix86+x86_64 5.2 4.00 60.00 64.00 OK

Check Details

Version: 5.2
Check: package dependencies
Result: NOTE
    Package which this enhances but not available for checking: ‘erer’
Flavor: r-release-osx-x86_64-mavericks