CRAN Package Check Results for Package stargazer

Last updated on 2014-11-24 05:47:43.

Flavor Version Tinstall Tcheck Ttotal Status Flags
r-devel-linux-x86_64-debian-clang 5.1 0.85 26.72 27.56 OK
r-devel-linux-x86_64-debian-gcc 5.1 0.82 27.91 28.73 OK
r-devel-linux-x86_64-fedora-clang 5.1 54.09 OK
r-devel-linux-x86_64-fedora-gcc 5.1 50.18 OK
r-devel-osx-x86_64-clang 5.1 54.82 OK
r-devel-windows-ix86+x86_64 5.1 3.00 38.00 41.00 OK
r-patched-linux-x86_64 5.1 0.84 27.07 27.91 OK
r-patched-solaris-sparc 5.1 314.00 OK
r-patched-solaris-x86 5.1 65.00 OK
r-release-linux-ix86 5.1 1.15 34.31 35.46 OK
r-release-linux-x86_64 5.1 0.87 27.60 28.47 OK
r-release-osx-x86_64-mavericks 5.1 NOTE
r-release-osx-x86_64-snowleopard 5.1 OK
r-release-windows-ix86+x86_64 5.1 2.00 55.00 57.00 OK
r-oldrel-windows-ix86+x86_64 5.1 3.00 38.00 41.00 OK

Check Details

Version: 5.1
Check: package dependencies
Result: NOTE
    Package which this enhances but not available for checking: ‘spdep’
Flavor: r-release-osx-x86_64-mavericks