CRAN Package Check Results for Package stargazer

Last updated on 2014-08-02 07:50:28.

Flavor Version Tinstall Tcheck Ttotal Status Flags
r-devel-linux-x86_64-debian-clang 5.1 0.80 26.32 27.13 OK
r-devel-linux-x86_64-debian-gcc 5.1 0.76 25.96 26.72 OK
r-devel-linux-x86_64-fedora-clang 5.1 55.31 OK
r-devel-linux-x86_64-fedora-gcc 5.1 50.89 OK
r-devel-osx-x86_64-clang 5.1 49.82 OK
r-devel-windows-ix86+x86_64 5.1 3.00 37.00 40.00 OK
r-patched-linux-x86_64 5.1 0.77 25.82 26.58 OK
r-patched-solaris-sparc 5.1 314.00 OK
r-patched-solaris-x86 5.1 64.40 OK
r-release-linux-ix86 5.1 1.15 34.79 35.94 NOTE
r-release-linux-x86_64 5.1 0.79 26.38 27.18 OK
r-release-osx-x86_64-mavericks 5.1 NOTE
r-release-osx-x86_64-snowleopard 5.1 OK
r-release-windows-ix86+x86_64 5.1 4.00 53.00 57.00 OK
r-oldrel-windows-ix86+x86_64 5.1 3.00 38.00 41.00 OK

Check Details

Version: 5.1
Check: package dependencies
Result: NOTE
    Package which this enhances but not available for checking: lme4
Flavor: r-release-linux-ix86

Version: 5.1
Check: package dependencies
Result: NOTE
    Package which this enhances but not available for checking: spdep
Flavor: r-release-osx-x86_64-mavericks