CRAN Package Check Results for Package stargazer

Last updated on 2015-07-02 03:47:11.

Flavor Version Tinstall Tcheck Ttotal Status Flags
r-devel-linux-x86_64-debian-clang 5.1 0.74 25.32 26.06 NOTE
r-devel-linux-x86_64-debian-gcc 5.1 0.74 26.51 27.25 NOTE
r-devel-linux-x86_64-fedora-clang 5.1 49.85 NOTE
r-devel-linux-x86_64-fedora-gcc 5.1 44.91 NOTE
r-devel-osx-x86_64-clang 5.1 41.00 OK
r-devel-windows-ix86+x86_64 5.1 3.00 40.00 43.00 OK
r-patched-linux-x86_64 5.1 1.00 26.37 27.37 OK
r-patched-solaris-sparc 5.1 318.40 OK
r-patched-solaris-x86 5.1 59.00 OK
r-release-linux-x86_64 5.1 0.72 27.00 27.73 OK
r-release-osx-x86_64-mavericks 5.1 NOTE
r-release-windows-ix86+x86_64 5.1 3.00 41.00 44.00 OK
r-oldrel-windows-ix86+x86_64 5.1 4.00 42.00 46.00 OK

Check Details

Version: 5.1
Check: R code for possible problems
Result: NOTE
    .stargazer.wrap : .add.model: no visible global function definition for
     ‘summary.glm’
    .stargazer.wrap : .apply: no visible global function definition for
     ‘pnorm’
    .stargazer.wrap : .AIC: no visible global function definition for ‘AIC’
    .stargazer.wrap : .BIC: no visible global function definition for ‘BIC’
    .stargazer.wrap : .chi.stat: no visible global function definition for
     ‘pchisq’
    .stargazer.wrap : .coefficient.table.part: no visible global function
     definition for ‘qnorm’
    .stargazer.wrap : .dependent.variable: no visible global function
     definition for ‘as.formula’
    .stargazer.wrap : .F.stat: no visible global function definition for
     ‘pf’
    .stargazer.wrap : .get.p.values.1: no visible global function
     definition for ‘pnorm’
    .stargazer.wrap : .get.p.values.1: no visible global function
     definition for ‘vcov’
    .stargazer.wrap : .get.p.values.1: no visible global function
     definition for ‘pt’
    .stargazer.wrap : .get.standard.errors.1: no visible global function
     definition for ‘vcov’
    .stargazer.wrap : .get.t.stats.1: no visible global function definition
     for ‘vcov’
    .stargazer.wrap : .get.theta: no visible global function definition for
     ‘pnorm’
    .stargazer.wrap : .log.likelihood: no visible global function
     definition for ‘logLik’
    .stargazer.wrap : .lr.stat: no visible global function definition for
     ‘pchisq’
    .stargazer.wrap : .new.table: no visible global function definition for
     ‘summary.glm’
    .stargazer.wrap : .number.observations: no visible global function
     definition for ‘resid’
    .stargazer.wrap : .summ.stat.publish.statistic: no visible global
     function definition for ‘sd’
    .stargazer.wrap : .summ.stat.publish.statistic: no visible global
     function definition for ‘mad’
    .stargazer.wrap : .summ.stat.publish.statistic: no visible global
     function definition for ‘quantile’
    .stargazer.wrap : .wald.stat: no visible global function definition for
     ‘pchisq’
    .stargazer.wrap : .output.pdf: no visible global function definition
     for ‘capture.output’
    .stargazer.wrap: no visible global function definition for
     ‘capture.output’
Flavors: r-devel-linux-x86_64-debian-clang, r-devel-linux-x86_64-debian-gcc, r-devel-linux-x86_64-fedora-clang, r-devel-linux-x86_64-fedora-gcc

Version: 5.1
Check: package dependencies
Result: NOTE
    Packages which this enhances but not available for checking: ‘erer’ ‘ergm’
Flavor: r-release-osx-x86_64-mavericks