CRAN Package Check Results for Package stargazer

Last updated on 2016-12-09 13:47:22.

Flavor Version Tinstall Tcheck Ttotal Status Flags
r-devel-linux-x86_64-debian-clang 5.2 0.94 35.15 36.09 OK
r-devel-linux-x86_64-debian-gcc 5.2 0.86 35.28 36.15 NOTE
r-devel-linux-x86_64-fedora-clang 5.2 69.68 OK --no-stop-on-test-error
r-devel-linux-x86_64-fedora-gcc 5.2 68.67 OK --no-stop-on-test-error
r-devel-macos-x86_64-clang 5.2 55.12 OK
r-devel-windows-ix86+x86_64 5.2 7.00 62.00 69.00 OK
r-patched-linux-x86_64 5.2 0.73 28.22 28.95 OK
r-patched-solaris-sparc 5.2 311.60 OK
r-patched-solaris-x86 5.2 63.50 OK
r-release-linux-x86_64 5.2 0.74 27.93 28.67 OK
r-release-osx-x86_64-mavericks 5.2 OK
r-release-windows-ix86+x86_64 5.2 3.00 57.00 60.00 OK
r-oldrel-windows-ix86+x86_64 5.2 3.00 82.00 85.00 OK

Check Details

Version: 5.2
Check: package dependencies
Result: NOTE
    Package which this enhances but not available for checking: ‘rms’
Flavor: r-devel-linux-x86_64-debian-gcc