CRAN Package Check Results for Package stargazer

Last updated on 2014-07-24 14:48:50.

Flavor Version Tinstall Tcheck Ttotal Status Flags
r-devel-linux-x86_64-debian-clang 5.1 0.85 26.08 26.93 OK
r-devel-linux-x86_64-debian-gcc 5.1 0.76 25.65 26.42 OK
r-devel-linux-x86_64-fedora-clang 5.1 56.43 OK
r-devel-linux-x86_64-fedora-gcc 5.1 52.10 OK
r-devel-osx-x86_64-clang 5.1 50.38 OK
r-devel-windows-ix86+x86_64 5.1 2.00 38.00 40.00 OK
r-patched-linux-x86_64 5.1 0.76 25.95 26.72 OK
r-patched-solaris-sparc 5.1 277.90 OK
r-patched-solaris-x86 5.1 63.70 OK
r-release-linux-ix86 5.1 1.17 35.15 36.32 OK
r-release-linux-x86_64 5.1 0.78 26.36 27.14 OK
r-release-osx-x86_64-mavericks 5.1 NOTE
r-release-osx-x86_64-snowleopard 5.1 OK
r-release-windows-ix86+x86_64 5.1 4.00 53.00 57.00 OK
r-oldrel-windows-ix86+x86_64 5.1 3.00 38.00 41.00 OK

Check Details

Version: 5.1
Check: package dependencies
Result: NOTE
    Package which this enhances but not available for checking: ‘spdep’
Flavor: r-release-osx-x86_64-mavericks