CRAN Package Check Results for Package stargazer

Last updated on 2016-02-08 02:47:38.

Flavor Version Tinstall Tcheck Ttotal Status Flags
r-devel-linux-x86_64-debian-gcc 5.2 0.75 26.37 27.12 OK
r-devel-linux-x86_64-fedora-clang 5.2 48.90 OK
r-devel-linux-x86_64-fedora-gcc 5.2 46.39 OK
r-devel-osx-x86_64-clang 5.2 58.30 OK
r-devel-windows-ix86+x86_64 5.2 4.00 58.00 62.00 OK
r-patched-linux-x86_64 5.2 1.04 27.16 28.20 OK
r-patched-solaris-sparc 5.2 310.10 OK
r-patched-solaris-x86 5.2 57.50 OK
r-release-linux-x86_64 5.2 0.79 26.89 27.68 OK
r-release-osx-x86_64-mavericks 5.2 NOTE
r-release-windows-ix86+x86_64 5.2 4.00 65.00 69.00 OK
r-oldrel-windows-ix86+x86_64 5.2 4.00 60.00 64.00 OK

Check Details

Version: 5.2
Check: package dependencies
Result: NOTE
    Package which this enhances but not available for checking: ‘erer’
Flavor: r-release-osx-x86_64-mavericks