CRAN Package Check Results for Package stargazer

Last updated on 2014-12-19 20:48:27.

Flavor Version Tinstall Tcheck Ttotal Status Flags
r-devel-linux-x86_64-debian-clang 5.1 0.94 29.61 30.56 OK
r-devel-linux-x86_64-debian-gcc 5.1 0.79 25.28 26.07 OK
r-devel-linux-x86_64-fedora-clang 5.1 55.08 OK
r-devel-linux-x86_64-fedora-gcc 5.1 51.54 OK
r-devel-osx-x86_64-clang 5.1 53.97 OK
r-devel-windows-ix86+x86_64 5.1 4.00 49.00 53.00 OK
r-patched-linux-x86_64 5.1 0.83 27.21 28.04 OK
r-patched-solaris-sparc 5.1 314.00 OK
r-patched-solaris-x86 5.1 62.90 OK
r-release-linux-ix86 5.1 1.14 34.42 35.56 OK
r-release-linux-x86_64 5.1 0.79 26.97 27.76 OK
r-release-osx-x86_64-mavericks 5.1 NOTE
r-release-osx-x86_64-snowleopard 5.1 OK
r-release-windows-ix86+x86_64 5.1 2.00 55.00 57.00 OK
r-oldrel-windows-ix86+x86_64 5.1 3.00 38.00 41.00 OK

Check Details

Version: 5.1
Check: package dependencies
Result: NOTE
    Package which this enhances but not available for checking: ‘spdep’
Flavor: r-release-osx-x86_64-mavericks