CRAN Package Check Results for Package stargazer

Last updated on 2014-10-21 17:49:25.

Flavor Version Tinstall Tcheck Ttotal Status Flags
r-devel-linux-x86_64-debian-clang 5.1 0.79 26.82 27.61 OK
r-devel-linux-x86_64-debian-gcc 5.1 0.78 26.24 27.02 OK
r-devel-linux-x86_64-fedora-clang 5.1 54.77 OK
r-devel-linux-x86_64-fedora-gcc 5.1 49.07 OK
r-devel-osx-x86_64-clang 5.1 52.86 OK
r-devel-windows-ix86+x86_64 5.1 3.00 36.00 39.00 OK
r-patched-linux-x86_64 5.1 0.83 27.46 28.28 OK
r-patched-solaris-sparc 5.1 314.00 OK
r-patched-solaris-x86 5.1 62.40 OK
r-release-linux-ix86 5.1 1.15 35.63 36.78 NOTE
r-release-linux-x86_64 5.1 0.86 27.08 27.94 OK
r-release-osx-x86_64-mavericks 5.1 NOTE
r-release-osx-x86_64-snowleopard 5.1 OK
r-release-windows-ix86+x86_64 5.1 4.00 53.00 57.00 OK
r-oldrel-windows-ix86+x86_64 5.1 3.00 38.00 41.00 OK

Check Details

Version: 5.1
Check: package dependencies
Result: NOTE
    Package which this enhances but not available for checking: ‘lfe’
Flavor: r-release-linux-ix86

Version: 5.1
Check: package dependencies
Result: NOTE
    Package which this enhances but not available for checking: ‘spdep’
Flavor: r-release-osx-x86_64-mavericks