CRAN Package Check Results for Package starm

Last updated on 2025-01-16 19:48:41 CET.

Flavor Version Tinstall Tcheck Ttotal Status Flags
r-devel-linux-x86_64-debian-clang 0.1.0 3.84 30.68 34.52 OK
r-devel-linux-x86_64-debian-gcc 0.1.0 2.66 22.54 25.20 OK
r-devel-linux-x86_64-fedora-clang 0.1.0 57.10 NOTE
r-devel-linux-x86_64-fedora-gcc 0.1.0 84.18 NOTE
r-devel-windows-x86_64 0.1.0 7.00 61.00 68.00 OK
r-patched-linux-x86_64 0.1.0 3.87 29.18 33.05 OK
r-release-linux-x86_64 0.1.0 3.78 29.01 32.79 OK
r-release-macos-arm64 0.1.0 32.00 OK
r-release-macos-x86_64 0.1.0 56.00 OK
r-release-windows-x86_64 0.1.0 5.00 61.00 66.00 OK
r-oldrel-macos-arm64 0.1.0 33.00 OK
r-oldrel-macos-x86_64 0.1.0 50.00 OK
r-oldrel-windows-x86_64 0.1.0 5.00 61.00 66.00 OK

Check Details

Version: 0.1.0
Check: dependencies in R code
Result: NOTE Namespace in Imports field not imported from: ‘Matrix’ All declared Imports should be used. Flavors: r-devel-linux-x86_64-fedora-clang, r-devel-linux-x86_64-fedora-gcc