CRAN Package Check Results for Package starm

Last updated on 2021-12-08 13:56:21 CET.

Flavor Version Tinstall Tcheck Ttotal Status Flags
r-devel-linux-x86_64-debian-clang 0.1.0 5.01 54.41 59.42 OK
r-devel-linux-x86_64-debian-gcc 0.1.0 2.86 44.71 47.57 OK
r-devel-linux-x86_64-fedora-clang 0.1.0 72.66 NOTE
r-devel-linux-x86_64-fedora-gcc 0.1.0 60.87 NOTE
r-devel-windows-x86_64-new-UL 0.1.0 9.00 113.00 122.00 OK
r-devel-windows-x86_64-new-TK 0.1.0 NOTE
r-devel-windows-x86_64-old 0.1.0 8.00 59.00 67.00 OK
r-patched-linux-x86_64 0.1.0 4.92 41.53 46.45 OK
r-release-linux-x86_64 0.1.0 4.70 40.84 45.54 OK
r-release-macos-arm64 0.1.0 NOTE
r-release-macos-x86_64 0.1.0 NOTE
r-release-windows-ix86+x86_64 0.1.0 6.00 51.00 57.00 OK
r-oldrel-macos-x86_64 0.1.0 NOTE
r-oldrel-windows-ix86+x86_64 0.1.0 9.00 51.00 60.00 OK

Check Details

Version: 0.1.0
Check: dependencies in R code
Result: NOTE
    Namespace in Imports field not imported from: ‘Matrix’
     All declared Imports should be used.
Flavors: r-devel-linux-x86_64-fedora-clang, r-devel-linux-x86_64-fedora-gcc, r-devel-windows-x86_64-new-TK, r-release-macos-arm64, r-release-macos-x86_64, r-oldrel-macos-x86_64