Last updated on 2022-07-02 03:51:40 CEST.
Flavor | Version | Tinstall | Tcheck | Ttotal | Status | Flags |
---|---|---|---|---|---|---|
r-devel-linux-x86_64-debian-clang | 1.3 | 55.22 | 82.47 | 137.69 | OK | |
r-devel-linux-x86_64-debian-gcc | 1.3 | 43.11 | 61.69 | 104.80 | OK | |
r-devel-linux-x86_64-fedora-clang | 1.3 | 192.97 | NOTE | |||
r-devel-linux-x86_64-fedora-gcc | 1.3 | 177.53 | NOTE | |||
r-devel-windows-x86_64 | 1.3 | 48.00 | 125.00 | 173.00 | OK | |
r-patched-linux-x86_64 | 1.3 | 52.16 | 77.99 | 130.15 | OK | |
r-release-linux-x86_64 | 1.3 | 46.71 | 77.99 | 124.70 | OK | |
r-release-macos-arm64 | 1.3 | 49.00 | OK | |||
r-release-macos-x86_64 | 1.3 | 82.00 | OK | |||
r-release-windows-x86_64 | 1.3 | 49.00 | 126.00 | 175.00 | OK | |
r-oldrel-macos-arm64 | 1.3 | 55.00 | OK | |||
r-oldrel-macos-x86_64 | 1.3 | 83.00 | OK | |||
r-oldrel-windows-ix86+x86_64 | 1.3 | 134.00 | 163.00 | 297.00 | OK |
Version: 1.3
Check: compiled code
Result: NOTE
File ‘starma/libs/starma.so’:
Found no calls to: ‘R_registerRoutines’, ‘R_useDynamicSymbols’
It is good practice to register native routines and to disable symbol
search.
See ‘Writing portable packages’ in the ‘Writing R Extensions’ manual.
Flavors: r-devel-linux-x86_64-fedora-clang, r-devel-linux-x86_64-fedora-gcc