CRAN Package Check Results for Package stars

Last updated on 2023-10-04 06:03:38 CEST.

Flavor Version Tinstall Tcheck Ttotal Status Flags
r-devel-linux-x86_64-debian-clang 0.6-4 16.45 401.06 417.51 NOTE
r-devel-linux-x86_64-debian-gcc 0.6-4 16.25 292.76 309.01 NOTE
r-devel-linux-x86_64-fedora-clang 0.6-4 502.11 NOTE
r-devel-linux-x86_64-fedora-gcc 0.6-4 501.54 NOTE
r-devel-windows-x86_64 0.6-4 20.00 351.00 371.00 NOTE
r-patched-linux-x86_64 0.6-4 21.62 381.62 403.24 NOTE
r-release-linux-x86_64 0.6-4 20.27 384.82 405.09 NOTE
r-release-macos-arm64 0.6-4 185.00 NOTE
r-release-macos-x86_64 0.6-4 314.00 NOTE
r-release-windows-x86_64 0.6-4 24.00 431.00 455.00 NOTE
r-oldrel-macos-arm64 0.6-4 141.00 ERROR
r-oldrel-macos-x86_64 0.6-4 128.00 ERROR
r-oldrel-windows-x86_64 0.6-4 26.00 396.00 422.00 NOTE

Additional issues

M1mac

Check Details

Version: 0.6-4
Check: package dependencies
Result: NOTE
    Package suggested but not available for checking: ‘starsdata’
Flavors: r-devel-linux-x86_64-debian-clang, r-devel-linux-x86_64-debian-gcc, r-devel-linux-x86_64-fedora-clang, r-devel-linux-x86_64-fedora-gcc, r-devel-windows-x86_64, r-patched-linux-x86_64, r-release-linux-x86_64, r-release-macos-arm64, r-release-macos-x86_64, r-release-windows-x86_64, r-oldrel-macos-arm64, r-oldrel-macos-x86_64, r-oldrel-windows-x86_64

Version: 0.6-4
Check: installed package size
Result: NOTE
     installed size is 6.4Mb
     sub-directories of 1Mb or more:
     doc 2.4Mb
     nc 1.8Mb
Flavors: r-devel-linux-x86_64-fedora-clang, r-devel-windows-x86_64, r-release-macos-arm64, r-release-macos-x86_64, r-release-windows-x86_64, r-oldrel-macos-arm64, r-oldrel-macos-x86_64, r-oldrel-windows-x86_64

Version: 0.6-4
Check: tests
Result: ERROR
     Running ‘aggregate.R’ [4s/5s]
     Comparing ‘aggregate.Rout’ to ‘aggregate.Rout.save’ ...4c4
    < Linking to GEOS 3.11.0, GDAL 3.5.3, PROJ 9.1.0; sf_use_s2() is TRUE
    ---
    > Linking to GEOS 3.11.2, GDAL 3.6.2, PROJ 9.2.0; sf_use_s2() is TRUE
     Running ‘align.R’ [1s/1s]
     Comparing ‘align.Rout’ to ‘align.Rout.save’ ... OK
     Running ‘area.R’ [1s/1s]
     Comparing ‘area.Rout’ to ‘area.Rout.save’ ... OK
     Running ‘crop.R’ [2s/2s]
     Comparing ‘crop.Rout’ to ‘crop.Rout.save’ ... OK
     Running ‘curvilinear.R’ [1s/1s]
     Comparing ‘curvilinear.Rout’ to ‘curvilinear.Rout.save’ ... OK
     Running ‘datasets.R’ [1s/1s]
     Comparing ‘datasets.Rout’ to ‘datasets.Rout.save’ ... OK
     Running ‘dimensions.R’ [1s/1s]
     Comparing ‘dimensions.Rout’ to ‘dimensions.Rout.save’ ... OK
     Running ‘downsample.R’ [1s/1s]
     Comparing ‘downsample.Rout’ to ‘downsample.Rout.save’ ...4c4
    < Linking to GEOS 3.11.0, GDAL 3.5.3, PROJ 9.1.0; sf_use_s2() is TRUE
    ---
    > Linking to GEOS 3.11.2, GDAL 3.6.2, PROJ 9.2.0; sf_use_s2() is TRUE
     Running ‘ee.R’ [1s/1s]
     Comparing ‘ee.Rout’ to ‘ee.Rout.save’ ... OK
     Running ‘extract.R’ [1s/1s]
     Comparing ‘extract.Rout’ to ‘extract.Rout.save’ ... OK
     Running ‘gridtypes.R’ [1s/1s]
     Comparing ‘gridtypes.Rout’ to ‘gridtypes.Rout.save’ ... OK
     Running ‘mdim.R’ [1s/1s]
     Comparing ‘mdim.Rout’ to ‘mdim.Rout.save’ ...24c24
    < X2 1 2 2023-03-05 01:35:00 NZDT 1 hours POSIXct FALSE
    ---
    > X2 1 2 2023-03-04 12:35:00 CET 1 hours POSIXct FALSE
    57c57
    < X2 1 2 2023-03-04 12:35:00 UTC 1 hours POSIXct NA
    ---
    > X2 1 2 2023-03-04 11:35:00 UTC 1 hours POSIXct NA
     Running ‘nc.R’ [1s/1s]
     Comparing ‘nc.Rout’ to ‘nc.Rout.save’ ... OK
     Running ‘plot.R’ [2s/2s]
     Comparing ‘plot.Rout’ to ‘plot.Rout.save’ ... OK
     Running ‘predict.R’ [2s/2s]
     Comparing ‘predict.Rout’ to ‘predict.Rout.save’ ... OK
     Running ‘proxy.R’ [1s/2s]
     Comparing ‘proxy.Rout’ to ‘proxy.Rout.save’ ... OK
     Running ‘raster.R’ [5s/5s]
     Comparing ‘raster.Rout’ to ‘raster.Rout.save’ ... OK
     Running ‘rasterize.R’ [1s/2s]
     Comparing ‘rasterize.Rout’ to ‘rasterize.Rout.save’ ... OK
     Running ‘rectilinear.R’ [1s/1s]
     Comparing ‘rectilinear.Rout’ to ‘rectilinear.Rout.save’ ... OK
     Running ‘redimension.R’ [1s/1s]
     Comparing ‘redimension.Rout’ to ‘redimension.Rout.save’ ... OK
     Running ‘sf.R’ [1s/1s]
     Comparing ‘sf.Rout’ to ‘sf.Rout.save’ ... OK
     Running ‘sp.R’ [1s/1s]
     Comparing ‘sp.Rout’ to ‘sp.Rout.save’ ... OK
     Running ‘spacetime.R’ [1s/2s]
     Comparing ‘spacetime.Rout’ to ‘spacetime.Rout.save’ ... OK
     Running ‘spatstat.R’ [2s/2s]
     Comparing ‘spatstat.Rout’ to ‘spatstat.Rout.save’ ... OK
     Running ‘stars.R’ [4s/4s]
     Comparing ‘stars.Rout’ to ‘stars.Rout.save’ ...212c212
    < 4 1841004 1143985
    ---
    > 4 1841005 1143985
    216c216
    < 8 1841010 1143965
    ---
    > 8 1841011 1143965
     Running ‘subset.R’ [1s/1s]
     Comparing ‘subset.Rout’ to ‘subset.Rout.save’ ... OK
     Running ‘testthat.R’ [6s/7s]
    Running the tests in ‘tests/testthat.R’ failed.
    Last 13 lines of output:
     'test_rectilinear.R:89:3'
    
     ══ Failed tests ════════════════════════════════════════════════════════════════
     ── Error ('test_cubble.R:24:3'): cubble ────────────────────────────────────────
     Error in `lab != ""`: comparison is not allowed for expressions
     Backtrace:
     ▆
     1. ├─prec %>% slice(index = 1:12, along = "time") %>% ... at test_cubble.R:24:2
     2. ├─base::plot(., downsample = c(3, 3, 1), hook = plot_hook)
     3. └─stars:::plot.stars(., downsample = c(3, 3, 1), hook = plot_hook)
     4. └─sf::.image_scale(...)
    
     [ FAIL 1 | WARN 0 | SKIP 4 | PASS 70 ]
     Error: Test failures
     Execution halted
Flavor: r-oldrel-macos-arm64

Version: 0.6-4
Check: examples
Result: ERROR
    Running examples in ‘stars-Ex.R’ failed
    The error most likely occurred in:
    
    > ### Name: mdim
    > ### Title: Read or write data using GDAL's multidimensional array API
    > ### Aliases: mdim read_mdim write_mdim
    >
    > ### ** Examples
    >
    > set.seed(135)
    > m = matrix(runif(10), 2, 5)
    > names(dim(m)) = c("stations", "time")
    > times = as.Date("2022-05-01") + 1:5
    > pts = st_as_sfc(c("POINT(0 1)", "POINT(3 5)"))
    > s = st_as_stars(list(Precipitation = m)) |>
    + st_set_dimensions(1, values = pts) |>
    + st_set_dimensions(2, values = times)
    > nc = tempfile(fileext=".nc")
    > if (compareVersion(sf_extSoftVersion()["GDAL"], "3.4.0") > -1) {
    + write_mdim(s, nc)
    + # try ncdump on the generated file
    + print(read_mdim(nc))
    + }
    Error: cannot open driver
    Execution halted
Flavor: r-oldrel-macos-x86_64

Version: 0.6-4
Check: tests
Result: ERROR
     Running ‘aggregate.R’ [6s/6s]
     Comparing ‘aggregate.Rout’ to ‘aggregate.Rout.save’ ...4c4
    < Linking to GEOS 3.10.2, GDAL 3.4.2, PROJ 8.2.1; sf_use_s2() is TRUE
    ---
    > Linking to GEOS 3.11.2, GDAL 3.6.2, PROJ 9.2.0; sf_use_s2() is TRUE
     Running ‘align.R’ [2s/2s]
     Comparing ‘align.Rout’ to ‘align.Rout.save’ ... OK
     Running ‘area.R’ [1s/1s]
     Comparing ‘area.Rout’ to ‘area.Rout.save’ ... OK
     Running ‘crop.R’ [3s/3s]
     Comparing ‘crop.Rout’ to ‘crop.Rout.save’ ... OK
     Running ‘curvilinear.R’ [1s/1s]
     Comparing ‘curvilinear.Rout’ to ‘curvilinear.Rout.save’ ... OK
     Running ‘datasets.R’ [1s/1s]
     Comparing ‘datasets.Rout’ to ‘datasets.Rout.save’ ... OK
     Running ‘dimensions.R’ [1s/1s]
    Running the tests in ‘tests/dimensions.R’ failed.
    Complete output:
     > # https://github.com/r-spatial/stars/issues/295
     > suppressPackageStartupMessages(library(stars))
     > raw <- read_stars(system.file("nc/bcsd_obs_1999.nc", package = "stars"))
     trying to read file: /Volumes/Builds/packages/high-sierra-x86_64/results/4.2/stars.Rcheck/stars/nc/bcsd_obs_1999.nc
     Error: file not found
     Execution halted
Flavor: r-oldrel-macos-x86_64