CRAN Package Check Results for Package startupmsg

Last updated on 2016-02-07 17:50:02.

Flavor Version Tinstall Tcheck Ttotal Status Flags
r-devel-linux-x86_64-debian-gcc 0.9 0.70 7.58 8.28 NOTE
r-devel-linux-x86_64-fedora-clang 0.9 15.27 NOTE
r-devel-linux-x86_64-fedora-gcc 0.9 14.00 NOTE
r-devel-osx-x86_64-clang 0.9 18.21 NOTE
r-devel-windows-ix86+x86_64 0.9 4.00 20.00 24.00 NOTE
r-patched-linux-x86_64 0.9 0.70 8.51 9.21 NOTE
r-patched-solaris-sparc 0.9 98.20 NOTE
r-patched-solaris-x86 0.9 21.70 NOTE
r-release-linux-x86_64 0.9 0.68 8.56 9.24 NOTE
r-release-osx-x86_64-mavericks 0.9 NOTE
r-release-windows-ix86+x86_64 0.9 3.00 27.00 30.00 NOTE
r-oldrel-windows-ix86+x86_64 0.9 5.00 17.00 22.00 OK

Check Details

Version: 0.9
Check: DESCRIPTION meta-information
Result: NOTE
    Malformed Description field: should contain one or more complete sentences.
Flavors: r-devel-linux-x86_64-debian-gcc, r-devel-linux-x86_64-fedora-clang, r-devel-linux-x86_64-fedora-gcc, r-devel-osx-x86_64-clang, r-devel-windows-ix86+x86_64, r-patched-linux-x86_64, r-patched-solaris-sparc, r-patched-solaris-x86, r-release-linux-x86_64, r-release-osx-x86_64-mavericks, r-release-windows-ix86+x86_64