CRAN Package Check Results for Package startupmsg

Last updated on 2015-03-31 03:48:43.

Flavor Version Tinstall Tcheck Ttotal Status Flags
r-devel-linux-x86_64-debian-clang 0.9 0.65 8.40 9.06 NOTE
r-devel-linux-x86_64-debian-gcc 0.9 0.64 8.46 9.10 NOTE
r-devel-linux-x86_64-fedora-clang 0.9 17.78 NOTE
r-devel-linux-x86_64-fedora-gcc 0.9 16.89 NOTE
r-devel-osx-x86_64-clang 0.9 24.37 NOTE
r-prerel-windows-ix86+x86_64 0.9 5.00 14.00 19.00 NOTE
r-prerel-linux-x86_64 0.9 0.64 8.54 9.18 NOTE
r-prerel-solaris-sparc 0.9 110.10 NOTE
r-prerel-solaris-x86 0.9 24.80 NOTE
r-release-linux-x86_64 0.9 0.70 9.02 9.72 OK
r-release-osx-x86_64-mavericks 0.9 OK
r-release-windows-ix86+x86_64 0.9 5.00 17.00 22.00 OK
r-oldrel-windows-ix86+x86_64 0.9 3.00 16.00 19.00 OK

Check Details

Version: 0.9
Check: DESCRIPTION meta-information
Result: NOTE
    Malformed Description field: should contain one or more complete sentences.
Flavors: r-devel-linux-x86_64-debian-clang, r-devel-linux-x86_64-debian-gcc, r-devel-linux-x86_64-fedora-clang, r-devel-linux-x86_64-fedora-gcc, r-devel-osx-x86_64-clang, r-prerel-windows-ix86+x86_64, r-prerel-linux-x86_64, r-prerel-solaris-sparc, r-prerel-solaris-x86