CRAN Package Check Results for Package startupmsg

Last updated on 2016-05-31 05:47:46.

Flavor Version Tinstall Tcheck Ttotal Status Flags
r-devel-linux-x86_64-debian-gcc 0.9.3 0.66 8.74 9.40 OK
r-devel-linux-x86_64-fedora-clang 0.9.3 15.15 NOTE
r-devel-linux-x86_64-fedora-gcc 0.9.3 14.01 NOTE
r-devel-osx-x86_64-clang 0.9.3 19.22 NOTE
r-devel-windows-ix86+x86_64 0.9.3 2.00 22.00 24.00 OK
r-patched-linux-x86_64 0.9.3 0.70 8.84 9.54 OK
r-patched-solaris-sparc 0.9.3 88.90 OK
r-patched-solaris-x86 0.9.3 20.40 OK
r-release-linux-x86_64 0.9.3 0.65 8.31 8.95 OK
r-release-osx-x86_64-mavericks 0.9.3 OK
r-release-windows-ix86+x86_64 0.9.3 4.00 28.00 32.00 OK
r-oldrel-windows-ix86+x86_64 0.9.3 3.00 21.00 24.00 OK

Check Details

Version: 0.9.3
Check: DESCRIPTION meta-information
Result: NOTE
    Authors@R field gives no person with name and author role
Flavors: r-devel-linux-x86_64-fedora-clang, r-devel-linux-x86_64-fedora-gcc, r-devel-osx-x86_64-clang