CRAN Package Check Results for Package startupmsg

Last updated on 2015-07-03 21:46:51.

Flavor Version Tinstall Tcheck Ttotal Status Flags
r-devel-linux-x86_64-debian-clang 0.9 0.62 6.93 7.54 NOTE
r-devel-linux-x86_64-debian-gcc 0.9 0.61 7.94 8.56 NOTE
r-devel-linux-x86_64-fedora-clang 0.9 16.48 NOTE
r-devel-linux-x86_64-fedora-gcc 0.9 15.63 NOTE
r-devel-osx-x86_64-clang 0.9 16.29 NOTE
r-devel-windows-ix86+x86_64 0.9 6.00 15.00 21.00 NOTE
r-patched-linux-x86_64 0.9 0.63 8.30 8.93 NOTE
r-patched-solaris-sparc 0.9 127.10 NOTE
r-patched-solaris-x86 0.9 25.80 NOTE
r-release-linux-x86_64 0.9 0.64 8.60 9.24 NOTE
r-release-osx-x86_64-mavericks 0.9 NOTE
r-release-windows-ix86+x86_64 0.9 3.00 16.00 19.00 NOTE
r-oldrel-windows-ix86+x86_64 0.9 5.00 17.00 22.00 OK

Check Details

Version: 0.9
Check: DESCRIPTION meta-information
Result: NOTE
    Malformed Description field: should contain one or more complete sentences.
Flavors: r-devel-linux-x86_64-debian-clang, r-devel-linux-x86_64-debian-gcc, r-devel-linux-x86_64-fedora-clang, r-devel-linux-x86_64-fedora-gcc, r-devel-osx-x86_64-clang, r-devel-windows-ix86+x86_64, r-patched-linux-x86_64, r-patched-solaris-sparc, r-patched-solaris-x86, r-release-linux-x86_64, r-release-osx-x86_64-mavericks, r-release-windows-ix86+x86_64