CRAN Package Check Results for Package stashR

Last updated on 2014-08-29 02:47:55.

Flavor Version Tinstall Tcheck Ttotal Status Flags
r-devel-linux-x86_64-debian-clang 0.3-5 0.97 19.47 20.44 NOTE
r-devel-linux-x86_64-debian-gcc 0.3-5 1.19 18.64 19.82 NOTE
r-devel-linux-x86_64-fedora-clang 0.3-5 33.11 NOTE
r-devel-linux-x86_64-fedora-gcc 0.3-5 31.14 NOTE
r-devel-osx-x86_64-clang 0.3-5 38.33 NOTE
r-devel-windows-ix86+x86_64 0.3-5 4.00 33.00 37.00 NOTE
r-patched-linux-x86_64 0.3-5 1.00 19.06 20.07 NOTE
r-patched-solaris-sparc 0.3-5 194.20 NOTE
r-patched-solaris-x86 0.3-5 47.20 NOTE
r-release-linux-ix86 0.3-5 1.34 26.30 27.64 NOTE
r-release-linux-x86_64 0.3-5 1.08 19.43 20.50 NOTE
r-release-osx-x86_64-mavericks 0.3-5 NOTE
r-release-windows-ix86+x86_64 0.3-5 5.00 39.00 44.00 NOTE
r-oldrel-windows-ix86+x86_64 0.3-5 3.00 32.00 35.00 NOTE

Check Details

Version: 0.3-5
Check: dependencies in R code
Result: NOTE
    Package in Depends field not imported from: ‘methods’
     These packages need to be imported from (in the NAMESPACE file)
     for when this namespace is loaded but not attached.
    See the information on DESCRIPTION files in the chapter ‘Creating R
    packages’ of the ‘Writing R Extensions’ manual.
Flavors: r-devel-linux-x86_64-debian-clang, r-devel-linux-x86_64-debian-gcc, r-devel-linux-x86_64-fedora-clang, r-devel-linux-x86_64-fedora-gcc, r-devel-osx-x86_64-clang, r-devel-windows-ix86+x86_64, r-patched-linux-x86_64, r-patched-solaris-sparc, r-patched-solaris-x86, r-release-linux-ix86, r-release-linux-x86_64, r-release-osx-x86_64-mavericks, r-release-windows-ix86+x86_64, r-oldrel-windows-ix86+x86_64