CRAN Package Check Results for Package stashR

Last updated on 2015-07-06 23:48:06.

Flavor Version Tinstall Tcheck Ttotal Status Flags
r-devel-linux-x86_64-debian-clang 0.3-5 0.78 18.13 18.92 NOTE
r-devel-linux-x86_64-debian-gcc 0.3-5 0.83 18.21 19.04 NOTE
r-devel-linux-x86_64-fedora-clang 0.3-5 27.70 NOTE
r-devel-linux-x86_64-fedora-gcc 0.3-5 26.42 NOTE
r-devel-osx-x86_64-clang 0.3-5 29.38 NOTE
r-devel-windows-ix86+x86_64 0.3-5 3.00 32.00 35.00 NOTE
r-patched-linux-x86_64 0.3-5 0.84 18.05 18.89 NOTE
r-patched-solaris-sparc 0.3-5 193.40 NOTE
r-patched-solaris-x86 0.3-5 40.70 NOTE
r-release-linux-x86_64 0.3-5 0.82 18.12 18.93 NOTE
r-release-osx-x86_64-mavericks 0.3-5 NOTE
r-release-windows-ix86+x86_64 0.3-5 3.00 30.00 33.00 NOTE
r-oldrel-windows-ix86+x86_64 0.3-5 6.00 33.00 39.00 NOTE

Check Details

Version: 0.3-5
Check: DESCRIPTION meta-information
Result: NOTE
    Malformed Description field: should contain one or more complete sentences.
Flavors: r-devel-linux-x86_64-debian-clang, r-devel-linux-x86_64-debian-gcc, r-devel-linux-x86_64-fedora-clang, r-devel-linux-x86_64-fedora-gcc, r-devel-osx-x86_64-clang, r-devel-windows-ix86+x86_64, r-patched-linux-x86_64, r-patched-solaris-sparc, r-patched-solaris-x86, r-release-linux-x86_64, r-release-osx-x86_64-mavericks, r-release-windows-ix86+x86_64

Version: 0.3-5
Check: dependencies in R code
Result: NOTE
    Package in Depends field not imported from: ‘methods’
     These packages need to be imported from (in the NAMESPACE file)
     for when this namespace is loaded but not attached.
Flavors: r-devel-linux-x86_64-debian-clang, r-devel-linux-x86_64-debian-gcc, r-devel-linux-x86_64-fedora-clang, r-devel-linux-x86_64-fedora-gcc, r-devel-osx-x86_64-clang, r-devel-windows-ix86+x86_64, r-patched-linux-x86_64, r-patched-solaris-sparc, r-patched-solaris-x86, r-release-linux-x86_64, r-release-osx-x86_64-mavericks, r-release-windows-ix86+x86_64, r-oldrel-windows-ix86+x86_64

Version: 0.3-5
Check: R code for possible problems
Result: NOTE
    cacheVersionFile: no visible global function definition for
     ‘download.file’
    getdata: no visible global function definition for ‘download.file’
    copyDB,localDB: no visible global function definition for ‘new’
    initialize,localDB: no visible global function definition for
     ‘callNextMethod’
    initialize,remoteDB: no visible global function definition for
     ‘callNextMethod’
    Undefined global functions or variables:
     callNextMethod download.file new
Flavors: r-devel-linux-x86_64-debian-clang, r-devel-linux-x86_64-debian-gcc, r-devel-linux-x86_64-fedora-clang, r-devel-linux-x86_64-fedora-gcc, r-devel-windows-ix86+x86_64