CRAN Package Check Results for Package stashR

Last updated on 2015-05-27 11:49:36.

Flavor Version Tinstall Tcheck Ttotal Status Flags
r-devel-linux-x86_64-debian-clang 0.3-5 0.83 18.76 19.59 NOTE
r-devel-linux-x86_64-debian-gcc 0.3-5 0.81 18.18 19.00 NOTE
r-devel-linux-x86_64-fedora-clang 0.3-5 28.59 NOTE
r-devel-linux-x86_64-fedora-gcc 0.3-5 28.20 NOTE
r-devel-osx-x86_64-clang 0.3-5 34.17 NOTE
r-devel-windows-ix86+x86_64 0.3-5 3.00 29.00 32.00 NOTE
r-patched-linux-x86_64 0.3-5 0.80 18.52 19.32 NOTE
r-patched-solaris-sparc 0.3-5 193.40 NOTE
r-patched-solaris-x86 0.3-5 41.60 NOTE
r-release-linux-x86_64 0.3-5 0.82 18.40 19.23 NOTE
r-release-osx-x86_64-mavericks 0.3-5 NOTE
r-release-osx-x86_64-snowleopard 0.3-5 NOTE
r-release-windows-ix86+x86_64 0.3-5 2.00 32.00 34.00 NOTE
r-oldrel-windows-ix86+x86_64 0.3-5 6.00 33.00 39.00 NOTE

Check Details

Version: 0.3-5
Check: DESCRIPTION meta-information
Result: NOTE
    Malformed Description field: should contain one or more complete sentences.
Flavors: r-devel-linux-x86_64-debian-clang, r-devel-linux-x86_64-debian-gcc, r-devel-linux-x86_64-fedora-clang, r-devel-linux-x86_64-fedora-gcc, r-devel-osx-x86_64-clang, r-devel-windows-ix86+x86_64, r-patched-linux-x86_64, r-patched-solaris-sparc, r-patched-solaris-x86, r-release-linux-x86_64, r-release-osx-x86_64-mavericks, r-release-osx-x86_64-snowleopard, r-release-windows-ix86+x86_64

Version: 0.3-5
Check: dependencies in R code
Result: NOTE
    Package in Depends field not imported from: ‘methods’
     These packages need to be imported from (in the NAMESPACE file)
     for when this namespace is loaded but not attached.
Flavors: r-devel-linux-x86_64-debian-clang, r-devel-linux-x86_64-debian-gcc, r-devel-linux-x86_64-fedora-clang, r-devel-linux-x86_64-fedora-gcc, r-devel-osx-x86_64-clang, r-devel-windows-ix86+x86_64, r-patched-linux-x86_64, r-patched-solaris-sparc, r-patched-solaris-x86, r-release-linux-x86_64, r-release-osx-x86_64-mavericks, r-release-osx-x86_64-snowleopard, r-release-windows-ix86+x86_64, r-oldrel-windows-ix86+x86_64