CRAN Package Check Results for Package stashR

Last updated on 2014-04-25 05:47:26.

Flavor Version Tinstall Tcheck Ttotal Status Flags
r-devel-linux-x86_64-debian-clang 0.3-5 1.12 20.74 21.85 NOTE
r-devel-linux-x86_64-debian-gcc 0.3-5 1.03 20.52 21.55 NOTE
r-devel-linux-x86_64-fedora-clang 0.3-5 33.44 NOTE
r-devel-linux-x86_64-fedora-gcc 0.3-5 31.97 NOTE
r-devel-osx-x86_64-clang 0.3-5 40.27 NOTE
r-devel-osx-x86_64-gcc 0.3-5 NOTE
r-devel-windows-ix86+x86_64 0.3-5 3.00 30.00 33.00 NOTE
r-patched-linux-x86_64 0.3-5 1.04 20.46 21.50 NOTE
r-patched-solaris-sparc 0.3-5 194.80 NOTE
r-patched-solaris-x86 0.3-5 49.00 NOTE
r-release-linux-ix86 0.3-5 2.00 36.00 38.00 NOTE
r-release-linux-x86_64 0.3-5 1.15 20.64 21.78 NOTE
r-release-osx-x86_64-mavericks 0.3-5 WARN
r-release-windows-ix86+x86_64 0.3-5 6.00 31.00 37.00 NOTE
r-oldrel-windows-ix86+x86_64 0.3-5 3.00 32.00 35.00 NOTE

Check Details

Version: 0.3-5
Check: dependencies in R code
Result: NOTE
    Package in Depends field not imported from: ‘methods’
     These packages need to be imported from (in the NAMESPACE file)
     for when this namespace is loaded but not attached.
    See the information on DESCRIPTION files in the chapter ‘Creating R
    packages’ of the ‘Writing R Extensions’ manual.
Flavors: r-devel-linux-x86_64-debian-clang, r-devel-linux-x86_64-debian-gcc, r-devel-linux-x86_64-fedora-clang, r-devel-linux-x86_64-fedora-gcc, r-devel-osx-x86_64-clang, r-devel-osx-x86_64-gcc, r-devel-windows-ix86+x86_64, r-patched-linux-x86_64, r-patched-solaris-sparc, r-patched-solaris-x86, r-release-linux-ix86, r-release-linux-x86_64, r-release-osx-x86_64-mavericks, r-release-windows-ix86+x86_64, r-oldrel-windows-ix86+x86_64

Version: 0.3-5
Check: PDF version of manual
Result: WARNING
    LaTeX errors when creating PDF version.
    This typically indicates Rd problems.
    LaTeX errors found:
    ! LaTeX Error: File `upquote.sty' not found.
    
    Type X to quit or <RETURN> to proceed,
    or enter new name. (Default extension: sty)
    
    477ec50/Rd2.tex:8: ==> Fatal error occurred, no output PDF file produced!
Flavor: r-release-osx-x86_64-mavericks