CRAN Package Check Results for Package stashR

Last updated on 2014-11-22 05:48:34.

Flavor Version Tinstall Tcheck Ttotal Status Flags
r-devel-linux-x86_64-debian-clang 0.3-5 1.00 19.68 20.68 NOTE
r-devel-linux-x86_64-debian-gcc 0.3-5 0.98 19.02 19.99 NOTE
r-devel-linux-x86_64-fedora-clang 0.3-5 34.37 NOTE
r-devel-linux-x86_64-fedora-gcc 0.3-5 31.99 NOTE
r-devel-osx-x86_64-clang 0.3-5 41.49 NOTE
r-devel-windows-ix86+x86_64 0.3-5 4.00 30.00 34.00 NOTE
r-patched-linux-x86_64 0.3-5 1.04 19.27 20.31 NOTE
r-patched-solaris-sparc 0.3-5 194.20 NOTE
r-patched-solaris-x86 0.3-5 49.60 NOTE
r-release-linux-ix86 0.3-5 1.21 26.17 27.38 NOTE
r-release-linux-x86_64 0.3-5 0.95 19.55 20.50 NOTE
r-release-osx-x86_64-mavericks 0.3-5 NOTE
r-release-windows-ix86+x86_64 0.3-5 4.00 40.00 44.00 NOTE
r-oldrel-windows-ix86+x86_64 0.3-5 3.00 32.00 35.00 NOTE

Check Details

Version: 0.3-5
Check: dependencies in R code
Result: NOTE
    Package in Depends field not imported from: ‘methods’
     These packages need to be imported from (in the NAMESPACE file)
     for when this namespace is loaded but not attached.
    See the information on DESCRIPTION files in the chapter ‘Creating R
    packages’ of the ‘Writing R Extensions’ manual.
Flavors: r-devel-linux-x86_64-debian-clang, r-devel-linux-x86_64-debian-gcc, r-devel-linux-x86_64-fedora-clang, r-devel-linux-x86_64-fedora-gcc, r-devel-osx-x86_64-clang, r-devel-windows-ix86+x86_64, r-patched-linux-x86_64, r-patched-solaris-sparc, r-patched-solaris-x86, r-release-linux-ix86, r-release-linux-x86_64, r-release-osx-x86_64-mavericks, r-release-windows-ix86+x86_64, r-oldrel-windows-ix86+x86_64