CRAN Package Check Results for Package stashR

Last updated on 2015-04-25 10:48:27.

Flavor Version Tinstall Tcheck Ttotal Status Flags
r-devel-linux-x86_64-debian-clang 0.3-5 0.91 18.43 19.34 NOTE
r-devel-linux-x86_64-debian-gcc 0.3-5 0.82 17.93 18.75 NOTE
r-devel-linux-x86_64-fedora-clang 0.3-5 28.94 NOTE
r-devel-linux-x86_64-fedora-gcc 0.3-5 27.03 NOTE
r-devel-osx-x86_64-clang 0.3-5 34.93 NOTE
r-devel-windows-ix86+x86_64 0.3-5 3.00 31.00 34.00 NOTE
r-patched-linux-x86_64 0.3-5 0.83 18.09 18.92 NOTE
r-patched-solaris-sparc 0.3-5 173.00 NOTE
r-patched-solaris-x86 0.3-5 39.80 NOTE
r-release-linux-x86_64 0.3-5 1.11 17.76 18.87 NOTE
r-release-osx-x86_64-mavericks 0.3-5 NOTE
r-release-osx-x86_64-snowleopard 0.3-5 NOTE
r-release-windows-ix86+x86_64 0.3-5 2.00 32.00 34.00 NOTE
r-oldrel-windows-ix86+x86_64 0.3-5 6.00 33.00 39.00 NOTE

Check Details

Version: 0.3-5
Check: DESCRIPTION meta-information
Result: NOTE
    Malformed Description field: should contain one or more complete sentences.
Flavors: r-devel-windows-ix86+x86_64, r-patched-linux-x86_64, r-release-windows-ix86+x86_64

Version: 0.3-5
Check: dependencies in R code
Result: NOTE
    Package in Depends field not imported from: 'methods'
     These packages need to be imported from (in the NAMESPACE file)
     for when this namespace is loaded but not attached.
Flavors: r-devel-windows-ix86+x86_64, r-patched-linux-x86_64, r-release-windows-ix86+x86_64, r-oldrel-windows-ix86+x86_64