CRAN Package Check Results for Package stashR

Last updated on 2014-07-24 17:49:09.

Flavor Version Tinstall Tcheck Ttotal Status Flags
r-devel-linux-x86_64-debian-clang 0.3-5 0.97 19.63 20.60 NOTE
r-devel-linux-x86_64-debian-gcc 0.3-5 1.02 19.04 20.07 NOTE
r-devel-linux-x86_64-fedora-clang 0.3-5 34.39 NOTE
r-devel-linux-x86_64-fedora-gcc 0.3-5 32.09 NOTE
r-devel-osx-x86_64-clang 0.3-5 39.52 NOTE
r-devel-windows-ix86+x86_64 0.3-5 3.00 31.00 34.00 NOTE
r-patched-linux-x86_64 0.3-5 0.99 19.10 20.10 NOTE
r-patched-solaris-sparc 0.3-5 194.80 NOTE
r-patched-solaris-x86 0.3-5 47.70 NOTE
r-release-linux-ix86 0.3-5 1.36 26.34 27.70 NOTE
r-release-linux-x86_64 0.3-5 1.05 19.55 20.60 NOTE
r-release-osx-x86_64-mavericks 0.3-5 NOTE
r-release-windows-ix86+x86_64 0.3-5 5.00 39.00 44.00 NOTE
r-oldrel-windows-ix86+x86_64 0.3-5 3.00 32.00 35.00 NOTE

Check Details

Version: 0.3-5
Check: dependencies in R code
Result: NOTE
    Package in Depends field not imported from: ‘methods’
     These packages need to be imported from (in the NAMESPACE file)
     for when this namespace is loaded but not attached.
    See the information on DESCRIPTION files in the chapter ‘Creating R
    packages’ of the ‘Writing R Extensions’ manual.
Flavors: r-devel-linux-x86_64-debian-clang, r-devel-linux-x86_64-debian-gcc, r-devel-linux-x86_64-fedora-clang, r-devel-linux-x86_64-fedora-gcc, r-devel-osx-x86_64-clang, r-devel-windows-ix86+x86_64, r-patched-linux-x86_64, r-patched-solaris-sparc, r-patched-solaris-x86, r-release-linux-ix86, r-release-linux-x86_64, r-release-osx-x86_64-mavericks, r-release-windows-ix86+x86_64, r-oldrel-windows-ix86+x86_64