CRAN Package Check Results for Package stashR

Last updated on 2015-03-27 21:48:02.

Flavor Version Tinstall Tcheck Ttotal Status Flags
r-devel-linux-x86_64-debian-clang 0.3-5 0.93 18.38 19.32 NOTE
r-devel-linux-x86_64-debian-gcc 0.3-5 0.82 18.53 19.35 NOTE
r-devel-linux-x86_64-fedora-clang 0.3-5 29.48 NOTE
r-devel-linux-x86_64-fedora-gcc 0.3-5 27.95 NOTE
r-devel-osx-x86_64-clang 0.3-5 38.70 NOTE
r-prerel-windows-ix86+x86_64 0.3-5 4.00 29.00 33.00 NOTE
r-prerel-linux-x86_64 0.3-5 0.79 17.97 18.76 NOTE
r-prerel-solaris-sparc 0.3-5 173.00 NOTE
r-prerel-solaris-x86 0.3-5 41.00 NOTE
r-release-linux-x86_64 0.3-5 1.11 19.84 20.95 NOTE
r-release-osx-x86_64-mavericks 0.3-5 NOTE
r-release-windows-ix86+x86_64 0.3-5 6.00 33.00 39.00 NOTE
r-oldrel-windows-ix86+x86_64 0.3-5 5.00 32.00 37.00 NOTE

Check Details

Version: 0.3-5
Check: DESCRIPTION meta-information
Result: NOTE
    Malformed Description field: should contain one or more complete sentences.
Flavors: r-devel-linux-x86_64-debian-clang, r-devel-linux-x86_64-debian-gcc, r-devel-linux-x86_64-fedora-clang, r-devel-linux-x86_64-fedora-gcc, r-devel-osx-x86_64-clang, r-prerel-windows-ix86+x86_64, r-prerel-linux-x86_64, r-prerel-solaris-sparc, r-prerel-solaris-x86

Version: 0.3-5
Check: dependencies in R code
Result: NOTE
    Package in Depends field not imported from: ‘methods’
     These packages need to be imported from (in the NAMESPACE file)
     for when this namespace is loaded but not attached.
Flavors: r-devel-linux-x86_64-debian-clang, r-devel-linux-x86_64-debian-gcc, r-devel-linux-x86_64-fedora-clang, r-devel-linux-x86_64-fedora-gcc, r-devel-osx-x86_64-clang, r-prerel-windows-ix86+x86_64, r-prerel-linux-x86_64, r-prerel-solaris-sparc, r-prerel-solaris-x86, r-release-linux-x86_64, r-release-windows-ix86+x86_64

Version: 0.3-5
Check: dependencies in R code
Result: NOTE
    Package in Depends field not imported from: ‘methods’
     These packages need to be imported from (in the NAMESPACE file)
     for when this namespace is loaded but not attached.
    See the information on DESCRIPTION files in the chapter ‘Creating R
    packages’ of the ‘Writing R Extensions’ manual.
Flavors: r-release-osx-x86_64-mavericks, r-oldrel-windows-ix86+x86_64