CRAN Package Check Results for Package statespacer

Last updated on 2023-09-29 19:58:47 CEST.

Flavor Version Tinstall Tcheck Ttotal Status Flags
r-devel-linux-x86_64-debian-clang 0.5.0 125.47 148.77 274.24 OK
r-devel-linux-x86_64-debian-gcc 0.5.0 84.24 120.19 204.43 OK
r-devel-linux-x86_64-fedora-clang 0.5.0 356.14 OK
r-devel-linux-x86_64-fedora-gcc 0.5.0 376.10 OK
r-devel-windows-x86_64 0.5.0 87.00 146.00 233.00 OK
r-patched-linux-x86_64 0.5.0 105.80 146.42 252.22 OK
r-release-linux-x86_64 0.5.0 116.18 145.99 262.17 OK
r-release-macos-arm64 0.5.0 111.00 NOTE
r-release-macos-x86_64 0.5.0 181.00 NOTE
r-release-windows-x86_64 0.5.0 120.00 180.00 300.00 OK
r-oldrel-macos-arm64 0.5.0 93.00 NOTE
r-oldrel-macos-x86_64 0.5.0 116.00 NOTE
r-oldrel-windows-x86_64 0.5.0 116.00 168.00 284.00 OK

Check Details

Version: 0.5.0
Check: installed package size
Result: NOTE
     installed size is 7.1Mb
     sub-directories of 1Mb or more:
     libs 6.4Mb
Flavors: r-release-macos-arm64, r-release-macos-x86_64, r-oldrel-macos-arm64, r-oldrel-macos-x86_64