CRAN Package Check Results for Package statespacer

Last updated on 2022-12-02 13:52:35 CET.

Flavor Version Tinstall Tcheck Ttotal Status Flags
r-devel-linux-x86_64-debian-clang 0.4.1 120.48 142.89 263.37 OK
r-devel-linux-x86_64-debian-gcc 0.4.1 88.78 114.03 202.81 OK
r-devel-linux-x86_64-fedora-clang 0.4.1 370.21 OK
r-devel-linux-x86_64-fedora-gcc 0.4.1 339.12 OK
r-devel-windows-x86_64 0.4.1 110.00 192.00 302.00 OK
r-patched-linux-x86_64 0.4.1 98.02 133.81 231.83 OK
r-release-linux-x86_64 0.4.1 99.71 132.58 232.29 OK
r-release-macos-arm64 0.4.1 88.00 NOTE
r-release-macos-x86_64 0.4.1 116.00 NOTE
r-release-windows-x86_64 0.4.1 160.00 200.00 360.00 OK
r-oldrel-macos-arm64 0.4.1 91.00 NOTE
r-oldrel-macos-x86_64 0.4.1 111.00 NOTE
r-oldrel-windows-ix86+x86_64 0.4.1 269.00 192.00 461.00 OK

Check Details

Version: 0.4.1
Check: installed package size
Result: NOTE
     installed size is 6.9Mb
     sub-directories of 1Mb or more:
     libs 6.1Mb
Flavors: r-release-macos-arm64, r-release-macos-x86_64, r-oldrel-macos-arm64, r-oldrel-macos-x86_64