CRAN Package Check Results for Package statgenGWAS

Last updated on 2022-11-28 07:50:05 CET.

Flavor Version Tinstall Tcheck Ttotal Status Flags
r-devel-linux-x86_64-debian-clang 1.0.9 113.15 262.62 375.77 OK
r-devel-linux-x86_64-debian-gcc 1.0.9 89.14 175.62 264.76 OK
r-devel-linux-x86_64-fedora-clang 1.0.9 473.92 OK
r-devel-linux-x86_64-fedora-gcc 1.0.9 439.97 OK
r-devel-windows-x86_64 1.0.9 107.00 288.00 395.00 NOTE
r-patched-linux-x86_64 1.0.9 95.78 234.79 330.57 OK
r-release-linux-x86_64 1.0.9 91.53 231.59 323.12 OK
r-release-macos-arm64 1.0.9 227.00 NOTE
r-release-macos-x86_64 1.0.9 410.00 NOTE
r-release-windows-x86_64 1.0.9 229.00 288.00 517.00 NOTE
r-oldrel-macos-arm64 1.0.9 232.00 NOTE
r-oldrel-macos-x86_64 1.0.9 402.00 NOTE
r-oldrel-windows-ix86+x86_64 1.0.9 255.00 297.00 552.00 NOTE

Check Details

Version: 1.0.9
Check: installed package size
Result: NOTE
     installed size is 5.1Mb
     sub-directories of 1Mb or more:
     data 2.7Mb
     libs 1.4Mb
Flavors: r-devel-windows-x86_64, r-release-macos-arm64, r-release-macos-x86_64, r-release-windows-x86_64, r-oldrel-macos-arm64, r-oldrel-macos-x86_64, r-oldrel-windows-ix86+x86_64