CRAN Package Check Results for Package statnet.common

Last updated on 2022-07-07 05:56:14 CEST.

Flavor Version Tinstall Tcheck Ttotal Status Flags
r-devel-linux-x86_64-debian-clang 4.6.0 4.87 39.06 43.93 NOTE
r-devel-linux-x86_64-debian-gcc 4.6.0 4.30 30.49 34.79 NOTE
r-devel-linux-x86_64-fedora-clang 4.6.0 64.98 NOTE
r-devel-linux-x86_64-fedora-gcc 4.6.0 63.84 NOTE
r-devel-windows-x86_64 4.6.0 140.00 70.00 210.00 NOTE
r-patched-linux-x86_64 4.6.0 8.21 38.49 46.70 NOTE
r-release-linux-x86_64 4.6.0 5.42 38.28 43.70 NOTE
r-release-macos-arm64 4.6.0 32.00 NOTE
r-release-macos-x86_64 4.6.0 33.00 NOTE
r-release-windows-x86_64 4.6.0 161.00 75.00 236.00 NOTE
r-oldrel-macos-arm64 4.6.0 32.00 NOTE
r-oldrel-macos-x86_64 4.6.0 32.00 NOTE
r-oldrel-windows-ix86+x86_64 4.6.0 12.00 77.00 89.00 NOTE

Check Details

Version: 4.6.0
Check: R code for possible problems
Result: NOTE
    Found the following possibly unsafe calls:
    File 'statnet.common/R/control.utilities.R':
     unlockBinding("snctrl", environment(snctrl))
     unlockBinding("snctrl", environment(update_my_snctrl))
Flavors: r-devel-linux-x86_64-debian-clang, r-devel-linux-x86_64-debian-gcc, r-devel-linux-x86_64-fedora-clang, r-devel-linux-x86_64-fedora-gcc, r-devel-windows-x86_64, r-patched-linux-x86_64, r-release-linux-x86_64, r-release-macos-arm64, r-release-macos-x86_64, r-release-windows-x86_64, r-oldrel-macos-arm64, r-oldrel-macos-x86_64, r-oldrel-windows-ix86+x86_64

Version: 4.6.0
Check: package subdirectories
Result: NOTE
    Problems with news in ‘NEWS.md’:
     Cannot extract version info from the following section titles:
     Enhancements to existing utilities
     Miscellaneous changes
Flavors: r-devel-linux-x86_64-debian-gcc, r-devel-windows-x86_64