CRAN Package Check Results for Package statnet.common

Last updated on 2015-07-29 03:48:43.

Flavor Version Tinstall Tcheck Ttotal Status Flags
r-devel-linux-x86_64-debian-clang 3.2.2 0.68 8.56 9.24 WARN
r-devel-linux-x86_64-debian-gcc 3.2.2 0.54 8.50 9.04 WARN
r-devel-linux-x86_64-fedora-clang 3.2.2 17.38 WARN
r-devel-linux-x86_64-fedora-gcc 3.2.2 16.00 WARN
r-devel-osx-x86_64-clang 3.2.2 16.82 WARN
r-devel-windows-ix86+x86_64 3.2.2 2.00 18.00 20.00 WARN
r-patched-linux-x86_64 3.2.2 0.58 8.66 9.25 NOTE
r-patched-solaris-sparc 3.2.2 113.40 NOTE
r-patched-solaris-x86 3.2.2 27.00 NOTE
r-release-linux-x86_64 3.2.2 0.60 8.48 9.08 NOTE
r-release-osx-x86_64-mavericks 3.2.2 OK
r-release-windows-ix86+x86_64 3.2.2 2.00 16.00 18.00 OK
r-oldrel-windows-ix86+x86_64 3.2.2 4.00 17.00 21.00 OK

Check Details

Version: 3.2.2
Check: dependencies in R code
Result: WARN
    '::' or ':::' import not declared from: ‘methods’
Flavors: r-devel-linux-x86_64-debian-clang, r-devel-linux-x86_64-debian-gcc, r-devel-linux-x86_64-fedora-clang, r-devel-linux-x86_64-fedora-gcc, r-devel-osx-x86_64-clang, r-devel-windows-ix86+x86_64

Version: 3.2.2
Check: S3 generic/method consistency
Result: NOTE
    Found the following apparent S3 methods exported but not registered:
     print.control.list sort.data.frame
    See section ‘Registering S3 methods’ in the ‘Writing R Extensions’
    manual.
Flavors: r-devel-linux-x86_64-debian-clang, r-devel-linux-x86_64-debian-gcc, r-devel-linux-x86_64-fedora-clang, r-devel-linux-x86_64-fedora-gcc, r-devel-osx-x86_64-clang, r-patched-linux-x86_64, r-patched-solaris-sparc, r-patched-solaris-x86, r-release-linux-x86_64

Version: 3.2.2
Check: R code for possible problems
Result: NOTE
    statnet.cite.foot: no visible global function definition for
     ‘citFooter’
    statnet.cite.head: no visible global function definition for
     ‘citHeader’
    statnet.cite.pkg: no visible global function definition for ‘bibentry’
    Undefined global functions or variables:
     bibentry citFooter citHeader
    Consider adding
     importFrom("utils", "bibentry", "citFooter", "citHeader")
    to your NAMESPACE.
Flavors: r-devel-linux-x86_64-debian-clang, r-devel-linux-x86_64-debian-gcc, r-devel-linux-x86_64-fedora-clang, r-devel-linux-x86_64-fedora-gcc, r-devel-windows-ix86+x86_64