CRAN Package Check Results for Package statnet.common

Last updated on 2015-03-05 08:49:24.

Flavor Version Tinstall Tcheck Ttotal Status Flags
r-devel-linux-x86_64-debian-clang 3.2.2 0.58 8.53 9.11 NOTE
r-devel-linux-x86_64-debian-gcc 3.2.2 0.56 8.48 9.04 NOTE
r-devel-linux-x86_64-fedora-clang 3.2.2 18.20 NOTE
r-devel-linux-x86_64-fedora-gcc 3.2.2 16.74 NOTE
r-devel-osx-x86_64-clang 3.2.2 22.00 NOTE
r-devel-windows-ix86+x86_64 3.2.2 4.00 16.00 20.00 OK
r-patched-linux-x86_64 3.2.2 0.63 9.23 9.86 OK
r-patched-solaris-sparc 3.2.2 120.30 OK
r-patched-solaris-x86 3.2.2 29.70 OK
r-release-linux-ix86 3.2.2 0.82 16.55 17.37 OK
r-release-linux-x86_64 3.2.2 0.62 9.64 10.27 OK
r-release-osx-x86_64-mavericks 3.2.2 OK
r-release-osx-x86_64-snowleopard 3.2.2 OK
r-release-windows-ix86+x86_64 3.2.2 2.00 15.00 17.00 OK
r-oldrel-windows-ix86+x86_64 3.2.2 2.00 16.00 18.00 OK

Check Details

Version: 3.2.2
Check: S3 generic/method consistency
Result: NOTE
    Found the following apparent S3 methods exported but not registered:
     print.control.list sort.data.frame
    See section ‘Registering S3 methods’ in the ‘Writing R Extensions’
    manual.
Flavors: r-devel-linux-x86_64-debian-clang, r-devel-linux-x86_64-debian-gcc, r-devel-linux-x86_64-fedora-clang, r-devel-linux-x86_64-fedora-gcc, r-devel-osx-x86_64-clang