CRAN Package Check Results for Package statnet.common

Last updated on 2015-05-30 13:47:36.

Flavor Version Tinstall Tcheck Ttotal Status Flags
r-devel-linux-x86_64-debian-clang 3.2.2 0.61 8.55 9.16 NOTE
r-devel-linux-x86_64-debian-gcc 3.2.2 0.56 9.32 9.88 NOTE
r-devel-linux-x86_64-fedora-clang 3.2.2 17.84 NOTE
r-devel-linux-x86_64-fedora-gcc 3.2.2 16.90 NOTE
r-devel-osx-x86_64-clang 3.2.2 21.42 NOTE
r-devel-windows-ix86+x86_64 3.2.2 2.00 16.00 18.00 OK
r-patched-linux-x86_64 3.2.2 0.56 8.32 8.88 NOTE
r-patched-solaris-sparc 3.2.2 122.40 NOTE
r-patched-solaris-x86 3.2.2 26.60 NOTE
r-release-linux-x86_64 3.2.2 0.57 8.55 9.12 NOTE
r-release-osx-x86_64-mavericks 3.2.2 OK
r-release-osx-x86_64-snowleopard 3.2.2 OK
r-release-windows-ix86+x86_64 3.2.2 2.00 16.00 18.00 OK
r-oldrel-windows-ix86+x86_64 3.2.2 4.00 17.00 21.00 OK

Check Details

Version: 3.2.2
Check: S3 generic/method consistency
Result: NOTE
    Found the following apparent S3 methods exported but not registered:
     print.control.list sort.data.frame
    See section ‘Registering S3 methods’ in the ‘Writing R Extensions’
    manual.
Flavors: r-devel-linux-x86_64-debian-clang, r-devel-linux-x86_64-debian-gcc, r-devel-linux-x86_64-fedora-clang, r-devel-linux-x86_64-fedora-gcc, r-devel-osx-x86_64-clang, r-patched-linux-x86_64, r-patched-solaris-sparc, r-patched-solaris-x86, r-release-linux-x86_64