CRAN Package Check Results for Package statnet

Last updated on 2016-07-27 02:47:19.

Flavor Version Tinstall Tcheck Ttotal Status Flags
r-devel-linux-x86_64-debian-clang 2016.4 14.06 74.28 88.34 WARN
r-devel-linux-x86_64-debian-gcc 2016.4 12.89 72.70 85.58 WARN
r-devel-linux-x86_64-fedora-clang 2016.4 136.78 WARN
r-devel-linux-x86_64-fedora-gcc 2016.4 129.74 WARN
r-devel-osx-x86_64-clang 2016.4 107.54 WARN
r-devel-windows-ix86+x86_64 2016.4 128.00 359.00 487.00 WARN
r-patched-linux-x86_64 2016.4 14.95 73.41 88.36 WARN
r-patched-solaris-sparc 2016.4 817.40 WARN
r-patched-solaris-x86 2016.4 184.40 WARN
r-release-linux-x86_64 2016.4 14.76 74.64 89.40 WARN
r-release-osx-x86_64-mavericks 2016.4 WARN
r-release-windows-ix86+x86_64 2016.4 211.00 387.00 598.00 WARN
r-oldrel-windows-ix86+x86_64 2016.4 204.00 363.00 567.00 WARN

Check Details

Version: 2016.4
Check: whether package can be installed
Result: WARN
    Found the following significant warnings:
     Warning: replacing previous import ‘network::%c%’ by ‘sna::%c%’ when loading ‘statnet’
Flavors: r-devel-linux-x86_64-debian-clang, r-devel-linux-x86_64-debian-gcc, r-devel-linux-x86_64-fedora-clang, r-devel-linux-x86_64-fedora-gcc, r-devel-osx-x86_64-clang, r-devel-windows-ix86+x86_64, r-patched-linux-x86_64, r-patched-solaris-sparc, r-patched-solaris-x86, r-release-linux-x86_64, r-release-osx-x86_64-mavericks, r-release-windows-ix86+x86_64, r-oldrel-windows-ix86+x86_64