CRAN Package Check Results for Package statnet

Last updated on 2016-02-06 11:48:34.

Flavor Version Tinstall Tcheck Ttotal Status Flags
r-devel-linux-x86_64-debian-gcc 2015.11.0 9.95 61.01 70.96 NOTE
r-devel-linux-x86_64-fedora-clang 2015.11.0 131.88 NOTE
r-devel-linux-x86_64-fedora-gcc 2015.11.0 124.77 NOTE
r-devel-osx-x86_64-clang 2015.11.0 140.59 NOTE
r-devel-windows-ix86+x86_64 2015.11.0 190.00 267.00 457.00 NOTE
r-patched-linux-x86_64 2015.11.0 13.00 65.08 78.08 NOTE
r-patched-solaris-sparc 2015.11.0 818.40 NOTE
r-patched-solaris-x86 2015.11.0 177.40 NOTE
r-release-linux-x86_64 2015.11.0 12.15 65.54 77.69 NOTE
r-release-osx-x86_64-mavericks 2015.11.0 NOTE
r-release-windows-ix86+x86_64 2015.11.0 123.00 456.00 579.00 NOTE
r-oldrel-windows-ix86+x86_64 2015.11.0 93.00 231.00 324.00 NOTE

Check Details

Version: 2015.11.0
Check: package dependencies
Result: NOTE
    Depends: includes the non-default packages:
     ‘network’ ‘networkDynamic’ ‘ergm’ ‘sna’ ‘tergm’ ‘ergm.count’
    Adding so many packages to the search path is excessive and importing
    selectively is preferable.
Flavors: r-devel-linux-x86_64-debian-gcc, r-devel-linux-x86_64-fedora-clang, r-devel-linux-x86_64-fedora-gcc, r-devel-osx-x86_64-clang, r-devel-windows-ix86+x86_64, r-patched-linux-x86_64, r-patched-solaris-sparc, r-patched-solaris-x86, r-release-linux-x86_64, r-release-osx-x86_64-mavericks, r-release-windows-ix86+x86_64, r-oldrel-windows-ix86+x86_64