CRAN Package Check Results for Package statnet

Last updated on 2016-05-02 13:49:10.

Flavor Version Tinstall Tcheck Ttotal Status Flags
r-devel-linux-x86_64-debian-gcc 2016.4 11.89 65.43 77.32 WARN
r-devel-linux-x86_64-fedora-clang 2016.4 134.27 WARN
r-devel-linux-x86_64-fedora-gcc 2016.4 127.97 WARN
r-devel-osx-x86_64-clang 2016.4 151.07 WARN
r-devel-windows-ix86+x86_64 2016.4 79.00 239.00 318.00 WARN
r-patched-linux-x86_64 2016.4 11.53 64.39 75.92 WARN
r-patched-solaris-sparc 2016.4 756.00 WARN
r-patched-solaris-x86 2016.4 180.00 WARN
r-release-linux-x86_64 2016.4 14.49 69.75 84.24 WARN
r-release-osx-x86_64-mavericks 2016.4 WARN
r-release-windows-ix86+x86_64 2016.4 166.00 312.00 478.00 WARN
r-oldrel-windows-ix86+x86_64 2016.4 107.00 350.00 457.00 WARN

Check Details

Version: 2016.4
Check: whether package can be installed
Result: WARN
    Found the following significant warnings:
     Warning: replacing previous import ‘network::%c%’ by ‘sna::%c%’ when loading ‘statnet’
Flavors: r-devel-linux-x86_64-debian-gcc, r-devel-linux-x86_64-fedora-clang, r-devel-linux-x86_64-fedora-gcc, r-devel-osx-x86_64-clang, r-devel-windows-ix86+x86_64, r-patched-linux-x86_64, r-patched-solaris-sparc, r-patched-solaris-x86, r-release-linux-x86_64, r-release-osx-x86_64-mavericks, r-release-windows-ix86+x86_64

Version: 2016.4
Check: whether package can be installed
Result: WARN
    Found the following significant warnings:
     Warning: replacing previous import by 'sna::%c%' when loading 'statnet'
Flavor: r-oldrel-windows-ix86+x86_64