CRAN Package Check Results for Package statnet

Last updated on 2014-04-23 12:48:29.

Flavor Version Tinstall Tcheck Ttotal Status Flags
r-devel-linux-x86_64-debian-clang 2014.2.0 4.34 49.69 54.03 NOTE
r-devel-linux-x86_64-debian-gcc 2014.2.0 4.40 48.52 52.91 NOTE
r-devel-linux-x86_64-fedora-clang 2014.2.0 128.13 NOTE
r-devel-linux-x86_64-fedora-gcc 2014.2.0 121.11 NOTE
r-devel-osx-x86_64-clang 2014.2.0 107.94 NOTE
r-devel-osx-x86_64-gcc 2014.2.0 ERROR
r-devel-windows-ix86+x86_64 2014.2.0 13.00 72.00 85.00 NOTE
r-patched-linux-x86_64 2014.2.0 4.59 47.93 52.52 NOTE
r-patched-solaris-sparc 2014.2.0 657.80 NOTE
r-patched-solaris-x86 2014.2.0 159.20 NOTE
r-release-linux-ix86 2014.2.0 6.00 81.00 87.00 NOTE
r-release-linux-x86_64 2014.2.0 4.30 48.67 52.98 NOTE
r-release-osx-x86_64-mavericks 2014.2.0 WARN
r-release-osx-x86_64-snowleopard 2014.2.0 NOTE
r-release-windows-ix86+x86_64 2014.2.0 13.00 75.00 88.00 NOTE
r-oldrel-windows-ix86+x86_64 2014.2.0 14.00 77.00 91.00 OK

Check Details

Version: 2014.2.0
Check: package dependencies
Result: NOTE
    Depends: includes the non-default packages:
     ‘network’ ‘ergm’ ‘sna’ ‘networkDynamic’ ‘tergm’ ‘ergm.count’
     ‘latentnet’
    Adding so many packages to the search path is excessive and importing
    selectively is preferable.
Flavors: r-devel-linux-x86_64-debian-clang, r-devel-linux-x86_64-debian-gcc, r-devel-linux-x86_64-fedora-clang, r-devel-linux-x86_64-fedora-gcc, r-devel-osx-x86_64-clang, r-devel-windows-ix86+x86_64, r-patched-linux-x86_64, r-patched-solaris-sparc, r-patched-solaris-x86, r-release-linux-ix86, r-release-linux-x86_64, r-release-osx-x86_64-mavericks, r-release-osx-x86_64-snowleopard, r-release-windows-ix86+x86_64

Version: 2014.2.0
Check: package dependencies
Result: ERROR
    Packages required but not available:
     ‘ergm’ ‘tergm’ ‘ergm.count’ ‘latentnet’
    
    Packages suggested but not available for checking: ‘networksis’ ‘EpiModel’
    
    Depends: includes the non-default packages:
     ‘network’ ‘ergm’ ‘sna’ ‘networkDynamic’ ‘tergm’ ‘ergm.count’
     ‘latentnet’
    Adding so many packages to the search path is excessive and importing
    selectively is preferable.
    
    See the information on DESCRIPTION files in the chapter ‘Creating R
    packages’ of the ‘Writing R Extensions’ manual.
Flavor: r-devel-osx-x86_64-gcc

Version: 2014.2.0
Check: PDF version of manual
Result: WARNING
    LaTeX errors when creating PDF version.
    This typically indicates Rd problems.
    LaTeX errors found:
    ! LaTeX Error: File `upquote.sty' not found.
    
    Type X to quit or <RETURN> to proceed,
    or enter new name. (Default extension: sty)
    
    5ca0bf5/Rd2.tex:8: ==> Fatal error occurred, no output PDF file produced!
Flavor: r-release-osx-x86_64-mavericks