CRAN Package Check Results for Package statnet

Last updated on 2015-04-28 12:47:39.

Flavor Version Tinstall Tcheck Ttotal Status Flags
r-devel-linux-x86_64-debian-clang 2014.2.0 3.50 35.38 38.88 NOTE
r-devel-linux-x86_64-debian-gcc 2014.2.0 3.14 35.03 38.17 NOTE
r-devel-linux-x86_64-fedora-clang 2014.2.0 84.37 NOTE
r-devel-linux-x86_64-fedora-gcc 2014.2.0 78.39 NOTE
r-devel-osx-x86_64-clang 2014.2.0 69.34 NOTE
r-devel-windows-ix86+x86_64 2014.2.0 11.00 52.00 63.00 NOTE
r-patched-linux-x86_64 2014.2.0 3.28 36.74 40.02 NOTE
r-patched-solaris-sparc 2014.2.0 474.60 NOTE
r-patched-solaris-x86 2014.2.0 114.80 NOTE
r-release-linux-x86_64 2014.2.0 3.14 34.45 37.59 NOTE
r-release-osx-x86_64-mavericks 2014.2.0 ERROR
r-release-osx-x86_64-snowleopard 2014.2.0 NOTE
r-release-windows-ix86+x86_64 2014.2.0 8.00 58.00 66.00 NOTE
r-oldrel-windows-ix86+x86_64 2014.2.0 13.00 79.00 92.00 NOTE

Check Details

Version: 2014.2.0
Check: package dependencies
Result: NOTE
    Depends: includes the non-default packages:
     ‘network’ ‘ergm’ ‘sna’ ‘networkDynamic’ ‘tergm’ ‘ergm.count’
     ‘latentnet’
    Adding so many packages to the search path is excessive and importing
    selectively is preferable.
Flavors: r-devel-linux-x86_64-debian-clang, r-devel-linux-x86_64-debian-gcc, r-devel-linux-x86_64-fedora-clang, r-devel-linux-x86_64-fedora-gcc, r-devel-osx-x86_64-clang, r-devel-windows-ix86+x86_64, r-patched-linux-x86_64, r-patched-solaris-sparc, r-patched-solaris-x86, r-release-linux-x86_64, r-release-osx-x86_64-snowleopard, r-release-windows-ix86+x86_64, r-oldrel-windows-ix86+x86_64

Version: 2014.2.0
Check: DESCRIPTION meta-information
Result: NOTE
    Malformed Description field: should contain one or more complete sentences.
Flavors: r-devel-linux-x86_64-debian-clang, r-devel-linux-x86_64-debian-gcc, r-devel-linux-x86_64-fedora-clang, r-devel-linux-x86_64-fedora-gcc, r-devel-osx-x86_64-clang, r-devel-windows-ix86+x86_64, r-patched-linux-x86_64, r-patched-solaris-sparc, r-patched-solaris-x86, r-release-linux-x86_64, r-release-windows-ix86+x86_64

Version: 2014.2.0
Check: package dependencies
Result: ERROR
    Packages required but not available:
     ‘ergm’ ‘tergm’ ‘ergm.count’ ‘latentnet’
    
    Package suggested but not available for checking: ‘EpiModel’
    
    Depends: includes the non-default packages:
     ‘network’ ‘ergm’ ‘sna’ ‘networkDynamic’ ‘tergm’ ‘ergm.count’
     ‘latentnet’
    Adding so many packages to the search path is excessive and importing
    selectively is preferable.
    
    See section ‘The DESCRIPTION file’ in the ‘Writing R Extensions’
    manual.
Flavor: r-release-osx-x86_64-mavericks