CRAN Package Check Results for Package statnet

Last updated on 2022-09-29 00:53:02 CEST.

Flavor Version Tinstall Tcheck Ttotal Status Flags
r-devel-linux-x86_64-debian-clang 2019.6 12.39 240.07 252.46 NOTE
r-devel-linux-x86_64-debian-gcc 2019.6 8.91 183.15 192.06 NOTE
r-devel-linux-x86_64-fedora-clang 2019.6 313.90 NOTE
r-devel-linux-x86_64-fedora-gcc 2019.6 295.54 NOTE
r-devel-windows-x86_64 2019.6 212.00 417.00 629.00 OK
r-patched-linux-x86_64 2019.6 10.48 225.50 235.98 NOTE
r-release-linux-x86_64 2019.6 9.52 220.24 229.76 NOTE
r-release-macos-arm64 2019.6 98.00 OK
r-release-macos-x86_64 2019.6 216.00 OK
r-release-windows-x86_64 2019.6 58.00 424.00 482.00 OK
r-oldrel-macos-arm64 2019.6 104.00 OK
r-oldrel-macos-x86_64 2019.6 208.00 OK
r-oldrel-windows-ix86+x86_64 2019.6 162.00 374.00 536.00 OK

Check Details

Version: 2019.6
Check: package dependencies
Result: NOTE
    Package suggested but not available for checking: 'networksis'
Flavors: r-devel-linux-x86_64-debian-clang, r-devel-linux-x86_64-debian-gcc, r-devel-linux-x86_64-fedora-clang, r-devel-linux-x86_64-fedora-gcc, r-patched-linux-x86_64, r-release-linux-x86_64