CRAN Package Check Results for Package statnet

Last updated on 2015-01-26 10:47:20.

Flavor Version Tinstall Tcheck Ttotal Status Flags
r-devel-linux-x86_64-debian-clang 2014.2.0 3.91 38.68 42.59 NOTE
r-devel-linux-x86_64-debian-gcc 2014.2.0 3.73 37.25 40.98 NOTE
r-devel-linux-x86_64-fedora-clang 2014.2.0 129.53 NOTE
r-devel-linux-x86_64-fedora-gcc 2014.2.0 121.64 NOTE
r-devel-osx-x86_64-clang 2014.2.0 105.68 NOTE
r-devel-windows-ix86+x86_64 2014.2.0 16.00 57.00 73.00 NOTE
r-patched-linux-x86_64 2014.2.0 4.62 49.06 53.68 NOTE
r-patched-solaris-sparc 2014.2.0 677.20 NOTE
r-patched-solaris-x86 2014.2.0 166.20 NOTE
r-release-linux-ix86 2014.2.0 4.83 58.21 63.04 NOTE
r-release-linux-x86_64 2014.2.0 4.26 51.04 55.29 NOTE
r-release-osx-x86_64-mavericks 2014.2.0 NOTE
r-release-osx-x86_64-snowleopard 2014.2.0 NOTE
r-release-windows-ix86+x86_64 2014.2.0 15.00 83.00 98.00 NOTE
r-oldrel-windows-ix86+x86_64 2014.2.0 23.00 86.00 109.00 OK

Check Details

Version: 2014.2.0
Check: package dependencies
Result: NOTE
    Depends: includes the non-default packages:
     ‘network’ ‘ergm’ ‘sna’ ‘networkDynamic’ ‘tergm’ ‘ergm.count’
     ‘latentnet’
    Adding so many packages to the search path is excessive and importing
    selectively is preferable.
Flavors: r-devel-linux-x86_64-debian-clang, r-devel-linux-x86_64-debian-gcc, r-devel-linux-x86_64-fedora-clang, r-devel-linux-x86_64-fedora-gcc, r-devel-osx-x86_64-clang, r-devel-windows-ix86+x86_64, r-patched-linux-x86_64, r-patched-solaris-sparc, r-patched-solaris-x86, r-release-linux-ix86, r-release-linux-x86_64, r-release-osx-x86_64-mavericks, r-release-osx-x86_64-snowleopard, r-release-windows-ix86+x86_64