CRAN Package Check Results for Package statnet

Last updated on 2014-10-22 05:47:31.

Flavor Version Tinstall Tcheck Ttotal Status Flags
r-devel-linux-x86_64-debian-clang 2014.2.0 4.08 45.82 49.89 NOTE
r-devel-linux-x86_64-debian-gcc 2014.2.0 4.20 47.20 51.39 NOTE
r-devel-linux-x86_64-fedora-clang 2014.2.0 122.27 NOTE
r-devel-linux-x86_64-fedora-gcc 2014.2.0 116.09 NOTE
r-devel-osx-x86_64-clang 2014.2.0 100.62 NOTE
r-devel-windows-ix86+x86_64 2014.2.0 12.00 69.00 81.00 NOTE
r-patched-linux-x86_64 2014.2.0 4.17 47.00 51.18 NOTE
r-patched-solaris-sparc 2014.2.0 660.70 NOTE
r-patched-solaris-x86 2014.2.0 159.00 NOTE
r-release-linux-ix86 2014.2.0 5.03 60.51 65.54 NOTE
r-release-linux-x86_64 2014.2.0 4.38 49.37 53.75 NOTE
r-release-osx-x86_64-mavericks 2014.2.0 NOTE
r-release-osx-x86_64-snowleopard 2014.2.0 NOTE
r-release-windows-ix86+x86_64 2014.2.0 14.00 80.00 94.00 NOTE
r-oldrel-windows-ix86+x86_64 2014.2.0 14.00 78.00 92.00 OK

Check Details

Version: 2014.2.0
Check: package dependencies
Result: NOTE
    Depends: includes the non-default packages:
     ‘network’ ‘ergm’ ‘sna’ ‘networkDynamic’ ‘tergm’ ‘ergm.count’
     ‘latentnet’
    Adding so many packages to the search path is excessive and importing
    selectively is preferable.
Flavors: r-devel-linux-x86_64-debian-clang, r-devel-linux-x86_64-debian-gcc, r-devel-linux-x86_64-fedora-clang, r-devel-linux-x86_64-fedora-gcc, r-devel-osx-x86_64-clang, r-devel-windows-ix86+x86_64, r-patched-linux-x86_64, r-patched-solaris-sparc, r-patched-solaris-x86, r-release-linux-ix86, r-release-linux-x86_64, r-release-osx-x86_64-mavericks, r-release-osx-x86_64-snowleopard, r-release-windows-ix86+x86_64