CRAN Package Check Results for Package statnet

Last updated on 2015-07-06 23:48:06.

Flavor Version Tinstall Tcheck Ttotal Status Flags
r-devel-linux-x86_64-debian-clang 2014.2.0 3.10 35.16 38.25 NOTE
r-devel-linux-x86_64-debian-gcc 2014.2.0 4.22 34.43 38.65 NOTE
r-devel-linux-x86_64-fedora-clang 2014.2.0 80.44 NOTE
r-devel-linux-x86_64-fedora-gcc 2014.2.0 75.37 NOTE
r-devel-osx-x86_64-clang 2014.2.0 61.86 NOTE
r-devel-windows-ix86+x86_64 2014.2.0 13.00 59.00 72.00 NOTE
r-patched-linux-x86_64 2014.2.0 3.36 34.99 38.35 NOTE
r-patched-solaris-sparc 2014.2.0 489.50 NOTE
r-patched-solaris-x86 2014.2.0 115.80 NOTE
r-release-linux-x86_64 2014.2.0 3.19 34.97 38.16 NOTE
r-release-osx-x86_64-mavericks 2014.2.0 NOTE
r-release-windows-ix86+x86_64 2014.2.0 15.00 54.00 69.00 NOTE
r-oldrel-windows-ix86+x86_64 2014.2.0 15.00 82.00 97.00 NOTE

Check Details

Version: 2014.2.0
Check: package dependencies
Result: NOTE
    Depends: includes the non-default packages:
     ‘network’ ‘ergm’ ‘sna’ ‘networkDynamic’ ‘tergm’ ‘ergm.count’
     ‘latentnet’
    Adding so many packages to the search path is excessive and importing
    selectively is preferable.
Flavors: r-devel-linux-x86_64-debian-clang, r-devel-linux-x86_64-debian-gcc, r-devel-linux-x86_64-fedora-clang, r-devel-linux-x86_64-fedora-gcc, r-devel-osx-x86_64-clang, r-devel-windows-ix86+x86_64, r-patched-linux-x86_64, r-patched-solaris-sparc, r-patched-solaris-x86, r-release-linux-x86_64, r-release-osx-x86_64-mavericks, r-release-windows-ix86+x86_64, r-oldrel-windows-ix86+x86_64

Version: 2014.2.0
Check: DESCRIPTION meta-information
Result: NOTE
    Malformed Description field: should contain one or more complete sentences.
Flavors: r-devel-linux-x86_64-debian-clang, r-devel-linux-x86_64-debian-gcc, r-devel-linux-x86_64-fedora-clang, r-devel-linux-x86_64-fedora-gcc, r-devel-osx-x86_64-clang, r-devel-windows-ix86+x86_64, r-patched-linux-x86_64, r-patched-solaris-sparc, r-patched-solaris-x86, r-release-linux-x86_64, r-release-osx-x86_64-mavericks, r-release-windows-ix86+x86_64

Version: 2014.2.0
Check: R code for possible problems
Result: NOTE
    update_statnet: no visible global function definition for
     ‘setRepositories’
    update_statnet: no visible global function definition for
     ‘update.packages’
    Undefined global functions or variables:
     setRepositories update.packages
Flavors: r-devel-linux-x86_64-debian-clang, r-devel-linux-x86_64-debian-gcc, r-devel-linux-x86_64-fedora-clang, r-devel-linux-x86_64-fedora-gcc, r-devel-windows-ix86+x86_64