CRAN Package Check Results for Package statnet

Last updated on 2014-07-23 04:48:32.

Flavor Version Tinstall Tcheck Ttotal Status Flags
r-devel-linux-x86_64-debian-clang 2014.2.0 4.02 46.49 50.51 NOTE
r-devel-linux-x86_64-debian-gcc 2014.2.0 3.96 46.70 50.66 NOTE
r-devel-linux-x86_64-fedora-clang 2014.2.0 126.21 NOTE
r-devel-linux-x86_64-fedora-gcc 2014.2.0 119.38 NOTE
r-devel-osx-x86_64-clang 2014.2.0 98.53 NOTE
r-devel-windows-ix86+x86_64 2014.2.0 12.00 75.00 87.00 NOTE
r-patched-linux-x86_64 2014.2.0 4.12 46.18 50.30 NOTE
r-patched-solaris-sparc 2014.2.0 657.80 NOTE
r-patched-solaris-x86 2014.2.0 158.10 NOTE
r-release-linux-ix86 2014.2.0 5.00 58.64 63.65 NOTE
r-release-linux-x86_64 2014.2.0 4.55 49.14 53.69 NOTE
r-release-osx-x86_64-mavericks 2014.2.0 NOTE
r-release-osx-x86_64-snowleopard 2014.2.0 NOTE
r-release-windows-ix86+x86_64 2014.2.0 12.00 78.00 90.00 NOTE
r-oldrel-windows-ix86+x86_64 2014.2.0 13.00 76.00 89.00 OK

Check Details

Version: 2014.2.0
Check: package dependencies
Result: NOTE
    Depends: includes the non-default packages:
     ‘network’ ‘ergm’ ‘sna’ ‘networkDynamic’ ‘tergm’ ‘ergm.count’
     ‘latentnet’
    Adding so many packages to the search path is excessive and importing
    selectively is preferable.
Flavors: r-devel-linux-x86_64-debian-clang, r-devel-linux-x86_64-debian-gcc, r-devel-linux-x86_64-fedora-clang, r-devel-linux-x86_64-fedora-gcc, r-devel-osx-x86_64-clang, r-devel-windows-ix86+x86_64, r-patched-linux-x86_64, r-patched-solaris-sparc, r-patched-solaris-x86, r-release-linux-ix86, r-release-linux-x86_64, r-release-osx-x86_64-mavericks, r-release-osx-x86_64-snowleopard, r-release-windows-ix86+x86_64