CRAN Package Check Results for Package statnet

Last updated on 2019-05-22 04:46:53 CEST.

Flavor Version Tinstall Tcheck Ttotal Status Flags
r-devel-linux-x86_64-debian-clang 2018.10 8.39 158.45 166.84 OK
r-devel-linux-x86_64-debian-gcc 2018.10 7.70 123.09 130.79 OK
r-devel-linux-x86_64-fedora-clang 2018.10 189.25 OK
r-devel-linux-x86_64-fedora-gcc 2018.10 186.87 OK
r-devel-windows-ix86+x86_64 2018.10 146.00 739.00 885.00 OK
r-patched-linux-x86_64 2018.10 8.17 151.44 159.61 OK
r-patched-solaris-x86 2018.10 279.50 NOTE
r-release-linux-x86_64 2018.10 8.50 151.93 160.43 OK
r-release-windows-ix86+x86_64 2018.10 367.00 396.00 763.00 ERROR
r-release-osx-x86_64 2018.10 OK
r-oldrel-windows-ix86+x86_64 2018.10 75.00 373.00 448.00 OK
r-oldrel-osx-x86_64 2018.10 OK

Check Details

Version: 2018.10
Check: package dependencies
Result: NOTE
    Package suggested but not available for checking: ‘EpiModel’
Flavor: r-patched-solaris-x86

Version: 2018.10
Check: examples
Result: ERROR
    Running examples in 'statnet-Ex.R' failed
    The error occurred in:
    
    
    R version 3.6.0 (2019-04-26) -- "Planting of a Tree"
    Copyright (C) 2019 The R Foundation for Statistical Computing
    Platform: x86_64-w64-mingw32/x64 (64-bit)
    
    R is free software and comes with ABSOLUTELY NO WARRANTY.
    You are welcome to redistribute it under certain conditions.
    Type 'license()' or 'licence()' for distribution details.
    
     Natural language support but running in an English locale
    
    R is a collaborative project with many contributors.
    Type 'contributors()' for more information and
    'citation()' on how to cite R or R packages in publications.
    
    Type 'demo()' for some demos, 'help()' for on-line help, or
    'help.start()' for an HTML browser interface to help.
    Type 'q()' to quit R.
    
    > pkgname <- "statnet"
    > source(file.path(R.home("share"), "R", "examples-header.R"))
    > options(warn = 1)
    > options(pager = "console")
    > library('statnet')
    Loading required package: tergm
    Loading required package: ergm
    Loading required package: network
    network: Classes for Relational Data
    Version 1.15 created on 2019-04-01.
    copyright (c) 2005, Carter T. Butts, University of California-Irvine
     Mark S. Handcock, University of California -- Los Angeles
     David R. Hunter, Penn State University
     Martina Morris, University of Washington
     Skye Bender-deMoll, University of Washington
     For citation information, type citation("network").
     Type help("network-package") to get started.
    
    
    ergm: version 3.10.1, created on 2019-05-14
    Copyright (c) 2019, Mark S. Handcock, University of California -- Los Angeles
     David R. Hunter, Penn State University
     Carter T. Butts, University of California -- Irvine
     Steven M. Goodreau, University of Washington
     Pavel N. Krivitsky, University of Wollongong
     Martina Morris, University of Washington
     with contributions from
     Li Wang
     Kirk Li, University of Washington
     Skye Bender-deMoll, University of Washington
     Chad Klumb
    Based on "statnet" project software (statnet.org).
    For license and citation information see statnet.org/attribution
    or type citation("ergm").
    
    NOTE: Versions before 3.6.1 had a bug in the implementation of the bd()
    constriant which distorted the sampled distribution somewhat. In
    addition, Sampson's Monks datasets had mislabeled vertices. See the
    NEWS and the documentation for more details.
    
    NOTE: Some common term arguments pertaining to vertex attribute and
    level selection have changed in 3.10.0. See terms help for more
    details. Use 'options(ergm.term=list(version="3.9.4"))' to use old
    behavior.
    
    Loading required package: networkDynamic
    
    networkDynamic: version 0.10.0, created on 2019-04-04
    Copyright (c) 2019, Carter T. Butts, University of California -- Irvine
     Ayn Leslie-Cook, University of Washington
     Pavel N. Krivitsky, University of Wollongong
     Skye Bender-deMoll, University of Washington
     with contributions from
     Zack Almquist, University of California -- Irvine
     David R. Hunter, Penn State University
     Li Wang
     Kirk Li, University of Washington
     Steven M. Goodreau, University of Washington
     Jeffrey Horner
     Martina Morris, University of Washington
    Based on "statnet" project software (statnet.org).
    For license and citation information see statnet.org/attribution
    or type citation("networkDynamic").
    
    Error: package or namespace load failed for 'tergm' in loadNamespace(j <- i[[1L]], c(lib.loc, .libPaths()), versionCheck = vI[[j]]):
     namespace 'nlme' 3.1-139 is being loaded, but >= 3.1.140 is required
    Error: package 'tergm' could not be loaded
    Execution halted
Flavor: r-release-windows-ix86+x86_64