CRAN Package Check Results for Package statnet

Last updated on 2015-03-29 11:51:29.

Flavor Version Tinstall Tcheck Ttotal Status Flags
r-devel-linux-x86_64-debian-clang 2014.2.0 4.18 34.89 39.07 NOTE
r-devel-linux-x86_64-debian-gcc 2014.2.0 3.04 34.48 37.52 NOTE
r-devel-linux-x86_64-fedora-clang 2014.2.0 79.01 NOTE
r-devel-linux-x86_64-fedora-gcc 2014.2.0 79.71 NOTE
r-devel-osx-x86_64-clang 2014.2.0 74.19 NOTE
r-prerel-windows-ix86+x86_64 2014.2.0 12.00 55.00 67.00 NOTE
r-prerel-linux-x86_64 2014.2.0 3.06 34.96 38.03 NOTE
r-prerel-solaris-sparc 2014.2.0 474.60 NOTE
r-prerel-solaris-x86 2014.2.0 110.90 NOTE
r-release-linux-x86_64 2014.2.0 4.93 49.54 54.48 NOTE
r-release-osx-x86_64-mavericks 2014.2.0 NOTE
r-release-osx-x86_64-snowleopard 2014.2.0 NOTE
r-release-windows-ix86+x86_64 2014.2.0 15.00 85.00 100.00 NOTE
r-oldrel-windows-ix86+x86_64 2014.2.0 15.00 132.00 147.00 OK

Check Details

Version: 2014.2.0
Check: package dependencies
Result: NOTE
    Depends: includes the non-default packages:
     ‘network’ ‘ergm’ ‘sna’ ‘networkDynamic’ ‘tergm’ ‘ergm.count’
     ‘latentnet’
    Adding so many packages to the search path is excessive and importing
    selectively is preferable.
Flavors: r-devel-linux-x86_64-debian-clang, r-devel-linux-x86_64-debian-gcc, r-devel-linux-x86_64-fedora-clang, r-devel-linux-x86_64-fedora-gcc, r-devel-osx-x86_64-clang, r-prerel-windows-ix86+x86_64, r-prerel-linux-x86_64, r-prerel-solaris-sparc, r-prerel-solaris-x86, r-release-linux-x86_64, r-release-osx-x86_64-mavericks, r-release-osx-x86_64-snowleopard, r-release-windows-ix86+x86_64

Version: 2014.2.0
Check: DESCRIPTION meta-information
Result: NOTE
    Malformed Description field: should contain one or more complete sentences.
Flavors: r-devel-linux-x86_64-debian-clang, r-devel-linux-x86_64-debian-gcc, r-devel-linux-x86_64-fedora-clang, r-devel-linux-x86_64-fedora-gcc, r-devel-osx-x86_64-clang, r-prerel-windows-ix86+x86_64, r-prerel-linux-x86_64, r-prerel-solaris-sparc, r-prerel-solaris-x86