CRAN Package Check Results for Package statnet

Last updated on 2014-09-22 11:56:37.

Flavor Version Tinstall Tcheck Ttotal Status Flags
r-devel-linux-x86_64-debian-clang 2014.2.0 3.93 45.48 49.41 NOTE
r-devel-linux-x86_64-debian-gcc 2014.2.0 3.87 43.75 47.62 NOTE
r-devel-linux-x86_64-fedora-clang 2014.2.0 120.56 NOTE
r-devel-linux-x86_64-fedora-gcc 2014.2.0 113.70 NOTE
r-devel-osx-x86_64-clang 2014.2.0 94.64 NOTE
r-devel-windows-ix86+x86_64 2014.2.0 15.00 71.00 86.00 NOTE
r-patched-linux-x86_64 2014.2.0 4.49 46.96 51.45 NOTE
r-patched-solaris-sparc 2014.2.0 660.70 NOTE
r-patched-solaris-x86 2014.2.0 161.50 NOTE
r-release-linux-ix86 2014.2.0 5.11 59.50 64.62 NOTE
r-release-linux-x86_64 2014.2.0 4.19 47.96 52.15 NOTE
r-release-osx-x86_64-mavericks 2014.2.0 NOTE
r-release-osx-x86_64-snowleopard 2014.2.0 NOTE
r-release-windows-ix86+x86_64 2014.2.0 13.00 77.00 90.00 NOTE
r-oldrel-windows-ix86+x86_64 2014.2.0 14.00 76.00 90.00 OK

Check Details

Version: 2014.2.0
Check: package dependencies
Result: NOTE
    Depends: includes the non-default packages:
     ‘network’ ‘ergm’ ‘sna’ ‘networkDynamic’ ‘tergm’ ‘ergm.count’
     ‘latentnet’
    Adding so many packages to the search path is excessive and importing
    selectively is preferable.
Flavors: r-devel-linux-x86_64-debian-clang, r-devel-linux-x86_64-debian-gcc, r-devel-linux-x86_64-fedora-clang, r-devel-linux-x86_64-fedora-gcc, r-devel-osx-x86_64-clang, r-devel-windows-ix86+x86_64, r-patched-linux-x86_64, r-patched-solaris-sparc, r-patched-solaris-x86, r-release-linux-ix86, r-release-linux-x86_64, r-release-osx-x86_64-mavericks, r-release-osx-x86_64-snowleopard, r-release-windows-ix86+x86_64