CRAN Package Check Results for Package statnet

Last updated on 2015-09-03 03:48:45.

Flavor Version Tinstall Tcheck Ttotal Status Flags
r-devel-linux-x86_64-debian-clang 2015.6.2 10.58 59.74 70.31 NOTE
r-devel-linux-x86_64-debian-gcc 2015.6.2 13.54 58.42 71.97 NOTE
r-devel-linux-x86_64-fedora-clang 2015.6.2 131.05 NOTE
r-devel-linux-x86_64-fedora-gcc 2015.6.2 122.85 NOTE
r-devel-osx-x86_64-clang 2015.6.2 107.86 NOTE
r-devel-windows-ix86+x86_64 2015.6.2 132.00 188.00 320.00 NOTE
r-patched-linux-x86_64 2015.6.2 11.04 60.79 71.83 NOTE
r-patched-solaris-sparc 2015.6.2 815.70 NOTE
r-patched-solaris-x86 2015.6.2 181.60 NOTE
r-release-linux-x86_64 2015.6.2 12.68 59.67 72.35 NOTE
r-release-osx-x86_64-mavericks 2015.6.2 NOTE
r-release-windows-ix86+x86_64 2015.6.2 106.00 194.00 300.00 NOTE
r-oldrel-windows-ix86+x86_64 2015.6.2 119.00 483.00 602.00 NOTE

Check Details

Version: 2015.6.2
Check: package dependencies
Result: NOTE
    Depends: includes the non-default packages:
     ‘network’ ‘networkDynamic’ ‘ergm’ ‘sna’ ‘tergm’ ‘ergm.count’
    Adding so many packages to the search path is excessive and importing
    selectively is preferable.
Flavors: r-devel-linux-x86_64-debian-clang, r-devel-linux-x86_64-debian-gcc, r-devel-linux-x86_64-fedora-clang, r-devel-linux-x86_64-fedora-gcc, r-devel-osx-x86_64-clang, r-devel-windows-ix86+x86_64, r-patched-linux-x86_64, r-patched-solaris-sparc, r-patched-solaris-x86, r-release-linux-x86_64, r-release-osx-x86_64-mavericks, r-release-windows-ix86+x86_64, r-oldrel-windows-ix86+x86_64