CRAN Package Check Results for Package statnet

Last updated on 2014-11-24 05:47:43.

Flavor Version Tinstall Tcheck Ttotal Status Flags
r-devel-linux-x86_64-debian-clang 2014.2.0 4.13 45.72 49.84 NOTE
r-devel-linux-x86_64-debian-gcc 2014.2.0 3.87 45.37 49.24 NOTE
r-devel-linux-x86_64-fedora-clang 2014.2.0 124.33 NOTE
r-devel-linux-x86_64-fedora-gcc 2014.2.0 120.58 NOTE
r-devel-osx-x86_64-clang 2014.2.0 103.33 NOTE
r-devel-windows-ix86+x86_64 2014.2.0 13.00 69.00 82.00 NOTE
r-patched-linux-x86_64 2014.2.0 4.10 48.04 52.14 NOTE
r-patched-solaris-sparc 2014.2.0 660.70 NOTE
r-patched-solaris-x86 2014.2.0 163.40 NOTE
r-release-linux-ix86 2014.2.0 4.92 56.17 61.09 NOTE
r-release-linux-x86_64 2014.2.0 4.06 47.30 51.36 NOTE
r-release-osx-x86_64-mavericks 2014.2.0 NOTE
r-release-osx-x86_64-snowleopard 2014.2.0 NOTE
r-release-windows-ix86+x86_64 2014.2.0 17.00 80.00 97.00 NOTE
r-oldrel-windows-ix86+x86_64 2014.2.0 14.00 78.00 92.00 OK

Check Details

Version: 2014.2.0
Check: package dependencies
Result: NOTE
    Depends: includes the non-default packages:
     ‘network’ ‘ergm’ ‘sna’ ‘networkDynamic’ ‘tergm’ ‘ergm.count’
     ‘latentnet’
    Adding so many packages to the search path is excessive and importing
    selectively is preferable.
Flavors: r-devel-linux-x86_64-debian-clang, r-devel-linux-x86_64-debian-gcc, r-devel-linux-x86_64-fedora-clang, r-devel-linux-x86_64-fedora-gcc, r-devel-osx-x86_64-clang, r-devel-windows-ix86+x86_64, r-patched-linux-x86_64, r-patched-solaris-sparc, r-patched-solaris-x86, r-release-linux-ix86, r-release-linux-x86_64, r-release-osx-x86_64-mavericks, r-release-osx-x86_64-snowleopard, r-release-windows-ix86+x86_64