CRAN Package Check Results for Package statnet

Last updated on 2015-05-25 11:48:37.

Flavor Version Tinstall Tcheck Ttotal Status Flags
r-devel-linux-x86_64-debian-clang 2014.2.0 3.18 35.51 38.70 NOTE
r-devel-linux-x86_64-debian-gcc 2014.2.0 3.11 34.87 37.98 NOTE
r-devel-linux-x86_64-fedora-clang 2014.2.0 82.87 NOTE
r-devel-linux-x86_64-fedora-gcc 2014.2.0 79.53 NOTE
r-devel-osx-x86_64-clang 2014.2.0 71.46 NOTE
r-devel-windows-ix86+x86_64 2014.2.0 10.00 58.00 68.00 NOTE
r-patched-linux-x86_64 2014.2.0 3.21 35.71 38.92 NOTE
r-patched-solaris-sparc 2014.2.0 489.50 NOTE
r-patched-solaris-x86 2014.2.0 115.30 NOTE
r-release-linux-x86_64 2014.2.0 3.10 34.36 37.45 NOTE
r-release-osx-x86_64-mavericks 2014.2.0 ERROR
r-release-osx-x86_64-snowleopard 2014.2.0 NOTE
r-release-windows-ix86+x86_64 2014.2.0 11.00 56.00 67.00 NOTE
r-oldrel-windows-ix86+x86_64 2014.2.0 17.00 89.00 106.00 NOTE

Check Details

Version: 2014.2.0
Check: package dependencies
Result: NOTE
    Depends: includes the non-default packages:
     ‘network’ ‘ergm’ ‘sna’ ‘networkDynamic’ ‘tergm’ ‘ergm.count’
     ‘latentnet’
    Adding so many packages to the search path is excessive and importing
    selectively is preferable.
Flavors: r-devel-linux-x86_64-debian-clang, r-devel-linux-x86_64-debian-gcc, r-devel-linux-x86_64-fedora-clang, r-devel-linux-x86_64-fedora-gcc, r-devel-osx-x86_64-clang, r-devel-windows-ix86+x86_64, r-patched-linux-x86_64, r-patched-solaris-sparc, r-patched-solaris-x86, r-release-linux-x86_64, r-release-osx-x86_64-snowleopard, r-release-windows-ix86+x86_64, r-oldrel-windows-ix86+x86_64

Version: 2014.2.0
Check: DESCRIPTION meta-information
Result: NOTE
    Malformed Description field: should contain one or more complete sentences.
Flavors: r-devel-linux-x86_64-debian-clang, r-devel-linux-x86_64-debian-gcc, r-devel-linux-x86_64-fedora-clang, r-devel-linux-x86_64-fedora-gcc, r-devel-osx-x86_64-clang, r-devel-windows-ix86+x86_64, r-patched-linux-x86_64, r-patched-solaris-sparc, r-patched-solaris-x86, r-release-linux-x86_64, r-release-windows-ix86+x86_64

Version: 2014.2.0
Check: package dependencies
Result: ERROR
    Package required but not available: ‘latentnet’
    
    Depends: includes the non-default packages:
     ‘network’ ‘ergm’ ‘sna’ ‘networkDynamic’ ‘tergm’ ‘ergm.count’
     ‘latentnet’
    Adding so many packages to the search path is excessive and importing
    selectively is preferable.
    
    See section ‘The DESCRIPTION file’ in the ‘Writing R Extensions’
    manual.
Flavor: r-release-osx-x86_64-mavericks