CRAN Package Check Results for Package statnet

Last updated on 2023-02-08 02:03:28 CET.

Flavor Version Tinstall Tcheck Ttotal Status Flags
r-devel-linux-x86_64-debian-clang 2019.6 13.56 812.72 826.28 NOTE
r-devel-linux-x86_64-debian-gcc 2019.6 10.64 565.26 575.90 NOTE
r-devel-linux-x86_64-fedora-clang 2019.6 669.98 NOTE
r-devel-linux-x86_64-fedora-gcc 2019.6 958.36 NOTE
r-devel-windows-x86_64 2019.6 326.00 416.00 742.00 OK
r-patched-linux-x86_64 2019.6 10.04 218.95 228.99 NOTE
r-release-linux-x86_64 2019.6 12.59 241.54 254.13 NOTE
r-release-macos-arm64 2019.6 98.00 OK
r-release-macos-x86_64 2019.6 216.00 OK
r-release-windows-x86_64 2019.6 306.00 439.00 745.00 OK
r-oldrel-macos-arm64 2019.6 104.00 OK
r-oldrel-macos-x86_64 2019.6 208.00 OK
r-oldrel-windows-ix86+x86_64 2019.6 396.00 407.00 803.00 OK

Check Details

Version: 2019.6
Check: package dependencies
Result: NOTE
    Package suggested but not available for checking: ‘networksis’
Flavors: r-devel-linux-x86_64-debian-clang, r-devel-linux-x86_64-debian-gcc, r-devel-linux-x86_64-fedora-clang, r-devel-linux-x86_64-fedora-gcc, r-patched-linux-x86_64, r-release-linux-x86_64