CRAN Package Check Results for Package statnet

Last updated on 2016-08-31 21:47:22.

Flavor Version Tinstall Tcheck Ttotal Status Flags
r-devel-linux-x86_64-debian-clang 2016.4 10.99 64.76 75.75 OK
r-devel-linux-x86_64-debian-gcc 2016.4 10.71 64.19 74.91 OK
r-devel-linux-x86_64-fedora-clang 2016.4 133.68 OK
r-devel-linux-x86_64-fedora-gcc 2016.4 128.57 OK
r-devel-osx-x86_64-clang 2016.4 110.04 OK
r-devel-windows-ix86+x86_64 2016.4 141.00 545.00 686.00 OK
r-patched-linux-x86_64 2016.4 13.23 66.96 80.19 OK
r-patched-solaris-sparc 2016.4 770.20 OK
r-patched-solaris-x86 2016.4 170.20 OK
r-release-linux-x86_64 2016.4 10.78 63.54 74.33 OK
r-release-osx-x86_64-mavericks 2016.4 WARN
r-release-windows-ix86+x86_64 2016.4 143.00 647.00 790.00 OK
r-oldrel-windows-ix86+x86_64 2016.4 157.00 642.00 799.00 OK

Check Details

Version: 2016.4
Check: whether package can be installed
Result: WARN
    Found the following significant warnings:
     Warning: replacing previous import ‘network::%c%’ by ‘sna::%c%’ when loading ‘statnet’
Flavor: r-release-osx-x86_64-mavericks