CRAN Package Check Results for Package statnetWeb

Last updated on 2022-10-03 06:53:33 CEST.

Flavor Version Tinstall Tcheck Ttotal Status Flags
r-devel-linux-x86_64-debian-clang 0.5.6 12.46 102.11 114.57 NOTE
r-devel-linux-x86_64-debian-gcc 0.5.6 8.86 76.56 85.42 NOTE
r-devel-linux-x86_64-fedora-clang 0.5.6 160.30 NOTE
r-devel-linux-x86_64-fedora-gcc 0.5.6 151.97 NOTE
r-devel-windows-x86_64 0.5.6 24.00 122.00 146.00 NOTE
r-patched-linux-x86_64 0.5.6 9.12 95.62 104.74 NOTE
r-release-linux-x86_64 0.5.6 9.80 94.51 104.31 NOTE
r-release-macos-arm64 0.5.6 38.00 NOTE
r-release-macos-x86_64 0.5.6 76.00 NOTE
r-release-windows-x86_64 0.5.6 20.00 123.00 143.00 NOTE
r-oldrel-macos-arm64 0.5.6 42.00 NOTE
r-oldrel-macos-x86_64 0.5.6 71.00 NOTE
r-oldrel-windows-ix86+x86_64 0.5.6 26.00 120.00 146.00 NOTE

Check Details

Version: 0.5.6
Check: LazyData
Result: NOTE
     'LazyData' is specified without a 'data' directory
Flavors: r-devel-linux-x86_64-debian-clang, r-devel-linux-x86_64-debian-gcc, r-devel-linux-x86_64-fedora-clang, r-devel-linux-x86_64-fedora-gcc, r-devel-windows-x86_64, r-patched-linux-x86_64, r-release-linux-x86_64, r-release-macos-arm64, r-release-macos-x86_64, r-release-windows-x86_64, r-oldrel-macos-arm64, r-oldrel-macos-x86_64, r-oldrel-windows-ix86+x86_64