CRAN Package Check Results for Package statquotes

Last updated on 2020-11-24 15:52:21 CET.

Flavor Version Tinstall Tcheck Ttotal Status Flags
r-devel-linux-x86_64-debian-clang 0.2.2 11.14 75.04 86.18 OK
r-devel-linux-x86_64-debian-gcc 0.2.2 8.38 59.08 67.46 OK
r-devel-linux-x86_64-fedora-clang 0.2.2 109.03 NOTE
r-devel-linux-x86_64-fedora-gcc 0.2.2 97.19 OK
r-devel-windows-ix86+x86_64 0.2.2 21.00 95.00 116.00 OK
r-patched-linux-x86_64 0.2.2 10.71 76.30 87.01 OK
r-patched-solaris-x86 0.2.2 146.30 OK
r-release-linux-x86_64 0.2.2 10.55 69.51 80.06 OK
r-release-macos-x86_64 0.2.2 OK
r-release-windows-ix86+x86_64 0.2.2 19.00 81.00 100.00 OK
r-oldrel-macos-x86_64 0.2.2 OK
r-oldrel-windows-ix86+x86_64 0.2.2 14.00 84.00 98.00 OK

Check Details

Version: 0.2.2
Check: Rd cross-references
Result: NOTE
    Undeclared package ‘fortunes’ in Rd xrefs
Flavor: r-devel-linux-x86_64-fedora-clang