CRAN Package Check Results for Package statswalesr

Last updated on 2021-04-11 02:47:00 CEST.

Flavor Version Tinstall Tcheck Ttotal Status Flags
r-devel-linux-x86_64-debian-clang 0.1.2 2.12 27.82 29.94 NOTE
r-devel-linux-x86_64-debian-gcc 0.1.2 1.43 22.21 23.64 NOTE
r-devel-linux-x86_64-fedora-clang 0.1.2 46.54 NOTE
r-devel-linux-x86_64-fedora-gcc 0.1.2 32.17 NOTE
r-devel-windows-ix86+x86_64 0.1.2 4.00 42.00 46.00 NOTE
r-devel-windows-x86_64-gcc10-UCRT 0.1.2 NOTE
r-patched-linux-x86_64 0.1.2 1.94 27.57 29.51 OK
r-patched-solaris-x86 0.1.2 57.50 OK
r-release-linux-x86_64 0.1.2 1.84 27.06 28.90 OK
r-release-macos-x86_64 0.1.2 OK
r-release-windows-ix86+x86_64 0.1.2 14.00 49.00 63.00 OK
r-oldrel-macos-x86_64 0.1.2 OK
r-oldrel-windows-ix86+x86_64 0.1.2 4.00 44.00 48.00 OK

Check Details

Version: 0.1.2
Check: LazyData
Result: NOTE
     'LazyData' is specified without a 'data' directory
Flavors: r-devel-linux-x86_64-debian-clang, r-devel-linux-x86_64-debian-gcc, r-devel-linux-x86_64-fedora-clang, r-devel-linux-x86_64-fedora-gcc, r-devel-windows-ix86+x86_64, r-devel-windows-x86_64-gcc10-UCRT