Last updated on 2023-02-07 11:52:22 CET.
Flavor | Version | Tinstall | Tcheck | Ttotal | Status | Flags |
---|---|---|---|---|---|---|
r-devel-linux-x86_64-debian-clang | 3.4.1 | 11.39 | 94.00 | 105.39 | NOTE | |
r-devel-linux-x86_64-debian-gcc | 3.4.1 | 9.96 | 69.16 | 79.12 | NOTE | |
r-devel-linux-x86_64-fedora-clang | 3.4.1 | 132.60 | NOTE | |||
r-devel-linux-x86_64-fedora-gcc | 3.4.1 | 124.13 | NOTE | |||
r-devel-windows-x86_64 | 3.4.1 | 25.00 | 119.00 | 144.00 | NOTE | |
r-patched-linux-x86_64 | 3.4.1 | 11.33 | 88.01 | 99.34 | OK | |
r-release-linux-x86_64 | 3.4.1 | 11.25 | 93.06 | 104.31 | OK | |
r-release-macos-arm64 | 3.4.1 | 34.00 | OK | |||
r-release-macos-x86_64 | 3.4.1 | 50.00 | OK | |||
r-release-windows-x86_64 | 3.4.1 | 33.00 | 124.00 | 157.00 | OK | |
r-oldrel-macos-arm64 | 3.4.1 | 45.00 | OK | |||
r-oldrel-macos-x86_64 | 3.4.1 | 59.00 | OK | |||
r-oldrel-windows-ix86+x86_64 | 3.4.1 | 22.00 | 114.00 | 136.00 | OK |
Version: 3.4.1
Check: Rd files
Result: NOTE
checkRd: (-1) stdGlm.Rd:93: Escaped LaTeX specials: \&
Flavors: r-devel-linux-x86_64-debian-clang, r-devel-linux-x86_64-debian-gcc, r-devel-linux-x86_64-fedora-clang, r-devel-linux-x86_64-fedora-gcc, r-devel-windows-x86_64