CRAN Package Check Results for Package steepness

Last updated on 2017-02-20 17:49:25.

Flavor Version Tinstall Tcheck Ttotal Status Flags
r-devel-linux-x86_64-debian-clang 0.2-2 1.31 11.81 13.12 NOTE
r-devel-linux-x86_64-debian-gcc 0.2-2 1.24 12.03 13.27 NOTE
r-devel-linux-x86_64-fedora-clang 0.2-2 21.72 NOTE --no-stop-on-test-error
r-devel-linux-x86_64-fedora-gcc 0.2-2 19.88 NOTE --no-stop-on-test-error
r-devel-macos-x86_64-clang 20.33 NOTE --no-stop-on-test-error
r-devel-windows-ix86+x86_64 0.2-2 7.00 32.00 39.00 NOTE
r-patched-linux-x86_64 0.2-2 1.11 10.03 11.14 NOTE
r-patched-solaris-sparc 0.2-2 117.50 NOTE
r-patched-solaris-x86 0.2-2 26.30 NOTE
r-release-linux-x86_64 0.2-2 1.09 9.79 10.87 NOTE
r-release-osx-x86_64-mavericks 0.2-2 NOTE
r-release-windows-ix86+x86_64 0.2-2 7.00 28.00 35.00 NOTE
r-oldrel-windows-ix86+x86_64 0.2-2 7.00 45.00 52.00 OK

Check Details

Version: 0.2-2
Check: R code for possible problems
Result: NOTE
    getStp: no visible global function definition for ‘lm’
    plot.steeptest: no visible global function definition for ‘plot’
    plot.steeptest: no visible global function definition for ‘axis’
    plot.steeptest: no visible global function definition for ‘box’
    plot.steeptest: no visible global function definition for ‘lm’
    plot.steeptest: no visible global function definition for ‘abline’
    plot.steeptest: no visible global function definition for ‘legend’
    plot.steeptest: no visible global function definition for
     ‘as.graphicsAnnot’
    steeptest: no visible global function definition for ‘lm’
    summary.steeptest: no visible global function definition for ‘var’
    summary.steeptest: no visible global function definition for ‘quantile’
    Undefined global functions or variables:
     abline as.graphicsAnnot axis box legend lm plot quantile var
    Consider adding
     importFrom("grDevices", "as.graphicsAnnot")
     importFrom("graphics", "abline", "axis", "box", "legend", "plot")
     importFrom("stats", "lm", "quantile", "var")
    to your NAMESPACE file.
Flavors: r-devel-linux-x86_64-debian-clang, r-devel-linux-x86_64-debian-gcc, r-devel-windows-ix86+x86_64, r-patched-linux-x86_64, r-patched-solaris-sparc, r-patched-solaris-x86, r-release-linux-x86_64, r-release-osx-x86_64-mavericks, r-release-windows-ix86+x86_64

Version: 0.2-2
Check: compiled code
Result: NOTE
    File ‘steepness/libs/steepness.so’:
     Found no calls to: ‘R_registerRoutines’, ‘R_useDynamicSymbols’
    
    It is good practice to register native routines and to disable symbol
    search.
    
    See ‘Writing portable packages’ in the ‘Writing R Extensions’ manual.
Flavors: r-devel-linux-x86_64-debian-clang, r-devel-linux-x86_64-debian-gcc

Version: 0.2-2
Flags: --no-stop-on-test-error
Check: R code for possible problems
Result: NOTE
    getStp: no visible global function definition for ‘lm’
    plot.steeptest: no visible global function definition for ‘plot’
    plot.steeptest: no visible global function definition for ‘axis’
    plot.steeptest: no visible global function definition for ‘box’
    plot.steeptest: no visible global function definition for ‘lm’
    plot.steeptest: no visible global function definition for ‘abline’
    plot.steeptest: no visible global function definition for ‘legend’
    plot.steeptest: no visible global function definition for
     ‘as.graphicsAnnot’
    steeptest: no visible global function definition for ‘lm’
    summary.steeptest: no visible global function definition for ‘var’
    summary.steeptest: no visible global function definition for ‘quantile’
    Undefined global functions or variables:
     abline as.graphicsAnnot axis box legend lm plot quantile var
    Consider adding
     importFrom("grDevices", "as.graphicsAnnot")
     importFrom("graphics", "abline", "axis", "box", "legend", "plot")
     importFrom("stats", "lm", "quantile", "var")
    to your NAMESPACE file.
Flavors: r-devel-linux-x86_64-fedora-clang, r-devel-linux-x86_64-fedora-gcc, r-devel-macos-x86_64-clang

Version: 0.2-2
Flags: --no-stop-on-test-error
Check: compiled code
Result: NOTE
    File ‘steepness/libs/steepness.so’:
     Found no calls to: ‘R_registerRoutines’, ‘R_useDynamicSymbols’
    
    It is good practice to register native routines and to disable symbol
    search.
    
    See ‘Writing portable packages’ in the ‘Writing R Extensions’ manual.
Flavors: r-devel-linux-x86_64-fedora-clang, r-devel-linux-x86_64-fedora-gcc, r-devel-macos-x86_64-clang