CRAN Package Check Results for Package steepness

Last updated on 2016-07-30 14:49:59.

Flavor Version Tinstall Tcheck Ttotal Status Flags
r-devel-linux-x86_64-debian-clang 0.2-2 1.20 9.87 11.07 NOTE
r-devel-linux-x86_64-debian-gcc 0.2-2 1.18 9.67 10.85 NOTE
r-devel-linux-x86_64-fedora-clang 0.2-2 17.85 NOTE
r-devel-linux-x86_64-fedora-gcc 0.2-2 16.30 NOTE
r-devel-osx-x86_64-clang 0.2-2 17.08 NOTE
r-devel-windows-ix86+x86_64 0.2-2 6.00 28.00 34.00 NOTE
r-patched-linux-x86_64 0.2-2 1.11 9.94 11.05 NOTE
r-patched-solaris-sparc 0.2-2 116.70 NOTE
r-patched-solaris-x86 0.2-2 26.70 NOTE
r-release-linux-x86_64 0.2-2 1.30 11.51 12.81 NOTE
r-release-osx-x86_64-mavericks 0.2-2 NOTE
r-release-windows-ix86+x86_64 0.2-2 6.00 42.00 48.00 NOTE
r-oldrel-windows-ix86+x86_64 0.2-2 6.00 35.00 41.00 OK

Check Details

Version: 0.2-2
Check: R code for possible problems
Result: NOTE
    getStp: no visible global function definition for ‘lm’
    plot.steeptest: no visible global function definition for ‘plot’
    plot.steeptest: no visible global function definition for ‘axis’
    plot.steeptest: no visible global function definition for ‘box’
    plot.steeptest: no visible global function definition for ‘lm’
    plot.steeptest: no visible global function definition for ‘abline’
    plot.steeptest: no visible global function definition for ‘legend’
    plot.steeptest: no visible global function definition for
     ‘as.graphicsAnnot’
    steeptest: no visible global function definition for ‘lm’
    summary.steeptest: no visible global function definition for ‘var’
    summary.steeptest: no visible global function definition for ‘quantile’
    Undefined global functions or variables:
     abline as.graphicsAnnot axis box legend lm plot quantile var
    Consider adding
     importFrom("grDevices", "as.graphicsAnnot")
     importFrom("graphics", "abline", "axis", "box", "legend", "plot")
     importFrom("stats", "lm", "quantile", "var")
    to your NAMESPACE file.
Flavors: r-devel-linux-x86_64-debian-clang, r-devel-linux-x86_64-debian-gcc, r-devel-linux-x86_64-fedora-clang, r-devel-linux-x86_64-fedora-gcc, r-devel-osx-x86_64-clang, r-devel-windows-ix86+x86_64, r-patched-linux-x86_64, r-patched-solaris-sparc, r-patched-solaris-x86, r-release-linux-x86_64, r-release-osx-x86_64-mavericks, r-release-windows-ix86+x86_64