CRAN Package Check Results for Package steepness

Last updated on 2017-12-13 07:48:49 CET.

Flavor Version Tinstall Tcheck Ttotal Status Flags
r-devel-linux-x86_64-debian-clang 0.2-2 1.50 16.29 17.79 NOTE
r-devel-linux-x86_64-debian-gcc 0.2-2 1.27 13.90 15.17 NOTE
r-devel-linux-x86_64-fedora-clang 0.2-2 20.50 NOTE
r-devel-linux-x86_64-fedora-gcc 0.2-2 21.36 NOTE
r-devel-windows-ix86+x86_64 0.2-2 13.00 30.00 43.00 NOTE
r-patched-linux-x86_64 0.2-2 1.48 16.76 18.24 NOTE
r-patched-solaris-x86 0.2-2 34.90 NOTE
r-release-linux-x86_64 0.2-2 1.53 16.93 18.46 NOTE
r-release-windows-ix86+x86_64 0.2-2 7.00 31.00 38.00 NOTE
r-release-osx-x86_64 0.2-2 NOTE
r-oldrel-windows-ix86+x86_64 0.2-2 7.00 28.00 35.00 NOTE
r-oldrel-osx-x86_64 0.2-2 NOTE

Check Details

Version: 0.2-2
Check: R code for possible problems
Result: NOTE
    getStp: no visible global function definition for ‘lm’
    plot.steeptest: no visible global function definition for ‘plot’
    plot.steeptest: no visible global function definition for ‘axis’
    plot.steeptest: no visible global function definition for ‘box’
    plot.steeptest: no visible global function definition for ‘lm’
    plot.steeptest: no visible global function definition for ‘abline’
    plot.steeptest: no visible global function definition for ‘legend’
    plot.steeptest: no visible global function definition for
     ‘as.graphicsAnnot’
    steeptest: no visible global function definition for ‘lm’
    summary.steeptest: no visible global function definition for ‘var’
    summary.steeptest: no visible global function definition for ‘quantile’
    Undefined global functions or variables:
     abline as.graphicsAnnot axis box legend lm plot quantile var
    Consider adding
     importFrom("grDevices", "as.graphicsAnnot")
     importFrom("graphics", "abline", "axis", "box", "legend", "plot")
     importFrom("stats", "lm", "quantile", "var")
    to your NAMESPACE file.
Flavors: r-devel-linux-x86_64-debian-clang, r-devel-linux-x86_64-debian-gcc, r-devel-linux-x86_64-fedora-clang, r-devel-linux-x86_64-fedora-gcc, r-devel-windows-ix86+x86_64, r-patched-linux-x86_64, r-patched-solaris-x86, r-release-linux-x86_64, r-release-windows-ix86+x86_64, r-release-osx-x86_64, r-oldrel-windows-ix86+x86_64, r-oldrel-osx-x86_64

Version: 0.2-2
Check: compiled code
Result: NOTE
    File ‘steepness/libs/steepness.so’:
     Found no calls to: ‘R_registerRoutines’, ‘R_useDynamicSymbols’
    
    It is good practice to register native routines and to disable symbol
    search.
    
    See ‘Writing portable packages’ in the ‘Writing R Extensions’ manual.
Flavors: r-devel-linux-x86_64-debian-clang, r-devel-linux-x86_64-debian-gcc, r-devel-linux-x86_64-fedora-clang, r-devel-linux-x86_64-fedora-gcc, r-patched-linux-x86_64, r-release-linux-x86_64