CRAN Package Check Results for Package steepness

Last updated on 2015-07-01 23:47:16.

Flavor Version Tinstall Tcheck Ttotal Status Flags
r-devel-linux-x86_64-debian-clang 0.2-2 0.98 9.68 10.67 NOTE
r-devel-linux-x86_64-debian-gcc 0.2-2 1.12 9.42 10.54 NOTE
r-devel-linux-x86_64-fedora-clang 0.2-2 19.23 NOTE
r-devel-linux-x86_64-fedora-gcc 0.2-2 18.03 NOTE
r-devel-osx-x86_64-clang 0.2-2 18.75 OK
r-devel-windows-ix86+x86_64 0.2-2 10.00 21.00 31.00 OK
r-patched-linux-x86_64 0.2-2 1.10 9.61 10.71 OK
r-patched-solaris-sparc 0.2-2 133.20 OK
r-patched-solaris-x86 0.2-2 30.40 OK
r-release-linux-x86_64 0.2-2 1.16 9.53 10.69 OK
r-release-osx-x86_64-mavericks 0.2-2 OK
r-release-windows-ix86+x86_64 0.2-2 6.00 21.00 27.00 OK
r-oldrel-windows-ix86+x86_64 0.2-2 10.00 23.00 33.00 OK

Check Details

Version: 0.2-2
Check: R code for possible problems
Result: NOTE
    getStp: no visible global function definition for ‘lm’
    plot.steeptest: no visible global function definition for ‘plot’
    plot.steeptest: no visible global function definition for ‘axis’
    plot.steeptest: no visible global function definition for ‘box’
    plot.steeptest: no visible global function definition for ‘lm’
    plot.steeptest: no visible global function definition for ‘abline’
    plot.steeptest: no visible global function definition for ‘legend’
    plot.steeptest: no visible global function definition for
     ‘as.graphicsAnnot’
    steeptest: no visible global function definition for ‘lm’
    summary.steeptest: no visible global function definition for ‘var’
    summary.steeptest: no visible global function definition for ‘quantile’
Flavors: r-devel-linux-x86_64-debian-clang, r-devel-linux-x86_64-debian-gcc, r-devel-linux-x86_64-fedora-clang, r-devel-linux-x86_64-fedora-gcc