CRAN Package Check Results for Package steepness

Last updated on 2019-06-19 20:46:58 CEST.

Flavor Version Tinstall Tcheck Ttotal Status Flags
r-devel-linux-x86_64-debian-clang 0.2-2 2.87 19.04 21.91 NOTE
r-devel-linux-x86_64-debian-gcc 0.2-2 2.29 15.62 17.91 NOTE
r-devel-linux-x86_64-fedora-clang 0.2-2 27.26 NOTE
r-devel-linux-x86_64-fedora-gcc 0.2-2 25.49 NOTE
r-devel-windows-ix86+x86_64 0.2-2 8.00 39.00 47.00 NOTE
r-patched-linux-x86_64 0.2-2 2.88 19.07 21.95 NOTE
r-patched-solaris-x86 0.2-2 43.30 NOTE
r-release-linux-x86_64 0.2-2 3.12 19.48 22.60 NOTE
r-release-windows-ix86+x86_64 0.2-2 8.00 52.00 60.00 NOTE
r-release-osx-x86_64 0.2-2 NOTE
r-oldrel-windows-ix86+x86_64 0.2-2 6.00 36.00 42.00 NOTE
r-oldrel-osx-x86_64 0.2-2 NOTE

Check Details

Version: 0.2-2
Check: R code for possible problems
Result: NOTE
    getStp: no visible global function definition for 'lm'
    plot.steeptest: no visible global function definition for 'plot'
    plot.steeptest: no visible global function definition for 'axis'
    plot.steeptest: no visible global function definition for 'box'
    plot.steeptest: no visible global function definition for 'lm'
    plot.steeptest: no visible global function definition for 'abline'
    plot.steeptest: no visible global function definition for 'legend'
    plot.steeptest: no visible global function definition for
     'as.graphicsAnnot'
    steeptest: no visible global function definition for 'lm'
    summary.steeptest: no visible global function definition for 'var'
    summary.steeptest: no visible global function definition for 'quantile'
    Undefined global functions or variables:
     abline as.graphicsAnnot axis box legend lm plot quantile var
    Consider adding
     importFrom("grDevices", "as.graphicsAnnot")
     importFrom("graphics", "abline", "axis", "box", "legend", "plot")
     importFrom("stats", "lm", "quantile", "var")
    to your NAMESPACE file.
Flavors: r-devel-linux-x86_64-debian-clang, r-devel-linux-x86_64-debian-gcc, r-devel-linux-x86_64-fedora-clang, r-devel-linux-x86_64-fedora-gcc, r-devel-windows-ix86+x86_64, r-patched-linux-x86_64, r-patched-solaris-x86, r-release-linux-x86_64, r-release-windows-ix86+x86_64, r-release-osx-x86_64, r-oldrel-windows-ix86+x86_64, r-oldrel-osx-x86_64

Version: 0.2-2
Check: compiled code
Result: NOTE
    File ‘steepness/libs/steepness.so’:
     Found no calls to: ‘R_registerRoutines’, ‘R_useDynamicSymbols’
    
    It is good practice to register native routines and to disable symbol
    search.
    
    See ‘Writing portable packages’ in the ‘Writing R Extensions’ manual.
Flavors: r-devel-linux-x86_64-fedora-clang, r-devel-linux-x86_64-fedora-gcc