CRAN Package Check Results for Package steepness

Last updated on 2015-09-02 06:48:17.

Flavor Version Tinstall Tcheck Ttotal Status Flags
r-devel-linux-x86_64-debian-clang 0.2-2 0.95 9.07 10.02 NOTE
r-devel-linux-x86_64-debian-gcc 0.2-2 1.06 9.12 10.17 NOTE
r-devel-linux-x86_64-fedora-clang 0.2-2 19.23 NOTE
r-devel-linux-x86_64-fedora-gcc 0.2-2 18.31 NOTE
r-devel-osx-x86_64-clang 0.2-2 19.36 OK
r-devel-windows-ix86+x86_64 0.2-2 7.00 24.00 31.00 NOTE
r-patched-linux-x86_64 0.2-2 1.14 9.38 10.52 OK
r-patched-solaris-sparc 0.2-2 132.50 OK
r-patched-solaris-x86 0.2-2 30.70 OK
r-release-linux-x86_64 0.2-2 1.25 9.70 10.96 OK
r-release-osx-x86_64-mavericks 0.2-2 OK
r-release-windows-ix86+x86_64 0.2-2 6.00 22.00 28.00 OK
r-oldrel-windows-ix86+x86_64 0.2-2 10.00 23.00 33.00 OK

Check Details

Version: 0.2-2
Check: R code for possible problems
Result: NOTE
    getStp: no visible global function definition for ‘lm’
    plot.steeptest: no visible global function definition for ‘plot’
    plot.steeptest: no visible global function definition for ‘axis’
    plot.steeptest: no visible global function definition for ‘box’
    plot.steeptest: no visible global function definition for ‘lm’
    plot.steeptest: no visible global function definition for ‘abline’
    plot.steeptest: no visible global function definition for ‘legend’
    plot.steeptest: no visible global function definition for
     ‘as.graphicsAnnot’
    steeptest: no visible global function definition for ‘lm’
    summary.steeptest: no visible global function definition for ‘var’
    summary.steeptest: no visible global function definition for ‘quantile’
    Undefined global functions or variables:
     abline as.graphicsAnnot axis box legend lm plot quantile var
    Consider adding
     importFrom("grDevices", "as.graphicsAnnot")
     importFrom("graphics", "abline", "axis", "box", "legend", "plot")
     importFrom("stats", "lm", "quantile", "var")
    to your NAMESPACE.
Flavors: r-devel-linux-x86_64-debian-clang, r-devel-linux-x86_64-debian-gcc, r-devel-linux-x86_64-fedora-clang, r-devel-linux-x86_64-fedora-gcc, r-devel-windows-ix86+x86_64