CRAN Package Check Results for Package steepness

Last updated on 2015-08-05 11:48:18.

Flavor Version Tinstall Tcheck Ttotal Status Flags
r-devel-linux-x86_64-debian-clang 0.2-2 0.95 9.14 10.09 NOTE
r-devel-linux-x86_64-debian-gcc 0.2-2 1.29 9.35 10.64 NOTE
r-devel-linux-x86_64-fedora-clang 0.2-2 19.72 NOTE
r-devel-linux-x86_64-fedora-gcc 0.2-2 18.27 NOTE
r-devel-osx-x86_64-clang 0.2-2 21.00 OK
r-devel-windows-ix86+x86_64 0.2-2 7.00 23.00 30.00 NOTE
r-patched-linux-x86_64 0.2-2 1.17 9.44 10.61 OK
r-patched-solaris-sparc 0.2-2 132.50 OK
r-patched-solaris-x86 0.2-2 30.60 OK
r-release-linux-x86_64 0.2-2 1.13 9.67 10.80 OK
r-release-osx-x86_64-mavericks 0.2-2 OK
r-release-windows-ix86+x86_64 0.2-2 6.00 21.00 27.00 OK
r-oldrel-windows-ix86+x86_64 0.2-2 10.00 23.00 33.00 OK

Check Details

Version: 0.2-2
Check: R code for possible problems
Result: NOTE
    getStp: no visible global function definition for ‘lm’
    plot.steeptest: no visible global function definition for ‘plot’
    plot.steeptest: no visible global function definition for ‘axis’
    plot.steeptest: no visible global function definition for ‘box’
    plot.steeptest: no visible global function definition for ‘lm’
    plot.steeptest: no visible global function definition for ‘abline’
    plot.steeptest: no visible global function definition for ‘legend’
    plot.steeptest: no visible global function definition for
     ‘as.graphicsAnnot’
    steeptest: no visible global function definition for ‘lm’
    summary.steeptest: no visible global function definition for ‘var’
    summary.steeptest: no visible global function definition for ‘quantile’
    Undefined global functions or variables:
     abline as.graphicsAnnot axis box legend lm plot quantile var
    Consider adding
     importFrom("grDevices", "as.graphicsAnnot")
     importFrom("graphics", "abline", "axis", "box", "legend", "plot")
     importFrom("stats", "lm", "quantile", "var")
    to your NAMESPACE.
Flavors: r-devel-linux-x86_64-debian-clang, r-devel-linux-x86_64-debian-gcc, r-devel-linux-x86_64-fedora-clang, r-devel-linux-x86_64-fedora-gcc, r-devel-windows-ix86+x86_64