CRAN Package Check Results for Package steepness

Last updated on 2016-02-13 19:47:25.

Flavor Version Tinstall Tcheck Ttotal Status Flags
r-devel-linux-x86_64-debian-gcc 0.2-2 1.10 8.85 9.95 NOTE
r-devel-linux-x86_64-fedora-clang 0.2-2 17.55 NOTE
r-devel-linux-x86_64-fedora-gcc 0.2-2 16.48 NOTE
r-devel-osx-x86_64-clang 0.2-2 21.30 NOTE
r-devel-windows-ix86+x86_64 0.2-2 9.00 29.00 38.00 NOTE
r-patched-linux-x86_64 0.2-2 1.22 9.56 10.78 OK
r-patched-solaris-sparc 0.2-2 115.10 OK
r-patched-solaris-x86 0.2-2 26.20 OK
r-release-linux-x86_64 0.2-2 1.33 9.51 10.83 OK
r-release-osx-x86_64-mavericks 0.2-2 OK
r-release-windows-ix86+x86_64 0.2-2 6.00 35.00 41.00 OK
r-oldrel-windows-ix86+x86_64 0.2-2 10.00 23.00 33.00 OK

Check Details

Version: 0.2-2
Check: R code for possible problems
Result: NOTE
    getStp: no visible global function definition for ‘lm’
    plot.steeptest: no visible global function definition for ‘plot’
    plot.steeptest: no visible global function definition for ‘axis’
    plot.steeptest: no visible global function definition for ‘box’
    plot.steeptest: no visible global function definition for ‘lm’
    plot.steeptest: no visible global function definition for ‘abline’
    plot.steeptest: no visible global function definition for ‘legend’
    plot.steeptest: no visible global function definition for
     ‘as.graphicsAnnot’
    steeptest: no visible global function definition for ‘lm’
    summary.steeptest: no visible global function definition for ‘var’
    summary.steeptest: no visible global function definition for ‘quantile’
    Undefined global functions or variables:
     abline as.graphicsAnnot axis box legend lm plot quantile var
    Consider adding
     importFrom("grDevices", "as.graphicsAnnot")
     importFrom("graphics", "abline", "axis", "box", "legend", "plot")
     importFrom("stats", "lm", "quantile", "var")
    to your NAMESPACE file.
Flavors: r-devel-linux-x86_64-debian-gcc, r-devel-linux-x86_64-fedora-clang, r-devel-linux-x86_64-fedora-gcc, r-devel-osx-x86_64-clang, r-devel-windows-ix86+x86_64