CRAN Package Check Results for Package stellaR

Last updated on 2014-12-19 01:48:30.

Flavor Version Tinstall Tcheck Ttotal Status Flags
r-devel-linux-x86_64-debian-clang 0.3-3 0.74 11.87 12.61 NOTE
r-devel-linux-x86_64-debian-gcc 0.3-3 0.74 11.81 12.55 NOTE
r-devel-linux-x86_64-fedora-clang 0.3-3 27.08 NOTE
r-devel-linux-x86_64-fedora-gcc 0.3-3 25.00 NOTE
r-devel-osx-x86_64-clang 0.3-3 27.40 NOTE
r-devel-windows-ix86+x86_64 0.3-3 3.00 20.00 23.00 NOTE
r-patched-linux-x86_64 0.3-3 0.75 11.92 12.67 NOTE
r-patched-solaris-sparc 0.3-3 144.60 NOTE
r-patched-solaris-x86 0.3-3 36.20 NOTE
r-release-linux-ix86 0.3-3 1.08 17.75 18.83 NOTE
r-release-linux-x86_64 0.3-3 0.75 12.05 12.80 NOTE
r-release-osx-x86_64-mavericks 0.3-3 OK
r-release-windows-ix86+x86_64 0.3-3 3.00 20.00 23.00 NOTE
r-oldrel-windows-ix86+x86_64 0.3-3 3.00 23.00 26.00 OK

Check Details

Version: 0.3-3
Check: R code for possible problems
Result: NOTE
    getHb: no visible binding for global variable ‘masshb’
    getHbgrid: no visible binding for global variable ‘masshbgrid’
    showComposition: no visible binding for global variable ‘compositions’
    testComposition: no visible binding for global variable ‘compositions’
    
    Found the following calls to data() loading into the global environment:
    File ‘stellaR/R/stellar.R’:
     data(compositions)
     data(compositions)
     data(masshb)
     data(masshbgrid)
    See section ‘Good practice’ in ‘?data’.
Flavors: r-devel-linux-x86_64-debian-clang, r-devel-linux-x86_64-debian-gcc, r-devel-linux-x86_64-fedora-clang, r-devel-osx-x86_64-clang, r-patched-linux-x86_64, r-release-linux-ix86, r-release-linux-x86_64

Version: 0.3-3
Check: R code for possible problems
Result: NOTE
    getHb: no visible binding for global variable ‘masshb’
    getHbgrid: no visible binding for global variable ‘masshbgrid’
    showComposition: no visible binding for global variable ‘compositions’
    testComposition: no visible binding for global variable ‘compositions’
Flavors: r-devel-linux-x86_64-fedora-gcc, r-devel-windows-ix86+x86_64, r-patched-solaris-sparc, r-patched-solaris-x86, r-release-windows-ix86+x86_64