CRAN Package Check Results for Package stellaR

Last updated on 2015-05-24 23:47:39.

Flavor Version Tinstall Tcheck Ttotal Status Flags
r-devel-linux-x86_64-debian-clang 0.3-3 0.72 11.74 12.46 NOTE
r-devel-linux-x86_64-debian-gcc 0.3-3 0.67 11.53 12.20 NOTE
r-devel-linux-x86_64-fedora-clang 0.3-3 22.86 NOTE
r-devel-linux-x86_64-fedora-gcc 0.3-3 22.11 NOTE
r-devel-osx-x86_64-clang 0.3-3 27.01 NOTE
r-devel-windows-ix86+x86_64 0.3-3 3.00 20.00 23.00 NOTE
r-patched-linux-x86_64 0.3-3 0.86 11.76 12.62 NOTE
r-patched-solaris-sparc 0.3-3 147.40 NOTE
r-patched-solaris-x86 0.3-3 33.20 NOTE
r-release-linux-x86_64 0.3-3 0.77 12.01 12.78 NOTE
r-release-osx-x86_64-mavericks 0.3-3 NOTE
r-release-osx-x86_64-snowleopard 0.3-3 NOTE
r-release-windows-ix86+x86_64 0.3-3 3.00 19.00 22.00 NOTE
r-oldrel-windows-ix86+x86_64 0.3-3 3.00 34.00 37.00 NOTE

Check Details

Version: 0.3-3
Check: R code for possible problems
Result: NOTE
    getHb: no visible binding for global variable ‘masshb’
    getHbgrid: no visible binding for global variable ‘masshbgrid’
    showComposition: no visible binding for global variable ‘compositions’
    testComposition: no visible binding for global variable ‘compositions’
    
    Found the following calls to data() loading into the global environment:
    File ‘stellaR/R/stellar.R’:
     data(compositions)
     data(compositions)
     data(masshb)
     data(masshbgrid)
    See section ‘Good practice’ in ‘?data’.
Flavors: r-devel-linux-x86_64-debian-clang, r-devel-linux-x86_64-debian-gcc, r-devel-linux-x86_64-fedora-clang, r-devel-osx-x86_64-clang, r-patched-linux-x86_64, r-release-linux-x86_64

Version: 0.3-3
Check: R code for possible problems
Result: NOTE
    getHb: no visible binding for global variable ‘masshb’
    getHbgrid: no visible binding for global variable ‘masshbgrid’
    showComposition: no visible binding for global variable ‘compositions’
    testComposition: no visible binding for global variable ‘compositions’
Flavors: r-devel-linux-x86_64-fedora-gcc, r-devel-windows-ix86+x86_64, r-patched-solaris-sparc, r-patched-solaris-x86, r-release-osx-x86_64-mavericks, r-release-osx-x86_64-snowleopard, r-release-windows-ix86+x86_64, r-oldrel-windows-ix86+x86_64