CRAN Package Check Results for Package stellaR

Last updated on 2014-07-23 08:49:56.

Flavor Version Tinstall Tcheck Ttotal Status Flags
r-devel-linux-x86_64-debian-clang 0.3-3 0.75 11.52 12.28 NOTE
r-devel-linux-x86_64-debian-gcc 0.3-3 0.72 11.27 11.99 NOTE
r-devel-linux-x86_64-fedora-clang 0.3-3 25.20 NOTE
r-devel-linux-x86_64-fedora-gcc 0.3-3 23.62 OK
r-devel-osx-x86_64-clang 0.3-3 26.38 NOTE
r-devel-windows-ix86+x86_64 0.3-3 3.00 18.00 21.00 OK
r-patched-linux-x86_64 0.3-3 0.72 11.69 12.40 NOTE
r-patched-solaris-sparc 0.3-3 145.10 OK
r-patched-solaris-x86 0.3-3 34.00 OK
r-release-linux-ix86 0.3-3 1.05 17.80 18.85 NOTE
r-release-linux-x86_64 0.3-3 0.74 11.94 12.69 NOTE
r-release-osx-x86_64-mavericks 0.3-3 OK
r-release-windows-ix86+x86_64 0.3-3 3.00 20.00 23.00 OK
r-oldrel-windows-ix86+x86_64 0.3-3 3.00 20.00 23.00 OK

Check Details

Version: 0.3-3
Check: R code for possible problems
Result: NOTE
    Found the following calls to data() loading into the global environment:
    File ‘stellaR/R/stellar.R’:
     data(compositions)
     data(compositions)
     data(masshb)
     data(masshbgrid)
    See section ‘Good practice’ in ‘?data’.
Flavors: r-devel-linux-x86_64-debian-clang, r-devel-linux-x86_64-debian-gcc, r-devel-linux-x86_64-fedora-clang, r-devel-osx-x86_64-clang, r-patched-linux-x86_64, r-release-linux-ix86, r-release-linux-x86_64