CRAN Package Check Results for Package stellaR

Last updated on 2014-04-25 05:47:26.

Flavor Version Tinstall Tcheck Ttotal Status Flags
r-devel-linux-x86_64-debian-clang 0.3-3 0.77 11.87 12.64 NOTE
r-devel-linux-x86_64-debian-gcc 0.3-3 0.76 11.89 12.66 NOTE
r-devel-linux-x86_64-fedora-clang 0.3-3 24.61 NOTE
r-devel-linux-x86_64-fedora-gcc 0.3-3 23.81 OK
r-devel-osx-x86_64-clang 0.3-3 27.15 NOTE
r-devel-osx-x86_64-gcc 0.3-3 OK
r-devel-windows-ix86+x86_64 0.3-3 2.00 26.00 28.00 OK
r-patched-linux-x86_64 0.3-3 0.80 11.92 12.72 NOTE
r-patched-solaris-sparc 0.3-3 145.10 OK
r-patched-solaris-x86 0.3-3 35.00 OK
r-release-linux-ix86 0.3-3 2.00 25.00 27.00 NOTE
r-release-linux-x86_64 0.3-3 0.77 12.10 12.86 NOTE
r-release-osx-x86_64-mavericks 0.3-3 WARN
r-release-windows-ix86+x86_64 0.3-3 2.00 19.00 21.00 OK
r-oldrel-windows-ix86+x86_64 0.3-3 3.00 20.00 23.00 OK

Check Details

Version: 0.3-3
Check: R code for possible problems
Result: NOTE
    Found the following calls to data() loading into the global environment:
    File ‘stellaR/R/stellar.R’:
     data(compositions)
     data(compositions)
     data(masshb)
     data(masshbgrid)
    See section ‘Good practice’ in ‘?data’.
Flavors: r-devel-linux-x86_64-debian-clang, r-devel-linux-x86_64-debian-gcc, r-devel-linux-x86_64-fedora-clang, r-devel-osx-x86_64-clang, r-patched-linux-x86_64, r-release-linux-ix86, r-release-linux-x86_64

Version: 0.3-3
Check: PDF version of manual
Result: WARNING
    LaTeX errors when creating PDF version.
    This typically indicates Rd problems.
    LaTeX errors found:
    ! LaTeX Error: File `upquote.sty' not found.
    
    Type X to quit or <RETURN> to proceed,
    or enter new name. (Default extension: sty)
    
    30c2df/Rd2.tex:8: ==> Fatal error occurred, no output PDF file produced!
Flavor: r-release-osx-x86_64-mavericks