CRAN Package Check Results for Package stellaR

Last updated on 2015-07-01 23:47:16.

Flavor Version Tinstall Tcheck Ttotal Status Flags
r-devel-linux-x86_64-debian-clang 0.3-3 0.70 11.25 11.95 NOTE
r-devel-linux-x86_64-debian-gcc 0.3-3 0.70 10.87 11.57 NOTE
r-devel-linux-x86_64-fedora-clang 0.3-3 22.31 NOTE
r-devel-linux-x86_64-fedora-gcc 0.3-3 20.70 NOTE
r-devel-osx-x86_64-clang 0.3-3 20.89 NOTE
r-devel-windows-ix86+x86_64 0.3-3 3.00 17.00 20.00 NOTE
r-patched-linux-x86_64 0.3-3 0.67 11.89 12.56 NOTE
r-patched-solaris-sparc 0.3-3 147.40 NOTE
r-patched-solaris-x86 0.3-3 33.80 NOTE
r-release-linux-x86_64 0.3-3 0.67 11.38 12.05 NOTE
r-release-osx-x86_64-mavericks 0.3-3 NOTE
r-release-windows-ix86+x86_64 0.3-3 4.00 21.00 25.00 NOTE
r-oldrel-windows-ix86+x86_64 0.3-3 5.00 20.00 25.00 NOTE

Check Details

Version: 0.3-3
Check: R code for possible problems
Result: NOTE
    getHb: Error while checking: invalid ‘envir’ argument
    getHbgrid: Error while checking: invalid ‘envir’ argument
    getIso: no visible global function definition for ‘read.table’
    getIsoSet: no visible global function definition for ‘txtProgressBar’
    getIsoSet : <anonymous>: no visible global function definition for
     ‘setTxtProgressBar’
    getTrk: no visible global function definition for ‘read.table’
    getTrkSet: no visible global function definition for ‘txtProgressBar’
    getTrkSet : <anonymous>: no visible global function definition for
     ‘setTxtProgressBar’
    getZahb: no visible global function definition for ‘read.table’
    makeIso: no visible binding for global variable ‘approx’
    makeIso: no visible global function definition for ‘approx’
    makeIso : <anonymous>: no visible global function definition for
     ‘approx’
    plotAstro: no visible global function definition for ‘par’
    plotAstro: no visible global function definition for ‘plot’
    plotAstro: no visible global function definition for ‘box’
    plotAstro: no visible global function definition for ‘axis’
    plotAstro: no visible global function definition for ‘points’
    plotAstro: no visible global function definition for ‘lines’
    showComposition: Error while checking: invalid ‘envir’ argument
    testComposition: Error while checking: invalid ‘envir’ argument
    
    Found the following calls to data() loading into the global environment:
    File ‘stellaR/R/stellar.R’:
     data(compositions)
     data(compositions)
     data(masshb)
     data(masshbgrid)
    See section ‘Good practice’ in ‘?data’.
Flavors: r-devel-linux-x86_64-debian-clang, r-devel-linux-x86_64-debian-gcc, r-devel-linux-x86_64-fedora-clang

Version: 0.3-3
Check: R code for possible problems
Result: NOTE
    getHb: Error while checking: invalid 'envir' argument
    getHbgrid: Error while checking: invalid 'envir' argument
    getIso: no visible global function definition for ‘read.table’
    getIsoSet: no visible global function definition for ‘txtProgressBar’
    getIsoSet : <anonymous>: no visible global function definition for
     ‘setTxtProgressBar’
    getTrk: no visible global function definition for ‘read.table’
    getTrkSet: no visible global function definition for ‘txtProgressBar’
    getTrkSet : <anonymous>: no visible global function definition for
     ‘setTxtProgressBar’
    getZahb: no visible global function definition for ‘read.table’
    makeIso: no visible binding for global variable ‘approx’
    makeIso: no visible global function definition for ‘approx’
    makeIso : <anonymous>: no visible global function definition for
     ‘approx’
    plotAstro: no visible global function definition for ‘par’
    plotAstro: no visible global function definition for ‘plot’
    plotAstro: no visible global function definition for ‘box’
    plotAstro: no visible global function definition for ‘axis’
    plotAstro: no visible global function definition for ‘points’
    plotAstro: no visible global function definition for ‘lines’
    showComposition: Error while checking: invalid 'envir' argument
    testComposition: Error while checking: invalid 'envir' argument
Flavors: r-devel-linux-x86_64-fedora-gcc, r-devel-windows-ix86+x86_64

Version: 0.3-3
Check: R code for possible problems
Result: NOTE
    getHb: no visible binding for global variable ‘masshb’
    getHbgrid: no visible binding for global variable ‘masshbgrid’
    showComposition: no visible binding for global variable ‘compositions’
    testComposition: no visible binding for global variable ‘compositions’
    
    Found the following calls to data() loading into the global environment:
    File ‘stellaR/R/stellar.R’:
     data(compositions)
     data(compositions)
     data(masshb)
     data(masshbgrid)
    See section ‘Good practice’ in ‘?data’.
Flavors: r-devel-osx-x86_64-clang, r-patched-linux-x86_64, r-release-linux-x86_64

Version: 0.3-3
Check: R code for possible problems
Result: NOTE
    getHb: no visible binding for global variable ‘masshb’
    getHbgrid: no visible binding for global variable ‘masshbgrid’
    showComposition: no visible binding for global variable ‘compositions’
    testComposition: no visible binding for global variable ‘compositions’
Flavors: r-patched-solaris-sparc, r-patched-solaris-x86, r-release-osx-x86_64-mavericks, r-release-windows-ix86+x86_64, r-oldrel-windows-ix86+x86_64