CRAN Package Check Results for Package stellaR

Last updated on 2014-09-02 05:46:46.

Flavor Version Tinstall Tcheck Ttotal Status Flags
r-devel-linux-x86_64-debian-clang 0.3-3 0.70 11.02 11.72 NOTE
r-devel-linux-x86_64-debian-gcc 0.3-3 0.76 11.29 12.05 NOTE
r-devel-linux-x86_64-fedora-clang 0.3-3 23.39 NOTE
r-devel-linux-x86_64-fedora-gcc 0.3-3 22.91 NOTE
r-devel-osx-x86_64-clang 0.3-3 25.26 NOTE
r-devel-windows-ix86+x86_64 0.3-3 3.00 20.00 23.00 NOTE
r-patched-linux-x86_64 0.3-3 0.72 11.54 12.27 NOTE
r-patched-solaris-sparc 0.3-3 152.10 OK
r-patched-solaris-x86 0.3-3 34.40 OK
r-release-linux-ix86 0.3-3 1.07 17.74 18.82 NOTE
r-release-linux-x86_64 0.3-3 0.75 11.62 12.37 NOTE
r-release-osx-x86_64-mavericks 0.3-3 OK
r-release-windows-ix86+x86_64 0.3-3 2.00 34.00 36.00 OK
r-oldrel-windows-ix86+x86_64 0.3-3 4.00 20.00 24.00 OK

Check Details

Version: 0.3-3
Check: R code for possible problems
Result: NOTE
    getHb: no visible binding for global variable ‘masshb’
    getHbgrid: no visible binding for global variable ‘masshbgrid’
    showComposition: no visible binding for global variable ‘compositions’
    testComposition: no visible binding for global variable ‘compositions’
    
    Found the following calls to data() loading into the global environment:
    File ‘stellaR/R/stellar.R’:
     data(compositions)
     data(compositions)
     data(masshb)
     data(masshbgrid)
    See section ‘Good practice’ in ‘?data’.
Flavors: r-devel-linux-x86_64-debian-clang, r-devel-linux-x86_64-debian-gcc, r-devel-linux-x86_64-fedora-clang, r-devel-osx-x86_64-clang

Version: 0.3-3
Check: R code for possible problems
Result: NOTE
    getHb: no visible binding for global variable ‘masshb’
    getHbgrid: no visible binding for global variable ‘masshbgrid’
    showComposition: no visible binding for global variable ‘compositions’
    testComposition: no visible binding for global variable ‘compositions’
Flavors: r-devel-linux-x86_64-fedora-gcc, r-devel-windows-ix86+x86_64

Version: 0.3-3
Check: R code for possible problems
Result: NOTE
    Found the following calls to data() loading into the global environment:
    File ‘stellaR/R/stellar.R’:
     data(compositions)
     data(compositions)
     data(masshb)
     data(masshbgrid)
    See section ‘Good practice’ in ‘?data’.
Flavors: r-patched-linux-x86_64, r-release-linux-ix86, r-release-linux-x86_64