CRAN Package Check Results for Package stellaR

Last updated on 2015-01-30 03:49:16.

Flavor Version Tinstall Tcheck Ttotal Status Flags
r-devel-linux-x86_64-debian-clang 0.3-3 0.72 11.61 12.33 NOTE
r-devel-linux-x86_64-debian-gcc 0.3-3 0.70 11.56 12.25 NOTE
r-devel-linux-x86_64-fedora-clang 0.3-3 25.53 NOTE
r-devel-linux-x86_64-fedora-gcc 0.3-3 24.93 NOTE
r-devel-osx-x86_64-clang 0.3-3 27.78 NOTE
r-devel-windows-ix86+x86_64 0.3-3 5.00 19.00 24.00 NOTE
r-patched-linux-x86_64 0.3-3 0.76 12.20 12.95 NOTE
r-patched-solaris-sparc 0.3-3 170.30 NOTE
r-patched-solaris-x86 0.3-3 36.50 NOTE
r-release-linux-ix86 0.3-3 1.08 17.69 18.77 NOTE
r-release-linux-x86_64 0.3-3 0.77 12.04 12.80 NOTE
r-release-osx-x86_64-mavericks 0.3-3 NOTE
r-release-windows-ix86+x86_64 0.3-3 3.00 21.00 24.00 NOTE
r-oldrel-windows-ix86+x86_64 0.3-3 3.00 21.00 24.00 OK

Check Details

Version: 0.3-3
Check: R code for possible problems
Result: NOTE
    getHb: no visible binding for global variable ‘masshb’
    getHbgrid: no visible binding for global variable ‘masshbgrid’
    showComposition: no visible binding for global variable ‘compositions’
    testComposition: no visible binding for global variable ‘compositions’
    
    Found the following calls to data() loading into the global environment:
    File ‘stellaR/R/stellar.R’:
     data(compositions)
     data(compositions)
     data(masshb)
     data(masshbgrid)
    See section ‘Good practice’ in ‘?data’.
Flavors: r-devel-linux-x86_64-debian-clang, r-devel-linux-x86_64-debian-gcc, r-devel-linux-x86_64-fedora-clang, r-devel-osx-x86_64-clang, r-patched-linux-x86_64, r-release-linux-ix86, r-release-linux-x86_64

Version: 0.3-3
Check: R code for possible problems
Result: NOTE
    getHb: no visible binding for global variable ‘masshb’
    getHbgrid: no visible binding for global variable ‘masshbgrid’
    showComposition: no visible binding for global variable ‘compositions’
    testComposition: no visible binding for global variable ‘compositions’
Flavors: r-devel-linux-x86_64-fedora-gcc, r-devel-windows-ix86+x86_64, r-patched-solaris-sparc, r-patched-solaris-x86, r-release-osx-x86_64-mavericks, r-release-windows-ix86+x86_64