CRAN Package Check Results for Package stepPlr

Last updated on 2014-04-18 05:48:13.

Flavor Version Tinstall Tcheck Ttotal Status Flags
r-devel-linux-x86_64-debian-clang 0.92 1.57 45.33 46.90 NOTE
r-devel-linux-x86_64-debian-gcc NOTE
r-devel-linux-x86_64-fedora-clang 0.92 67.66 NOTE
r-devel-linux-x86_64-fedora-gcc 0.92 65.94 NOTE
r-devel-macosx-x86_64-clang 0.92 53.40 NOTE
r-devel-macosx-x86_64-gcc 0.92 NOTE
r-devel-windows-ix86+x86_64 0.92 8.00 102.00 110.00 WARN
r-patched-linux-x86_64 0.92 1.52 45.34 46.86 NOTE
r-patched-solaris-sparc 0.92 465.30 NOTE
r-patched-solaris-x86 0.92 80.40 NOTE
r-release-linux-ix86 0.92 4.00 72.00 76.00 NOTE
r-release-linux-x86_64 0.92 1.56 45.22 46.78 NOTE
r-release-windows-ix86+x86_64 0.92 13.00 97.00 110.00 WARN
r-oldrel-windows-ix86+x86_64 0.92 8.00 101.00 109.00 WARN

Check Details

Version: 0.92
Check: Rd \usage sections
Result: NOTE
    S3 methods shown with full name in documentation object 'plr-internal':
     ‘anova.stepplr’ ‘print.plr’ ‘print.stepplr’ ‘summary.plr’
     ‘summary.stepplr’
    
    S3 methods shown with full name in documentation object 'predict.plr':
     ‘predict.plr’
    
    S3 methods shown with full name in documentation object 'predict.stepplr':
     ‘predict.stepplr’
    
    The \usage entries for S3 methods should use the \method markup and not
    their full name.
    See the chapter ‘Writing R documentation files’ in the ‘Writing R
    Extensions’ manual.
Flavors: r-devel-linux-x86_64-debian-clang, r-devel-linux-x86_64-debian-gcc, r-devel-linux-x86_64-fedora-clang, r-devel-linux-x86_64-fedora-gcc, r-devel-macosx-x86_64-clang, r-devel-macosx-x86_64-gcc, r-devel-windows-ix86+x86_64, r-patched-linux-x86_64, r-patched-solaris-sparc, r-patched-solaris-x86, r-release-linux-ix86, r-release-linux-x86_64, r-release-windows-ix86+x86_64, r-oldrel-windows-ix86+x86_64

Version: 0.92
Check: compiled code
Result: NOTE
    File ‘/home/hornik/tmp/R.check/r-devel-clang/Work/build/Packages/stepPlr/libs/stepPlr.so’:
     Found ‘_gfortran_st_write’, possibly from ‘write’ (Fortran), ‘print’
     (Fortran)
     Object: ‘cg_descent.o’
     Found ‘_gfortran_stop_string’, possibly from ‘stop’ (Fortran)
     Object: ‘cg_descent.o’
    
    Compiled code should not call entry points which might terminate R nor
    write to stdout/stderr instead of to the console.
    
    See ‘Writing portable packages’ in the ‘Writing R Extensions’ manual.
Flavor: r-devel-linux-x86_64-debian-clang

Version: 0.92
Check: compiled code
Result: NOTE
    File ‘/home/hornik/tmp/R.check/r-devel-gcc/Work/build/Packages/stepPlr/libs/stepPlr.so’:
     Found ‘_gfortran_st_write’, possibly from ‘write’ (Fortran), ‘print’
     (Fortran)
     Object: ‘cg_descent.o’
     Found ‘_gfortran_stop_string’, possibly from ‘stop’ (Fortran)
     Object: ‘cg_descent.o’
    
    Compiled code should not call entry points which might terminate R nor
    write to stdout/stderr instead of to the console.
    
    See ‘Writing portable packages’ in the ‘Writing R Extensions’ manual.
Flavor: r-devel-linux-x86_64-debian-gcc

Version: 0.92
Check: compiled code
Result: NOTE
    File ‘/data/gannet/ripley/R/packages/tests-clang/stepPlr.Rcheck/stepPlr/libs/stepPlr.so’:
     Found ‘_gfortran_st_write’, possibly from ‘write’ (Fortran), ‘print’
     (Fortran)
     Object: ‘cg_descent.o’
     Found ‘_gfortran_stop_string’, possibly from ‘stop’ (Fortran)
     Object: ‘cg_descent.o’
    
    Compiled code should not call entry points which might terminate R nor
    write to stdout/stderr instead of to the console.
    
    See ‘Writing portable packages’ in the ‘Writing R Extensions’ manual.
Flavor: r-devel-linux-x86_64-fedora-clang

Version: 0.92
Check: compiled code
Result: NOTE
    File ‘/data/gannet/ripley/R/packages/tests-devel/stepPlr.Rcheck/stepPlr/libs/stepPlr.so’:
     Found ‘_gfortran_st_write’, possibly from ‘write’ (Fortran), ‘print’
     (Fortran)
     Object: ‘cg_descent.o’
     Found ‘_gfortran_stop_string’, possibly from ‘stop’ (Fortran)
     Object: ‘cg_descent.o’
    
    Compiled code should not call entry points which might terminate R nor
    write to stdout/stderr instead of to the console.
    
    See ‘Writing portable packages’ in the ‘Writing R Extensions’ manual.
Flavor: r-devel-linux-x86_64-fedora-gcc

Version: 0.92
Check: compiled code
Result: NOTE
    File ‘/Users/ripley/R/packages/tests-devel/stepPlr.Rcheck/stepPlr/libs/stepPlr.so’:
     Found ‘__gfortran_st_write’, possibly from ‘write’ (Fortran), ‘print’
     (Fortran)
     Object: ‘cg_descent.o’
     Found ‘__gfortran_stop_string’, possibly from ‘stop’ (Fortran)
     Object: ‘cg_descent.o’
    
    Compiled code should not call entry points which might terminate R nor
    write to stdout/stderr instead of to the console.
    
    See ‘Writing portable packages’ in the ‘Writing R Extensions’ manual.
Flavor: r-devel-macosx-x86_64-clang

Version: 0.92
Check: compiled code
Result: NOTE
    File ‘/Volumes/XT3/Builds/R-dev-web/QA/Simon/packages/snowleopard-x86_64/results/3.2/stepPlr.Rcheck/stepPlr/libs/stepPlr.so’:
     Found ‘__gfortran_st_write’, possibly from ‘write’ (Fortran), ‘print’
     (Fortran)
     Object: ‘cg_descent.o’
     Found ‘__gfortran_stop_numeric’, possibly from ‘stop’ (Fortran)
     Object: ‘cg_descent.o’
    
    Compiled code should not call entry points which might terminate R nor
    write to stdout/stderr instead of to the console.
    
    See ‘Writing portable packages’ in the ‘Writing R Extensions’ manual.
Flavor: r-devel-macosx-x86_64-gcc

Version: 0.92
Check: compiled code
Result: WARNING
    File 'd:/Rcompile/CRANpkg/lib/3.2/stepPlr/libs/i386/stepPlr.dll':
     Found '_gfortran_st_write', possibly from 'write' (Fortran), 'print'
     (Fortran)
     Object: 'cg_descent.o'
     Found 'exit', possibly from 'exit' (C), 'stop' (Fortran)
     Object: 'cg_descent.o'
    File 'd:/Rcompile/CRANpkg/lib/3.2/stepPlr/libs/x64/stepPlr.dll':
     Found '_gfortran_st_write', possibly from 'write' (Fortran), 'print'
     (Fortran)
     Object: 'cg_descent.o'
     Found 'exit', possibly from 'exit' (C), 'stop' (Fortran)
     Object: 'cg_descent.o'
    
    Compiled code should not call entry points which might terminate R nor
    write to stdout/stderr instead of to the console.
    
    See 'Writing portable packages' in the 'Writing R Extensions' manual.
    * checking examples ...
Flavor: r-devel-windows-ix86+x86_64

Version: 0.92
Check: compiled code
Result: NOTE
    File ‘/home/hornik/tmp/R.check/r-patched-gcc/Work/build/Packages/stepPlr/libs/stepPlr.so’:
     Found ‘_gfortran_st_write’, possibly from ‘write’ (Fortran), ‘print’
     (Fortran)
     Object: ‘cg_descent.o’
     Found ‘_gfortran_stop_string’, possibly from ‘stop’ (Fortran)
     Object: ‘cg_descent.o’
    
    Compiled code should not call entry points which might terminate R nor
    write to stdout/stderr instead of to the console.
    
    See ‘Writing portable packages’ in the ‘Writing R Extensions’ manual.
Flavor: r-patched-linux-x86_64

Version: 0.92
Check: compiled code
Result: NOTE
    File ‘/home/ripley/R/Lib32/stepPlr/libs/stepPlr.so’:
     Found ‘__f90_esfw’, possibly from ‘print’ (Fortran), ‘write’
     (Fortran)
     Object: ‘cg_descent.o’
     Found ‘__f90_eslw’, possibly from ‘print’ (Fortran), ‘write’
     (Fortran)
     Object: ‘cg_descent.o’
     Found ‘__f90_stop’, possibly from ‘stop’ (Fortran)
     Object: ‘cg_descent.o’
    
    Compiled code should not call entry points which might terminate R nor
    write to stdout/stderr instead of to the console.
    
    See ‘Writing portable packages’ in the ‘Writing R Extensions’ manual.
Flavors: r-patched-solaris-sparc, r-patched-solaris-x86

Version: 0.92
Check: compiled code
Result: NOTE
    File ‘/home/hornik/tmp/R.check/r-release-gcc/Work/build/Packages/stepPlr/libs/stepPlr.so’:
     Found ‘_gfortran_st_write’, possibly from ‘write’ (Fortran), ‘print’
     (Fortran)
     Object: ‘cg_descent.o’
     Found ‘_gfortran_stop_string’, possibly from ‘stop’ (Fortran)
     Object: ‘cg_descent.o’
    
    Compiled code should not call entry points which might terminate R nor
    write to stdout/stderr instead of to the console.
    
    See ‘Writing portable packages’ in the ‘Writing R Extensions’ manual.
Flavors: r-release-linux-ix86, r-release-linux-x86_64

Version: 0.92
Check: compiled code
Result: WARNING
    File 'd:/Rcompile/CRANpkg/lib/3.1/stepPlr/libs/i386/stepPlr.dll':
     Found '_gfortran_st_write', possibly from 'write' (Fortran), 'print'
     (Fortran)
     Object: 'cg_descent.o'
     Found 'exit', possibly from 'exit' (C), 'stop' (Fortran)
     Object: 'cg_descent.o'
    File 'd:/Rcompile/CRANpkg/lib/3.1/stepPlr/libs/x64/stepPlr.dll':
     Found '_gfortran_st_write', possibly from 'write' (Fortran), 'print'
     (Fortran)
     Object: 'cg_descent.o'
     Found 'exit', possibly from 'exit' (C), 'stop' (Fortran)
     Object: 'cg_descent.o'
    
    Compiled code should not call entry points which might terminate R nor
    write to stdout/stderr instead of to the console.
    
    See 'Writing portable packages' in the 'Writing R Extensions' manual.
    * checking examples ...
Flavor: r-release-windows-ix86+x86_64

Version: 0.92
Check: compiled code
Result: WARNING
    File 'd:/Rcompile/CRANpkg/lib/3.0/stepPlr/libs/i386/stepPlr.dll':
     Found '_gfortran_st_write', possibly from 'write' (Fortran), 'print'
     (Fortran)
     Object: 'cg_descent.o'
     Found 'exit', possibly from 'exit' (C), 'stop' (Fortran)
     Object: 'cg_descent.o'
    File 'd:/Rcompile/CRANpkg/lib/3.0/stepPlr/libs/x64/stepPlr.dll':
     Found '_gfortran_st_write', possibly from 'write' (Fortran), 'print'
     (Fortran)
     Object: 'cg_descent.o'
     Found 'exit', possibly from 'exit' (C), 'stop' (Fortran)
     Object: 'cg_descent.o'
    
    Compiled code should not call entry points which might terminate R nor
    write to stdout/stderr instead of to the console.
    
    See 'Writing portable packages' in the 'Writing R Extensions' manual.
    * checking examples ...
Flavor: r-oldrel-windows-ix86+x86_64