CRAN Package Check Results for Package stepgbm

Last updated on 2022-06-28 19:55:12 CEST.

Flavor Version Tinstall Tcheck Ttotal Status Flags
r-devel-linux-x86_64-debian-clang 1.0.0 3.05 22.98 26.03 OK
r-devel-linux-x86_64-debian-gcc 1.0.0 1.77 18.07 19.84 OK
r-devel-linux-x86_64-fedora-clang 1.0.0 42.72 NOTE
r-devel-linux-x86_64-fedora-gcc 1.0.0 40.86 NOTE
r-devel-windows-x86_64 1.0.0 10.00 52.00 62.00 OK
r-patched-linux-x86_64 1.0.0 3.02 22.70 25.72 OK
r-release-linux-x86_64 1.0.0 2.60 22.35 24.95 OK
r-release-macos-arm64 1.0.0 16.00 NOTE
r-release-macos-x86_64 1.0.0 25.00 NOTE
r-release-windows-x86_64 1.0.0 11.00 46.00 57.00 OK
r-oldrel-macos-arm64 1.0.0 13.00 NOTE
r-oldrel-macos-x86_64 1.0.0 21.00 NOTE
r-oldrel-windows-ix86+x86_64 1.0.0 11.00 44.00 55.00 OK

Check Details

Version: 1.0.0
Check: dependencies in R code
Result: NOTE
    Namespace in Imports field not imported from: ‘gbm’
     All declared Imports should be used.
Flavors: r-devel-linux-x86_64-fedora-clang, r-devel-linux-x86_64-fedora-gcc, r-release-macos-arm64, r-release-macos-x86_64, r-oldrel-macos-arm64, r-oldrel-macos-x86_64