CRAN Package Check Results for Package stepp

Last updated on 2015-07-02 19:47:40.

Flavor Version Tinstall Tcheck Ttotal Status Flags
r-devel-linux-x86_64-debian-clang 3.0-11 4.73 48.46 53.20 NOTE
r-devel-linux-x86_64-debian-gcc 3.0-11 4.58 48.79 53.37 NOTE
r-devel-linux-x86_64-fedora-clang 3.0-11 111.27 NOTE
r-devel-linux-x86_64-fedora-gcc 3.0-11 104.58 NOTE
r-devel-osx-x86_64-clang 3.0-11 83.19 OK
r-devel-windows-ix86+x86_64 3.0-11 16.00 96.00 112.00 NOTE
r-patched-linux-x86_64 3.0-11 4.93 49.02 53.95 OK
r-patched-solaris-sparc 3.0-11 684.20 OK
r-patched-solaris-x86 3.0-11 154.20 OK
r-release-linux-x86_64 3.0-11 4.94 49.14 54.07 OK
r-release-osx-x86_64-mavericks 3.0-11 OK
r-release-windows-ix86+x86_64 3.0-11 16.00 97.00 113.00 OK
r-oldrel-windows-ix86+x86_64 3.0-11 22.00 134.00 156.00 OK

Check Details

Version: 3.0-11
Check: R code for possible problems
Result: NOTE
    .Stepp.plot: no visible global function definition for ‘graphics.off’
    .Stepp.plot: no visible global function definition for ‘dev.new’
    .Stepp.plot: no visible global function definition for ‘postscript’
    .Stepp.plot: no visible global function definition for ‘pdf’
    .Stepp.plot: no visible global function definition for ‘png’
    .Stepp.plot: no visible global function definition for ‘bmp’
    .Stepp.plot: no visible global function definition for ‘tiff’
    .Stepp.plot: no visible global function definition for ‘jpeg’
    .Stepp.plot: no visible global function definition for ‘dev.list’
    .Stepp.plot: no visible global function definition for ‘dev.set’
    .Stepp.plot: no visible global function definition for ‘par’
    .Stepp.plot: no visible global function definition for ‘points’
    .Stepp.plot: no visible global function definition for ‘axis’
    .Stepp.plot: no visible global function definition for ‘mtext’
    .Stepp.plot: no visible global function definition for ‘legend’
    .Stepp.plot: no visible global function definition for ‘qnorm’
    .Stepp.plot: no visible global function definition for ‘lines’
    .Stepp.plot: no visible global function definition for ‘dev.off’
    cuminc.HR: no visible binding for global variable ‘na.omit’
    cuminc.HR: no visible global function definition for ‘pchisq’
    kmest: no visible binding for global variable ‘na.omit’
    ppv2: no visible global function definition for ‘var’
    ssigma: no visible global function definition for ‘var’
    generate,stsubpop: no visible global function definition for ‘median’
    Undefined global functions or variables:
     axis bmp dev.list dev.new dev.off dev.set graphics.off jpeg legend
     lines median mtext na.omit par pchisq pdf png points postscript qnorm
     tiff var
Flavors: r-devel-linux-x86_64-debian-clang, r-devel-linux-x86_64-fedora-clang, r-devel-linux-x86_64-fedora-gcc

Version: 3.0-11
Check: R code for possible problems
Result: NOTE
    .Stepp.plot: no visible global function definition for ‘graphics.off’
    .Stepp.plot: no visible global function definition for ‘dev.new’
    .Stepp.plot: no visible global function definition for ‘postscript’
    .Stepp.plot: no visible global function definition for ‘pdf’
    .Stepp.plot: no visible global function definition for ‘png’
    .Stepp.plot: no visible global function definition for ‘bmp’
    .Stepp.plot: no visible global function definition for ‘tiff’
    .Stepp.plot: no visible global function definition for ‘jpeg’
    .Stepp.plot: no visible global function definition for ‘dev.list’
    .Stepp.plot: no visible global function definition for ‘dev.set’
    .Stepp.plot: no visible global function definition for ‘par’
    .Stepp.plot: no visible global function definition for ‘points’
    .Stepp.plot: no visible global function definition for ‘axis’
    .Stepp.plot: no visible global function definition for ‘mtext’
    .Stepp.plot: no visible global function definition for ‘legend’
    .Stepp.plot: no visible global function definition for ‘qnorm’
    .Stepp.plot: no visible global function definition for ‘lines’
    .Stepp.plot: no visible global function definition for ‘dev.off’
    cuminc.HR: no visible binding for global variable ‘na.omit’
    cuminc.HR: no visible global function definition for ‘pchisq’
    kmest: no visible binding for global variable ‘na.omit’
    ppv2: no visible global function definition for ‘var’
    ssigma: no visible global function definition for ‘var’
    generate,stsubpop: no visible global function definition for ‘median’
Flavors: r-devel-linux-x86_64-debian-gcc, r-devel-windows-ix86+x86_64