CRAN Package Check Results for Package stepp

Last updated on 2017-03-28 23:50:53.

Flavor Version Tinstall Tcheck Ttotal Status Flags
r-devel-linux-x86_64-debian-clang 3.0-11 4.45 53.33 57.78 NOTE
r-devel-linux-x86_64-debian-gcc 3.0-11 4.50 52.15 56.65 NOTE
r-devel-linux-x86_64-fedora-clang 3.0-11 125.74 NOTE --no-stop-on-test-error
r-devel-linux-x86_64-fedora-gcc 3.0-11 122.84 NOTE --no-stop-on-test-error
r-devel-macos-x86_64-clang 3.0-11 93.99 NOTE --no-stop-on-test-error
r-devel-windows-ix86+x86_64 3.0-11 16.00 177.00 193.00 NOTE
r-patched-linux-x86_64 3.0-11 4.59 52.70 57.29 NOTE
r-patched-solaris-sparc 3.0-11 722.40 NOTE
r-patched-solaris-x86 3.0-11 183.50 NOTE
r-release-linux-x86_64 3.0-11 4.36 49.15 53.51 NOTE
r-release-osx-x86_64-mavericks 3.0-11 NOTE
r-release-windows-ix86+x86_64 3.0-11 22.00 113.00 135.00 NOTE
r-oldrel-windows-ix86+x86_64 3.0-11 16.00 163.00 179.00 OK

Check Details

Version: 3.0-11
Check: R code for possible problems
Result: NOTE
    .Stepp.plot: no visible global function definition for ‘graphics.off’
    .Stepp.plot: no visible global function definition for ‘dev.new’
    .Stepp.plot: no visible global function definition for ‘postscript’
    .Stepp.plot: no visible global function definition for ‘pdf’
    .Stepp.plot: no visible global function definition for ‘png’
    .Stepp.plot: no visible global function definition for ‘bmp’
    .Stepp.plot: no visible global function definition for ‘tiff’
    .Stepp.plot: no visible global function definition for ‘jpeg’
    .Stepp.plot: no visible global function definition for ‘dev.list’
    .Stepp.plot: no visible global function definition for ‘dev.set’
    .Stepp.plot: no visible global function definition for ‘par’
    .Stepp.plot: no visible global function definition for ‘points’
    .Stepp.plot: no visible global function definition for ‘axis’
    .Stepp.plot: no visible global function definition for ‘mtext’
    .Stepp.plot: no visible global function definition for ‘legend’
    .Stepp.plot: no visible global function definition for ‘qnorm’
    .Stepp.plot: no visible global function definition for ‘lines’
    .Stepp.plot: no visible global function definition for ‘dev.off’
    cuminc.HR: no visible binding for global variable ‘na.omit’
    cuminc.HR: no visible global function definition for ‘pchisq’
    kmest: no visible binding for global variable ‘na.omit’
    ppv2: no visible global function definition for ‘var’
    ssigma: no visible global function definition for ‘var’
    estimate,stmodelCOX: no visible global function definition for
     ‘as.formula’
    estimate,stmodelGLM: no visible global function definition for
     ‘as.formula’
    estimate,stmodelGLM: no visible global function definition for
     ‘gaussian’
    estimate,stmodelGLM: no visible global function definition for
     ‘binomial’
    estimate,stmodelGLM: no visible global function definition for
     ‘poisson’
    estimate,stmodelGLM: no visible global function definition for
     ‘predict’
    estimate,stmodelGLM: no visible global function definition for ‘coef’
    estimate,stmodelGLM: no visible global function definition for ‘vcov’
    generate,stsubpop: no visible global function definition for ‘median’
    test,stmodelCI: no visible global function definition for
     ‘txtProgressBar’
    test,stmodelCI: no visible global function definition for
     ‘setTxtProgressBar’
    test,stmodelGLM: no visible global function definition for ‘as.formula’
    test,stmodelGLM: no visible global function definition for
     ‘txtProgressBar’
    test,stmodelGLM: no visible global function definition for
     ‘setTxtProgressBar’
    test,stmodelGLM: no visible global function definition for ‘gaussian’
    test,stmodelGLM: no visible global function definition for ‘predict’
    test,stmodelGLM: no visible global function definition for ‘binomial’
    test,stmodelGLM: no visible global function definition for ‘coef’
    test,stmodelGLM: no visible global function definition for ‘vcov’
    test,stmodelGLM: no visible global function definition for ‘poisson’
    test,stmodelKM: no visible global function definition for ‘as.formula’
    test,stmodelKM: no visible global function definition for
     ‘txtProgressBar’
    test,stmodelKM: no visible global function definition for
     ‘setTxtProgressBar’
    Undefined global functions or variables:
     as.formula axis binomial bmp coef dev.list dev.new dev.off dev.set
     gaussian graphics.off jpeg legend lines median mtext na.omit par
     pchisq pdf png points poisson postscript predict qnorm
     setTxtProgressBar tiff txtProgressBar var vcov
    Consider adding
     importFrom("grDevices", "bmp", "dev.list", "dev.new", "dev.off",
     "dev.set", "graphics.off", "jpeg", "pdf", "png",
     "postscript", "tiff")
     importFrom("graphics", "axis", "legend", "lines", "mtext", "par",
     "points")
     importFrom("stats", "as.formula", "binomial", "coef", "gaussian",
     "median", "na.omit", "pchisq", "poisson", "predict",
     "qnorm", "var", "vcov")
     importFrom("utils", "setTxtProgressBar", "txtProgressBar")
    to your NAMESPACE file.
Flavors: r-devel-linux-x86_64-debian-clang, r-devel-linux-x86_64-debian-gcc, r-devel-windows-ix86+x86_64, r-patched-linux-x86_64, r-patched-solaris-sparc, r-patched-solaris-x86, r-release-linux-x86_64, r-release-osx-x86_64-mavericks, r-release-windows-ix86+x86_64

Version: 3.0-11
Check: compiled code
Result: NOTE
    File ‘stepp/libs/stepp.so’:
     Found no calls to: ‘R_registerRoutines’, ‘R_useDynamicSymbols’
    
    It is good practice to register native routines and to disable symbol
    search.
    
    See ‘Writing portable packages’ in the ‘Writing R Extensions’ manual.
Flavors: r-devel-linux-x86_64-debian-clang, r-devel-linux-x86_64-debian-gcc, r-patched-linux-x86_64

Version: 3.0-11
Flags: --no-stop-on-test-error
Check: R code for possible problems
Result: NOTE
    .Stepp.plot: no visible global function definition for ‘graphics.off’
    .Stepp.plot: no visible global function definition for ‘dev.new’
    .Stepp.plot: no visible global function definition for ‘postscript’
    .Stepp.plot: no visible global function definition for ‘pdf’
    .Stepp.plot: no visible global function definition for ‘png’
    .Stepp.plot: no visible global function definition for ‘bmp’
    .Stepp.plot: no visible global function definition for ‘tiff’
    .Stepp.plot: no visible global function definition for ‘jpeg’
    .Stepp.plot: no visible global function definition for ‘dev.list’
    .Stepp.plot: no visible global function definition for ‘dev.set’
    .Stepp.plot: no visible global function definition for ‘par’
    .Stepp.plot: no visible global function definition for ‘points’
    .Stepp.plot: no visible global function definition for ‘axis’
    .Stepp.plot: no visible global function definition for ‘mtext’
    .Stepp.plot: no visible global function definition for ‘legend’
    .Stepp.plot: no visible global function definition for ‘qnorm’
    .Stepp.plot: no visible global function definition for ‘lines’
    .Stepp.plot: no visible global function definition for ‘dev.off’
    cuminc.HR: no visible binding for global variable ‘na.omit’
    cuminc.HR: no visible global function definition for ‘pchisq’
    kmest: no visible binding for global variable ‘na.omit’
    ppv2: no visible global function definition for ‘var’
    ssigma: no visible global function definition for ‘var’
    estimate,stmodelCOX: no visible global function definition for
     ‘as.formula’
    estimate,stmodelGLM: no visible global function definition for
     ‘as.formula’
    estimate,stmodelGLM: no visible global function definition for
     ‘gaussian’
    estimate,stmodelGLM: no visible global function definition for
     ‘binomial’
    estimate,stmodelGLM: no visible global function definition for
     ‘poisson’
    estimate,stmodelGLM: no visible global function definition for
     ‘predict’
    estimate,stmodelGLM: no visible global function definition for ‘coef’
    estimate,stmodelGLM: no visible global function definition for ‘vcov’
    generate,stsubpop: no visible global function definition for ‘median’
    test,stmodelCI: no visible global function definition for
     ‘txtProgressBar’
    test,stmodelCI: no visible global function definition for
     ‘setTxtProgressBar’
    test,stmodelGLM: no visible global function definition for ‘as.formula’
    test,stmodelGLM: no visible global function definition for
     ‘txtProgressBar’
    test,stmodelGLM: no visible global function definition for
     ‘setTxtProgressBar’
    test,stmodelGLM: no visible global function definition for ‘gaussian’
    test,stmodelGLM: no visible global function definition for ‘predict’
    test,stmodelGLM: no visible global function definition for ‘binomial’
    test,stmodelGLM: no visible global function definition for ‘coef’
    test,stmodelGLM: no visible global function definition for ‘vcov’
    test,stmodelGLM: no visible global function definition for ‘poisson’
    test,stmodelKM: no visible global function definition for ‘as.formula’
    test,stmodelKM: no visible global function definition for
     ‘txtProgressBar’
    test,stmodelKM: no visible global function definition for
     ‘setTxtProgressBar’
    Undefined global functions or variables:
     as.formula axis binomial bmp coef dev.list dev.new dev.off dev.set
     gaussian graphics.off jpeg legend lines median mtext na.omit par
     pchisq pdf png points poisson postscript predict qnorm
     setTxtProgressBar tiff txtProgressBar var vcov
    Consider adding
     importFrom("grDevices", "bmp", "dev.list", "dev.new", "dev.off",
     "dev.set", "graphics.off", "jpeg", "pdf", "png",
     "postscript", "tiff")
     importFrom("graphics", "axis", "legend", "lines", "mtext", "par",
     "points")
     importFrom("stats", "as.formula", "binomial", "coef", "gaussian",
     "median", "na.omit", "pchisq", "poisson", "predict",
     "qnorm", "var", "vcov")
     importFrom("utils", "setTxtProgressBar", "txtProgressBar")
    to your NAMESPACE file.
Flavors: r-devel-linux-x86_64-fedora-clang, r-devel-linux-x86_64-fedora-gcc, r-devel-macos-x86_64-clang

Version: 3.0-11
Flags: --no-stop-on-test-error
Check: compiled code
Result: NOTE
    File ‘stepp/libs/stepp.so’:
     Found no calls to: ‘R_registerRoutines’, ‘R_useDynamicSymbols’
    
    It is good practice to register native routines and to disable symbol
    search.
    
    See ‘Writing portable packages’ in the ‘Writing R Extensions’ manual.
Flavors: r-devel-linux-x86_64-fedora-clang, r-devel-linux-x86_64-fedora-gcc, r-devel-macos-x86_64-clang