CRAN Package Check Results for Package stepp

Last updated on 2014-04-25 05:47:26.

Flavor Version Tinstall Tcheck Ttotal Status Flags
r-devel-linux-x86_64-debian-clang 2.3-2 0.74 38.92 39.65 NOTE
r-devel-linux-x86_64-debian-gcc 2.3-2 0.82 39.07 39.90 NOTE
r-devel-linux-x86_64-fedora-clang 2.3-2 79.68 NOTE
r-devel-linux-x86_64-fedora-gcc 2.3-2 78.50 NOTE
r-devel-osx-x86_64-clang 2.3-2 66.14 NOTE
r-devel-osx-x86_64-gcc 2.3-2 NOTE
r-devel-windows-ix86+x86_64 2.3-2 3.00 58.00 61.00 NOTE
r-patched-linux-x86_64 2.3-2 0.74 38.51 39.24 NOTE
r-patched-solaris-sparc 2.3-2 430.00 NOTE
r-patched-solaris-x86 2.3-2 87.10 NOTE
r-release-linux-ix86 2.3-2 2.00 59.00 61.00 NOTE
r-release-linux-x86_64 2.3-2 0.73 39.08 39.80 NOTE
r-release-osx-x86_64-mavericks 2.3-2 WARN
r-release-osx-x86_64-snowleopard 2.3-2 NOTE
r-release-windows-ix86+x86_64 2.3-2 6.00 58.00 64.00 NOTE
r-oldrel-windows-ix86+x86_64 2.3-2 3.00 73.00 76.00 NOTE

Check Details

Version: 2.3-2
Check: dependencies in R code
Result: NOTE
    'library' or 'require' calls to packages already attached by Depends:
     ‘cmprsk’ ‘survival’
     Please remove these calls from your code.
    See the information on DESCRIPTION files in the chapter ‘Creating R
    packages’ of the ‘Writing R Extensions’ manual.
Flavors: r-devel-linux-x86_64-debian-clang, r-devel-linux-x86_64-debian-gcc, r-devel-linux-x86_64-fedora-clang, r-devel-linux-x86_64-fedora-gcc, r-devel-osx-x86_64-clang, r-devel-osx-x86_64-gcc, r-devel-windows-ix86+x86_64, r-patched-linux-x86_64, r-patched-solaris-sparc, r-patched-solaris-x86, r-release-linux-ix86, r-release-linux-x86_64, r-release-osx-x86_64-mavericks, r-release-osx-x86_64-snowleopard, r-release-windows-ix86+x86_64, r-oldrel-windows-ix86+x86_64

Version: 2.3-2
Check: foreign function calls
Result: NOTE
    Foreign function calls to a different package:
     .Fortran("cinc", ..., PACKAGE = "cmprsk")
     .Fortran("crstm", ..., PACKAGE = "cmprsk")
    See the chapter ‘System and foreign language interfaces’ of the
    ‘Writing R Extensions’ manual.
Flavors: r-devel-linux-x86_64-debian-clang, r-devel-linux-x86_64-debian-gcc, r-devel-linux-x86_64-fedora-clang, r-devel-linux-x86_64-fedora-gcc, r-devel-osx-x86_64-clang, r-devel-osx-x86_64-gcc, r-devel-windows-ix86+x86_64, r-patched-linux-x86_64, r-patched-solaris-sparc, r-patched-solaris-x86, r-release-linux-ix86, r-release-linux-x86_64, r-release-osx-x86_64-mavericks, r-release-osx-x86_64-snowleopard, r-release-windows-ix86+x86_64, r-oldrel-windows-ix86+x86_64

Version: 2.3-2
Check: top-level files
Result: NOTE
    Non-standard file/directory found at top level:
     ‘CONTENTS’
Flavors: r-devel-linux-x86_64-fedora-clang, r-devel-linux-x86_64-fedora-gcc

Version: 2.3-2
Check: Rd line widths
Result: NOTE
    Rd file 'stepp.Rd':
     \usage lines wider than 90 characters:
     ylabel = "Specify Timepoint & Endpoint", xlabel = "Subpopulations by Median Covariate",
    
    Rd file 'steppCI.Rd':
     \usage lines wider than 90 characters:
     ylabel = "Specify Timepoint & Endpoint", xlabel = "Subpopulations by Median Covariate",
    
    Rd file 'steppObj.Rd':
     \usage lines wider than 90 characters:
     stepp(trttype, coltrt, coltime, colcens=0, coltype=0, colvar, trts, patspop, minpatspop, timest, noperm)
    
    Rd file 'stepp_plot.Rd':
     \usage lines wider than 90 characters:
     stepp_plot(x, legendy = 30, pline = -2.5, color = c("red", "black"), ylabel= "Specify Timepoint & Endpoint", xlabel="Subpopulations by ... [TRUNCATED]
    
    These lines will be truncated in the PDF manual.
Flavors: r-devel-linux-x86_64-fedora-clang, r-devel-linux-x86_64-fedora-gcc

Version: 2.3-2
Check: PDF version of manual
Result: WARNING
    LaTeX errors when creating PDF version.
    This typically indicates Rd problems.
    LaTeX errors found:
    ! LaTeX Error: File `upquote.sty' not found.
    
    Type X to quit or <RETURN> to proceed,
    or enter new name. (Default extension: sty)
    
    5bbc5b1/Rd2.tex:8: ==> Fatal error occurred, no output PDF file produced!
Flavor: r-release-osx-x86_64-mavericks