CRAN Package Check Results for Package stepp

Last updated on 2014-10-25 23:46:54.

Flavor Version Tinstall Tcheck Ttotal Status Flags
r-devel-linux-x86_64-debian-clang 3.0-11 2.00 23.90 25.90 OK
r-devel-linux-x86_64-debian-gcc 3.0-11 2.01 24.35 26.36 OK
r-devel-linux-x86_64-fedora-clang 3.0-11 29.03 OK
r-devel-linux-x86_64-fedora-gcc 3.0-11 50.50 OK
r-devel-osx-x86_64-clang 3.0-11 49.02 OK
r-devel-windows-ix86+x86_64 3.0-11 7.00 48.00 55.00 OK
r-patched-linux-x86_64 3.0-11 2.02 24.02 26.03 OK
r-patched-solaris-sparc 3.0-11 273.30 OK
r-patched-solaris-x86 3.0-11 70.60 OK
r-release-linux-ix86 2.3-2 1.08 47.94 49.03 NOTE
r-release-linux-x86_64 2.3-2 0.72 38.86 39.58 NOTE
r-release-osx-x86_64-mavericks 3.0-11 OK
r-release-osx-x86_64-snowleopard 3.0-11 OK
r-release-windows-ix86+x86_64 3.0-11 8.00 48.00 56.00 OK
r-oldrel-windows-ix86+x86_64 3.0-11 8.00 54.00 62.00 OK

Check Details

Version: 2.3-2
Check: dependencies in R code
Result: NOTE
    'library' or 'require' calls to packages already attached by Depends:
     ‘cmprsk’ ‘survival’
     Please remove these calls from your code.
    See the information on DESCRIPTION files in the chapter ‘Creating R
    packages’ of the ‘Writing R Extensions’ manual.
Flavors: r-release-linux-ix86, r-release-linux-x86_64

Version: 2.3-2
Check: foreign function calls
Result: NOTE
    Foreign function calls to a different package:
     .Fortran("cinc", ..., PACKAGE = "cmprsk")
     .Fortran("crstm", ..., PACKAGE = "cmprsk")
    See the chapter ‘System and foreign language interfaces’ of the
    ‘Writing R Extensions’ manual.
Flavors: r-release-linux-ix86, r-release-linux-x86_64

Version: 2.3-2
Check: top-level files
Result: NOTE
    Non-standard file/directory found at top level:
     ‘CONTENTS’
Flavor: r-release-linux-x86_64

Version: 2.3-2
Check: Rd line widths
Result: NOTE
    Rd file 'stepp.Rd':
     \usage lines wider than 90 characters:
     ylabel = "Specify Timepoint & Endpoint", xlabel = "Subpopulations by Median Covariate",
    
    Rd file 'steppCI.Rd':
     \usage lines wider than 90 characters:
     ylabel = "Specify Timepoint & Endpoint", xlabel = "Subpopulations by Median Covariate",
    
    Rd file 'steppObj.Rd':
     \usage lines wider than 90 characters:
     stepp(trttype, coltrt, coltime, colcens=0, coltype=0, colvar, trts, patspop, minpatspop, timest, noperm)
    
    Rd file 'stepp_plot.Rd':
     \usage lines wider than 90 characters:
     stepp_plot(x, legendy = 30, pline = -2.5, color = c("red", "black"), ylabel= "Specify Timepoint & Endpoint", xlabel="Subpopulations by ... [TRUNCATED]
    
    These lines will be truncated in the PDF manual.
Flavor: r-release-linux-x86_64