CRAN Package Check Results for Package stepp

Last updated on 2015-05-04 00:47:15.

Flavor Version Tinstall Tcheck Ttotal Status Flags
r-devel-linux-x86_64-debian-clang 3.0-11 4.66 49.44 54.10 OK
r-devel-linux-x86_64-debian-gcc 3.0-11 4.49 49.10 53.59 OK
r-devel-linux-x86_64-fedora-clang 3.0-11 115.68 OK
r-devel-linux-x86_64-fedora-gcc 3.0-11 106.20 OK
r-devel-osx-x86_64-clang 3.0-11 95.82 OK
r-devel-windows-ix86+x86_64 3.0-11 14.00 96.00 110.00 OK
r-patched-linux-x86_64 3.0-11 4.68 50.74 55.41 OK
r-patched-solaris-sparc 3.0-11 687.40 OK
r-patched-solaris-x86 3.0-11 151.90 OK
r-release-linux-x86_64 3.0-11 4.46 49.86 54.32 OK
r-release-osx-x86_64-mavericks 3.0-11 OK
r-release-osx-x86_64-snowleopard 3.0-11 ERROR
r-release-windows-ix86+x86_64 3.0-11 15.00 102.00 117.00 OK
r-oldrel-windows-ix86+x86_64 3.0-11 18.00 135.00 153.00 OK

Check Details

Version: 3.0-11
Check: package dependencies
Result: ERROR
    Package required but not available: ‘car’
    
    See section ‘The DESCRIPTION file’ in the ‘Writing R Extensions’
    manual.
Flavor: r-release-osx-x86_64-snowleopard