CRAN Package Check Results for Package stima

Last updated on 2015-08-30 05:48:10.

Flavor Version Tinstall Tcheck Ttotal Status Flags
r-devel-linux-x86_64-debian-clang 1.1 1.89 15.23 17.12 NOTE
r-devel-linux-x86_64-debian-gcc 1.1 2.10 15.13 17.24 NOTE
r-devel-linux-x86_64-fedora-clang 1.1 30.74 NOTE
r-devel-linux-x86_64-fedora-gcc 1.1 29.67 NOTE
r-devel-osx-x86_64-clang 1.1 31.18 OK
r-devel-windows-ix86+x86_64 1.1 25.00 45.00 70.00 NOTE
r-patched-linux-x86_64 1.1 2.06 15.66 17.72 OK
r-patched-solaris-sparc 1.1 246.10 OK
r-patched-solaris-x86 1.1 47.30 OK
r-release-linux-x86_64 1.1 2.11 16.00 18.11 OK
r-release-osx-x86_64-mavericks 1.1 OK
r-release-windows-ix86+x86_64 1.1 26.00 37.00 63.00 OK
r-oldrel-windows-ix86+x86_64 1.1 17.00 59.00 76.00 OK

Check Details

Version: 1.1
Check: R code for possible problems
Result: NOTE
    bos.cat2: no visible global function definition for ‘resid’
    bos.cat2: no visible global function definition for ‘lm’
    plot.rt: no visible global function definition for ‘plot’
    plot.rt: no visible global function definition for ‘text’
    plot.rt: no visible global function definition for ‘rect’
    plot.rt: no visible global function definition for ‘title’
    plot.rt: no visible global function definition for ‘par’
    stdata: no visible binding for global variable ‘var’
    stima: no visible global function definition for ‘fitted’
    stima: no visible global function definition for ‘lm’
    stima: no visible global function definition for ‘anova’
    stima: no visible global function definition for ‘predict’
    stima: no visible global function definition for ‘cor’
    stima: no visible global function definition for ‘as.formula’
    stima: no visible global function definition for ‘step’
    Undefined global functions or variables:
     anova as.formula cor fitted lm par plot predict rect resid step text
     title var
    Consider adding
     importFrom("graphics", "par", "plot", "rect", "text", "title")
     importFrom("stats", "anova", "as.formula", "cor", "fitted", "lm",
     "predict", "resid", "step", "var")
    to your NAMESPACE.
Flavors: r-devel-linux-x86_64-debian-clang, r-devel-linux-x86_64-debian-gcc, r-devel-linux-x86_64-fedora-clang, r-devel-linux-x86_64-fedora-gcc, r-devel-windows-ix86+x86_64