CRAN Package Check Results for Package stima

Last updated on 2016-09-26 20:49:52.

Flavor Version Tinstall Tcheck Ttotal Status Flags
r-devel-linux-x86_64-debian-clang 1.1 2.11 20.83 22.94 WARN
r-devel-linux-x86_64-debian-gcc 1.1 2.34 20.82 23.16 WARN
r-devel-linux-x86_64-fedora-clang 1.1 31.36 WARN
r-devel-linux-x86_64-fedora-gcc 1.1 28.24 WARN
r-devel-macos-x86_64-clang 1.1 26.93 WARN
r-devel-windows-ix86+x86_64 1.1 15.00 63.00 78.00 WARN
r-patched-linux-x86_64 1.1 1.98 15.83 17.80 NOTE
r-patched-solaris-sparc 1.1 212.00 NOTE
r-patched-solaris-x86 1.1 43.50 NOTE
r-release-linux-x86_64 1.1 2.16 16.24 18.40 NOTE
r-release-osx-x86_64-mavericks 1.1 NOTE
r-release-windows-ix86+x86_64 1.1 13.00 49.00 62.00 NOTE
r-oldrel-windows-ix86+x86_64 1.1 21.00 48.00 69.00 OK

Check Details

Version: 1.1
Check: whether package can be installed
Result: WARN
    Found the following significant warnings:
     Warning: GNU Extension: Nonstandard type declaration REAL*8 at (1)
Flavors: r-devel-linux-x86_64-debian-clang, r-devel-linux-x86_64-debian-gcc, r-devel-linux-x86_64-fedora-clang, r-devel-linux-x86_64-fedora-gcc, r-devel-macos-x86_64-clang, r-devel-windows-ix86+x86_64

Version: 1.1
Check: R code for possible problems
Result: NOTE
    bos.cat2: no visible global function definition for ‘resid’
    bos.cat2: no visible global function definition for ‘lm’
    plot.rt: no visible global function definition for ‘plot’
    plot.rt: no visible global function definition for ‘text’
    plot.rt: no visible global function definition for ‘rect’
    plot.rt: no visible global function definition for ‘title’
    plot.rt: no visible global function definition for ‘par’
    stdata: no visible binding for global variable ‘var’
    stima: no visible global function definition for ‘fitted’
    stima: no visible global function definition for ‘lm’
    stima: no visible global function definition for ‘anova’
    stima: no visible global function definition for ‘predict’
    stima: no visible global function definition for ‘cor’
    stima: no visible global function definition for ‘as.formula’
    stima: no visible global function definition for ‘step’
    Undefined global functions or variables:
     anova as.formula cor fitted lm par plot predict rect resid step text
     title var
    Consider adding
     importFrom("graphics", "par", "plot", "rect", "text", "title")
     importFrom("stats", "anova", "as.formula", "cor", "fitted", "lm",
     "predict", "resid", "step", "var")
    to your NAMESPACE file.
Flavors: r-devel-linux-x86_64-debian-clang, r-devel-linux-x86_64-debian-gcc, r-devel-linux-x86_64-fedora-clang, r-devel-linux-x86_64-fedora-gcc, r-devel-macos-x86_64-clang, r-devel-windows-ix86+x86_64, r-patched-linux-x86_64, r-patched-solaris-sparc, r-patched-solaris-x86, r-release-linux-x86_64, r-release-osx-x86_64-mavericks, r-release-windows-ix86+x86_64