CRAN Package Check Results for Package stima

Last updated on 2017-03-23 03:48:20.

Flavor Version Tinstall Tcheck Ttotal Status Flags
r-devel-linux-x86_64-debian-clang 1.1 2.15 23.48 25.63 WARN
r-devel-linux-x86_64-debian-gcc 1.1 2.24 23.40 25.64 WARN
r-devel-linux-x86_64-fedora-clang 1.1 34.18 WARN --no-stop-on-test-error
r-devel-linux-x86_64-fedora-gcc 1.1 33.01 WARN --no-stop-on-test-error
r-devel-macos-x86_64-clang 1.1 29.45 WARN --no-stop-on-test-error
r-devel-windows-ix86+x86_64 1.1 20.00 50.00 70.00 WARN
r-patched-linux-x86_64 1.1 2.19 16.38 18.57 NOTE
r-patched-solaris-sparc 1.1 218.70 NOTE
r-patched-solaris-x86 1.1 50.80 NOTE
r-release-linux-x86_64 1.1 2.06 16.28 18.34 NOTE
r-release-osx-x86_64-mavericks 1.1 NOTE
r-release-windows-ix86+x86_64 1.1 34.00 45.00 79.00 NOTE
r-oldrel-windows-ix86+x86_64 1.1 23.00 56.00 79.00 OK

Check Details

Version: 1.1
Check: whether package can be installed
Result: WARN
    Found the following significant warnings:
     Warning: GNU Extension: Nonstandard type declaration REAL*8 at (1)
Flavors: r-devel-linux-x86_64-debian-clang, r-devel-linux-x86_64-debian-gcc, r-devel-windows-ix86+x86_64

Version: 1.1
Check: R code for possible problems
Result: NOTE
    bos.cat2: no visible global function definition for ‘resid’
    bos.cat2: no visible global function definition for ‘lm’
    plot.rt: no visible global function definition for ‘plot’
    plot.rt: no visible global function definition for ‘text’
    plot.rt: no visible global function definition for ‘rect’
    plot.rt: no visible global function definition for ‘title’
    plot.rt: no visible global function definition for ‘par’
    stdata: no visible binding for global variable ‘var’
    stima: no visible global function definition for ‘fitted’
    stima: no visible global function definition for ‘lm’
    stima: no visible global function definition for ‘anova’
    stima: no visible global function definition for ‘predict’
    stima: no visible global function definition for ‘cor’
    stima: no visible global function definition for ‘as.formula’
    stima: no visible global function definition for ‘step’
    Undefined global functions or variables:
     anova as.formula cor fitted lm par plot predict rect resid step text
     title var
    Consider adding
     importFrom("graphics", "par", "plot", "rect", "text", "title")
     importFrom("stats", "anova", "as.formula", "cor", "fitted", "lm",
     "predict", "resid", "step", "var")
    to your NAMESPACE file.
Flavors: r-devel-linux-x86_64-debian-clang, r-devel-linux-x86_64-debian-gcc, r-devel-windows-ix86+x86_64, r-patched-linux-x86_64, r-patched-solaris-sparc, r-patched-solaris-x86, r-release-linux-x86_64, r-release-osx-x86_64-mavericks, r-release-windows-ix86+x86_64

Version: 1.1
Check: compiled code
Result: NOTE
    File ‘stima/libs/stima.so’:
     Found no calls to: ‘R_registerRoutines’, ‘R_useDynamicSymbols’
    
    It is good practice to register native routines and to disable symbol
    search.
    
    See ‘Writing portable packages’ in the ‘Writing R Extensions’ manual.
Flavors: r-devel-linux-x86_64-debian-clang, r-devel-linux-x86_64-debian-gcc

Version: 1.1
Flags: --no-stop-on-test-error
Check: whether package can be installed
Result: WARN
    Found the following significant warnings:
     Warning: GNU Extension: Nonstandard type declaration REAL*8 at (1)
Flavors: r-devel-linux-x86_64-fedora-clang, r-devel-linux-x86_64-fedora-gcc, r-devel-macos-x86_64-clang

Version: 1.1
Flags: --no-stop-on-test-error
Check: R code for possible problems
Result: NOTE
    bos.cat2: no visible global function definition for ‘resid’
    bos.cat2: no visible global function definition for ‘lm’
    plot.rt: no visible global function definition for ‘plot’
    plot.rt: no visible global function definition for ‘text’
    plot.rt: no visible global function definition for ‘rect’
    plot.rt: no visible global function definition for ‘title’
    plot.rt: no visible global function definition for ‘par’
    stdata: no visible binding for global variable ‘var’
    stima: no visible global function definition for ‘fitted’
    stima: no visible global function definition for ‘lm’
    stima: no visible global function definition for ‘anova’
    stima: no visible global function definition for ‘predict’
    stima: no visible global function definition for ‘cor’
    stima: no visible global function definition for ‘as.formula’
    stima: no visible global function definition for ‘step’
    Undefined global functions or variables:
     anova as.formula cor fitted lm par plot predict rect resid step text
     title var
    Consider adding
     importFrom("graphics", "par", "plot", "rect", "text", "title")
     importFrom("stats", "anova", "as.formula", "cor", "fitted", "lm",
     "predict", "resid", "step", "var")
    to your NAMESPACE file.
Flavors: r-devel-linux-x86_64-fedora-clang, r-devel-linux-x86_64-fedora-gcc, r-devel-macos-x86_64-clang

Version: 1.1
Flags: --no-stop-on-test-error
Check: compiled code
Result: NOTE
    File ‘stima/libs/stima.so’:
     Found no calls to: ‘R_registerRoutines’, ‘R_useDynamicSymbols’
    
    It is good practice to register native routines and to disable symbol
    search.
    
    See ‘Writing portable packages’ in the ‘Writing R Extensions’ manual.
Flavors: r-devel-linux-x86_64-fedora-clang, r-devel-linux-x86_64-fedora-gcc, r-devel-macos-x86_64-clang