CRAN Package Check Results for Package stima

Last updated on 2022-10-07 14:52:20 CEST.

Flavor Version Tinstall Tcheck Ttotal Status Flags
r-devel-linux-x86_64-debian-clang 1.2.1 6.44 35.64 42.08 OK
r-devel-linux-x86_64-debian-gcc 1.2.1 5.23 27.56 32.79 NOTE
r-devel-linux-x86_64-fedora-clang 1.2.1 65.04 OK
r-devel-linux-x86_64-fedora-gcc 1.2.1 60.62 OK
r-devel-windows-x86_64 1.2.1 20.00 52.00 72.00 OK
r-patched-linux-x86_64 1.2.1 5.14 34.22 39.36 OK
r-release-linux-x86_64 1.2.1 5.79 34.66 40.45 OK
r-release-macos-arm64 1.2.1 24.00 OK
r-release-macos-x86_64 1.2.1 29.00 OK
r-release-windows-x86_64 1.2.1 19.00 51.00 70.00 OK
r-oldrel-macos-arm64 1.2.1 30.00 OK
r-oldrel-macos-x86_64 1.2.1 32.00 OK
r-oldrel-windows-ix86+x86_64 1.2.1 21.00 63.00 84.00 OK

Check Details

Version: 1.2.1
Check: compilation flags used
Result: NOTE
    Compilation used the following non-portable flag(s):
     ‘-Wstrict-prototypes’
Flavor: r-devel-linux-x86_64-debian-gcc