CRAN Package Check Results for Package stima

Last updated on 2015-07-03 16:47:40.

Flavor Version Tinstall Tcheck Ttotal Status Flags
r-devel-linux-x86_64-debian-clang 1.1 1.96 14.62 16.58 NOTE
r-devel-linux-x86_64-debian-gcc 1.1 2.02 15.18 17.20 NOTE
r-devel-linux-x86_64-fedora-clang 1.1 31.08 NOTE
r-devel-linux-x86_64-fedora-gcc 1.1 29.57 NOTE
r-devel-osx-x86_64-clang 1.1 28.00 OK
r-devel-windows-ix86+x86_64 1.1 16.00 35.00 51.00 OK
r-patched-linux-x86_64 1.1 1.95 15.74 17.69 OK
r-patched-solaris-sparc 1.1 243.10 OK
r-patched-solaris-x86 1.1 44.40 OK
r-release-linux-x86_64 1.1 2.01 16.17 18.18 OK
r-release-osx-x86_64-mavericks 1.1 OK
r-release-windows-ix86+x86_64 1.1 23.00 54.00 77.00 OK
r-oldrel-windows-ix86+x86_64 1.1 17.00 59.00 76.00 OK

Check Details

Version: 1.1
Check: R code for possible problems
Result: NOTE
    bos.cat2: no visible global function definition for ‘resid’
    bos.cat2: no visible global function definition for ‘lm’
    plot.rt: no visible global function definition for ‘plot’
    plot.rt: no visible global function definition for ‘text’
    plot.rt: no visible global function definition for ‘rect’
    plot.rt: no visible global function definition for ‘title’
    plot.rt: no visible global function definition for ‘par’
    stdata: no visible binding for global variable ‘var’
    stima: no visible global function definition for ‘fitted’
    stima: no visible global function definition for ‘lm’
    stima: no visible global function definition for ‘anova’
    stima: no visible global function definition for ‘predict’
    stima: no visible global function definition for ‘cor’
    stima: no visible global function definition for ‘as.formula’
    stima: no visible global function definition for ‘step’
    Undefined global functions or variables:
     anova as.formula cor fitted lm par plot predict rect resid step text
     title var
Flavors: r-devel-linux-x86_64-debian-clang, r-devel-linux-x86_64-debian-gcc, r-devel-linux-x86_64-fedora-clang, r-devel-linux-x86_64-fedora-gcc