CRAN Package Check Results for Package stinepack

Last updated on 2015-01-30 18:51:40.

Flavor Version Tinstall Tcheck Ttotal Status Flags
r-devel-linux-x86_64-debian-clang 1.3 0.52 8.43 8.94 NOTE
r-devel-linux-x86_64-debian-gcc 1.3 0.55 8.40 8.95 NOTE
r-devel-linux-x86_64-fedora-clang 1.3 19.85 NOTE
r-devel-linux-x86_64-fedora-gcc 1.3 19.65 NOTE
r-devel-osx-x86_64-clang 1.3 22.98 NOTE
r-devel-windows-ix86+x86_64 1.3 3.00 24.00 27.00 OK
r-patched-linux-x86_64 1.3 0.56 8.94 9.50 OK
r-patched-solaris-sparc 1.3 140.80 OK
r-patched-solaris-x86 1.3 29.70 OK
r-release-linux-ix86 1.3 0.82 14.04 14.86 OK
r-release-linux-x86_64 1.3 0.58 9.13 9.72 OK
r-release-osx-x86_64-mavericks 1.3 OK
r-release-windows-ix86+x86_64 1.3 2.00 19.00 21.00 OK
r-oldrel-windows-ix86+x86_64 1.3 2.00 15.00 17.00 OK

Check Details

Version: 1.3
Check: S3 generic/method consistency
Result: NOTE
    Found the following apparent S3 methods exported but not registered:
     na.stinterp.default
    See section ‘Registering S3 methods’ in the ‘Writing R Extensions’
    manual.
Flavors: r-devel-linux-x86_64-debian-clang, r-devel-linux-x86_64-debian-gcc, r-devel-linux-x86_64-fedora-clang, r-devel-linux-x86_64-fedora-gcc, r-devel-osx-x86_64-clang