CRAN Package Check Results for Package stinepack

Last updated on 2015-03-28 11:49:28.

Flavor Version Tinstall Tcheck Ttotal Status Flags
r-devel-linux-x86_64-debian-clang 1.3 0.51 8.38 8.89 NOTE
r-devel-linux-x86_64-debian-gcc 1.3 0.56 8.22 8.78 NOTE
r-devel-linux-x86_64-fedora-clang 1.3 18.06 NOTE
r-devel-linux-x86_64-fedora-gcc 1.3 16.76 NOTE
r-devel-osx-x86_64-clang 1.3 24.26 NOTE
r-prerel-windows-ix86+x86_64 1.3 2.00 15.00 17.00 NOTE
r-prerel-linux-x86_64 1.3 0.50 9.20 9.70 NOTE
r-prerel-solaris-sparc 1.3 117.20 NOTE
r-prerel-solaris-x86 1.3 25.90 NOTE
r-release-linux-x86_64 1.3 0.57 9.09 9.66 OK
r-release-osx-x86_64-mavericks 1.3 OK
r-release-windows-ix86+x86_64 1.3 4.00 15.00 19.00 OK
r-oldrel-windows-ix86+x86_64 1.3 2.00 15.00 17.00 OK

Check Details

Version: 1.3
Check: DESCRIPTION meta-information
Result: NOTE
    Malformed Description field: should contain one or more complete sentences.
Flavors: r-devel-linux-x86_64-debian-clang, r-devel-linux-x86_64-debian-gcc, r-devel-linux-x86_64-fedora-clang, r-devel-linux-x86_64-fedora-gcc, r-devel-osx-x86_64-clang, r-prerel-windows-ix86+x86_64, r-prerel-linux-x86_64, r-prerel-solaris-sparc, r-prerel-solaris-x86

Version: 1.3
Check: S3 generic/method consistency
Result: NOTE
    Found the following apparent S3 methods exported but not registered:
     na.stinterp.default
    See section ‘Registering S3 methods’ in the ‘Writing R Extensions’
    manual.
Flavors: r-devel-linux-x86_64-debian-clang, r-devel-linux-x86_64-debian-gcc, r-devel-linux-x86_64-fedora-clang, r-devel-linux-x86_64-fedora-gcc, r-devel-osx-x86_64-clang, r-prerel-linux-x86_64