CRAN Package Check Results for Package stinepack

Last updated on 2016-05-25 14:47:48.

Flavor Version Tinstall Tcheck Ttotal Status Flags
r-devel-linux-x86_64-debian-gcc 1.3 0.52 8.38 8.91 NOTE
r-devel-linux-x86_64-fedora-clang 1.3 14.78 NOTE
r-devel-linux-x86_64-fedora-gcc 1.3 13.93 NOTE
r-devel-osx-x86_64-clang 1.3 18.54 NOTE
r-devel-windows-ix86+x86_64 1.3 2.00 23.00 25.00 NOTE
r-patched-linux-x86_64 1.3 0.50 8.80 9.30 NOTE
r-patched-solaris-sparc 1.3 88.20 NOTE
r-patched-solaris-x86 1.3 21.60 NOTE
r-release-linux-x86_64 1.3 0.56 8.41 8.96 NOTE
r-release-osx-x86_64-mavericks 1.3 NOTE
r-release-windows-ix86+x86_64 1.3 2.00 32.00 34.00 NOTE
r-oldrel-windows-ix86+x86_64 1.3 2.00 25.00 27.00 NOTE

Check Details

Version: 1.3
Check: DESCRIPTION meta-information
Result: NOTE
    Malformed Description field: should contain one or more complete sentences.
Flavors: r-devel-linux-x86_64-debian-gcc, r-devel-linux-x86_64-fedora-clang, r-devel-linux-x86_64-fedora-gcc, r-devel-osx-x86_64-clang, r-devel-windows-ix86+x86_64, r-patched-linux-x86_64, r-patched-solaris-sparc, r-patched-solaris-x86, r-release-linux-x86_64, r-release-osx-x86_64-mavericks, r-release-windows-ix86+x86_64, r-oldrel-windows-ix86+x86_64

Version: 1.3
Check: S3 generic/method consistency
Result: NOTE
    Found the following apparent S3 methods exported but not registered:
     na.stinterp.default
    See section ‘Registering S3 methods’ in the ‘Writing R Extensions’
    manual.
Flavors: r-devel-linux-x86_64-debian-gcc, r-devel-linux-x86_64-fedora-clang, r-devel-linux-x86_64-fedora-gcc, r-devel-osx-x86_64-clang, r-patched-linux-x86_64, r-patched-solaris-sparc, r-patched-solaris-x86, r-release-linux-x86_64

Version: 1.3
Check: R code for possible problems
Result: NOTE
    na.stinterp.default: no visible global function definition for ‘time’
    na.stinterp.default: no visible global function definition for
     ‘na.omit’
    Undefined global functions or variables:
     na.omit time
    Consider adding
     importFrom("stats", "na.omit", "time")
    to your NAMESPACE file.
Flavors: r-devel-linux-x86_64-debian-gcc, r-devel-linux-x86_64-fedora-clang, r-devel-linux-x86_64-fedora-gcc, r-devel-osx-x86_64-clang, r-devel-windows-ix86+x86_64, r-patched-linux-x86_64, r-patched-solaris-sparc, r-patched-solaris-x86, r-release-linux-x86_64, r-release-osx-x86_64-mavericks, r-release-windows-ix86+x86_64