CRAN Package Check Results for Package stinepack

Last updated on 2017-03-27 18:50:19.

Flavor Version Tinstall Tcheck Ttotal Status Flags
r-devel-linux-x86_64-debian-clang 1.3 0.58 10.88 11.46 NOTE
r-devel-linux-x86_64-debian-gcc 1.3 0.61 10.37 10.98 NOTE
r-devel-linux-x86_64-fedora-clang 1.3 18.19 NOTE --no-stop-on-test-error
r-devel-linux-x86_64-fedora-gcc 1.3 17.41 NOTE --no-stop-on-test-error
r-devel-macos-x86_64-clang 1.3 16.21 NOTE --no-stop-on-test-error
r-devel-windows-ix86+x86_64 1.3 2.00 30.00 32.00 NOTE
r-patched-linux-x86_64 1.3 0.64 10.59 11.23 NOTE
r-patched-solaris-sparc 1.3 106.60 NOTE
r-patched-solaris-x86 1.3 28.80 NOTE
r-release-linux-x86_64 1.3 0.55 8.90 9.45 NOTE
r-release-osx-x86_64-mavericks 1.3 NOTE
r-release-windows-ix86+x86_64 1.3 3.00 22.00 25.00 NOTE
r-oldrel-windows-ix86+x86_64 1.3 3.00 34.00 37.00 NOTE

Check Details

Version: 1.3
Check: DESCRIPTION meta-information
Result: NOTE
    Malformed Description field: should contain one or more complete sentences.
Flavors: r-devel-linux-x86_64-debian-clang, r-devel-linux-x86_64-debian-gcc, r-devel-windows-ix86+x86_64, r-patched-linux-x86_64, r-patched-solaris-sparc, r-patched-solaris-x86, r-release-linux-x86_64, r-release-osx-x86_64-mavericks, r-release-windows-ix86+x86_64, r-oldrel-windows-ix86+x86_64

Version: 1.3
Check: S3 generic/method consistency
Result: NOTE
    Found the following apparent S3 methods exported but not registered:
     na.stinterp.default
    See section ‘Registering S3 methods’ in the ‘Writing R Extensions’
    manual.
Flavors: r-devel-linux-x86_64-debian-clang, r-devel-linux-x86_64-debian-gcc, r-patched-linux-x86_64, r-patched-solaris-sparc, r-patched-solaris-x86, r-release-linux-x86_64

Version: 1.3
Check: R code for possible problems
Result: NOTE
    na.stinterp.default: no visible global function definition for ‘time’
    na.stinterp.default: no visible global function definition for
     ‘na.omit’
    Undefined global functions or variables:
     na.omit time
    Consider adding
     importFrom("stats", "na.omit", "time")
    to your NAMESPACE file.
Flavors: r-devel-linux-x86_64-debian-clang, r-devel-linux-x86_64-debian-gcc, r-devel-windows-ix86+x86_64, r-patched-linux-x86_64, r-patched-solaris-sparc, r-patched-solaris-x86, r-release-linux-x86_64, r-release-osx-x86_64-mavericks, r-release-windows-ix86+x86_64

Version: 1.3
Flags: --no-stop-on-test-error
Check: DESCRIPTION meta-information
Result: NOTE
    Malformed Description field: should contain one or more complete sentences.
Flavors: r-devel-linux-x86_64-fedora-clang, r-devel-linux-x86_64-fedora-gcc, r-devel-macos-x86_64-clang

Version: 1.3
Flags: --no-stop-on-test-error
Check: S3 generic/method consistency
Result: NOTE
    Found the following apparent S3 methods exported but not registered:
     na.stinterp.default
    See section ‘Registering S3 methods’ in the ‘Writing R Extensions’
    manual.
Flavors: r-devel-linux-x86_64-fedora-clang, r-devel-linux-x86_64-fedora-gcc, r-devel-macos-x86_64-clang

Version: 1.3
Flags: --no-stop-on-test-error
Check: R code for possible problems
Result: NOTE
    na.stinterp.default: no visible global function definition for ‘time’
    na.stinterp.default: no visible global function definition for
     ‘na.omit’
    Undefined global functions or variables:
     na.omit time
    Consider adding
     importFrom("stats", "na.omit", "time")
    to your NAMESPACE file.
Flavors: r-devel-linux-x86_64-fedora-clang, r-devel-linux-x86_64-fedora-gcc, r-devel-macos-x86_64-clang