CRAN Package Check Results for Package stinepack

Last updated on 2015-05-04 22:46:59.

Flavor Version Tinstall Tcheck Ttotal Status Flags
r-devel-linux-x86_64-debian-clang 1.3 0.50 8.58 9.08 NOTE
r-devel-linux-x86_64-debian-gcc 1.3 0.50 8.52 9.02 NOTE
r-devel-linux-x86_64-fedora-clang 1.3 17.58 NOTE
r-devel-linux-x86_64-fedora-gcc 1.3 15.95 NOTE
r-devel-osx-x86_64-clang 1.3 22.24 NOTE
r-devel-windows-ix86+x86_64 1.3 3.00 16.00 19.00 NOTE
r-patched-linux-x86_64 1.3 0.56 8.69 9.25 NOTE
r-patched-solaris-sparc 1.3 117.20 NOTE
r-patched-solaris-x86 1.3 26.20 NOTE
r-release-linux-x86_64 1.3 0.52 8.58 9.09 NOTE
r-release-osx-x86_64-mavericks 1.3 NOTE
r-release-osx-x86_64-snowleopard 1.3 NOTE
r-release-windows-ix86+x86_64 1.3 2.00 15.00 17.00 NOTE
r-oldrel-windows-ix86+x86_64 1.3 4.00 15.00 19.00 OK

Check Details

Version: 1.3
Check: DESCRIPTION meta-information
Result: NOTE
    Malformed Description field: should contain one or more complete sentences.
Flavors: r-devel-linux-x86_64-debian-clang, r-devel-linux-x86_64-debian-gcc, r-devel-linux-x86_64-fedora-clang, r-devel-linux-x86_64-fedora-gcc, r-devel-osx-x86_64-clang, r-devel-windows-ix86+x86_64, r-patched-linux-x86_64, r-patched-solaris-sparc, r-patched-solaris-x86, r-release-linux-x86_64, r-release-osx-x86_64-mavericks, r-release-osx-x86_64-snowleopard, r-release-windows-ix86+x86_64

Version: 1.3
Check: S3 generic/method consistency
Result: NOTE
    Found the following apparent S3 methods exported but not registered:
     na.stinterp.default
    See section ‘Registering S3 methods’ in the ‘Writing R Extensions’
    manual.
Flavors: r-devel-linux-x86_64-debian-clang, r-devel-linux-x86_64-debian-gcc, r-devel-linux-x86_64-fedora-clang, r-devel-linux-x86_64-fedora-gcc, r-devel-osx-x86_64-clang, r-patched-linux-x86_64, r-patched-solaris-x86, r-release-linux-x86_64