CRAN Package Check Results for Package stinepack

Last updated on 2018-04-21 08:49:52 CEST.

Flavor Version Tinstall Tcheck Ttotal Status Flags
r-devel-linux-x86_64-debian-clang 1.3 0.92 16.21 17.13 ERROR
r-devel-linux-x86_64-debian-gcc 1.3 0.67 12.90 13.57 ERROR
r-devel-linux-x86_64-fedora-clang 1.3 20.41 NOTE
r-devel-linux-x86_64-fedora-gcc 1.3 19.88 NOTE
r-devel-windows-ix86+x86_64 1.3 3.00 39.00 42.00 NOTE
r-devel-osx-x86_64 1.3 NOTE
r-patched-linux-x86_64 1.3 0.85 15.81 16.66 ERROR
r-patched-solaris-x86 1.3 34.70 NOTE
r-release-linux-x86_64 1.3 0.69 15.45 16.14 NOTE
r-release-windows-ix86+x86_64 1.3 2.00 28.00 30.00 NOTE
r-release-osx-x86_64 1.3 NOTE
r-oldrel-windows-ix86+x86_64 1.3 3.00 22.00 25.00 NOTE

Check Details

Version: 1.3
Check: DESCRIPTION meta-information
Result: NOTE
    Malformed Description field: should contain one or more complete sentences.
Flavors: r-devel-linux-x86_64-debian-clang, r-devel-linux-x86_64-debian-gcc, r-devel-linux-x86_64-fedora-clang, r-devel-linux-x86_64-fedora-gcc, r-devel-windows-ix86+x86_64, r-devel-osx-x86_64, r-patched-linux-x86_64, r-patched-solaris-x86, r-release-linux-x86_64, r-release-windows-ix86+x86_64, r-release-osx-x86_64, r-oldrel-windows-ix86+x86_64

Version: 1.3
Check: S3 generic/method consistency
Result: NOTE
    Found the following apparent S3 methods exported but not registered:
     na.stinterp.default
    See section ‘Registering S3 methods’ in the ‘Writing R Extensions’
    manual.
Flavors: r-devel-linux-x86_64-debian-clang, r-devel-linux-x86_64-debian-gcc, r-devel-linux-x86_64-fedora-clang, r-devel-linux-x86_64-fedora-gcc, r-patched-linux-x86_64, r-patched-solaris-x86, r-release-linux-x86_64

Version: 1.3
Check: R code for possible problems
Result: NOTE
    na.stinterp.default: no visible global function definition for ‘time’
    na.stinterp.default: no visible global function definition for
     ‘na.omit’
    Undefined global functions or variables:
     na.omit time
    Consider adding
     importFrom("stats", "na.omit", "time")
    to your NAMESPACE file.
Flavors: r-devel-linux-x86_64-debian-clang, r-devel-linux-x86_64-debian-gcc, r-devel-linux-x86_64-fedora-clang, r-devel-linux-x86_64-fedora-gcc, r-devel-windows-ix86+x86_64, r-devel-osx-x86_64, r-patched-linux-x86_64, r-patched-solaris-x86, r-release-linux-x86_64, r-release-windows-ix86+x86_64, r-release-osx-x86_64, r-oldrel-windows-ix86+x86_64

Version: 1.3
Check: examples
Result: ERROR
    Running examples in ‘stinepack-Ex.R’ failed
    The error most likely occurred in:
    
    > base::assign(".ptime", proc.time(), pos = "CheckExEnv")
    > ### Name: na.stinterp
    > ### Title: Replace NAs by Stineman interpolation
    > ### Aliases: na.stinterp na.stinterp.default
    > ### Keywords: ts
    >
    > ### ** Examples
    >
    > na.stinterp(c(2,NA,1,4,5,2))
    Error in UseMethod("na.stinterp") :
     no applicable method for 'na.stinterp' applied to an object of class "c('double', 'numeric')"
    Calls: na.stinterp
    Execution halted
Flavors: r-devel-linux-x86_64-debian-clang, r-devel-linux-x86_64-debian-gcc, r-patched-linux-x86_64