CRAN Package Check Results for Package stinepack

Last updated on 2015-08-04 23:48:34.

Flavor Version Tinstall Tcheck Ttotal Status Flags
r-devel-linux-x86_64-debian-clang 1.3 0.53 8.01 8.54 NOTE
r-devel-linux-x86_64-debian-gcc 1.3 0.54 7.88 8.42 NOTE
r-devel-linux-x86_64-fedora-clang 1.3 16.86 NOTE
r-devel-linux-x86_64-fedora-gcc 1.3 15.43 NOTE
r-devel-osx-x86_64-clang 1.3 17.32 NOTE
r-devel-windows-ix86+x86_64 1.3 3.00 16.00 19.00 NOTE
r-patched-linux-x86_64 1.3 0.56 8.46 9.03 NOTE
r-patched-solaris-sparc 1.3 116.50 NOTE
r-patched-solaris-x86 1.3 26.60 NOTE
r-release-linux-x86_64 1.3 0.65 8.76 9.41 NOTE
r-release-osx-x86_64-mavericks 1.3 NOTE
r-release-windows-ix86+x86_64 1.3 3.00 15.00 18.00 NOTE
r-oldrel-windows-ix86+x86_64 1.3 4.00 15.00 19.00 OK

Check Details

Version: 1.3
Check: DESCRIPTION meta-information
Result: NOTE
    Malformed Description field: should contain one or more complete sentences.
Flavors: r-devel-linux-x86_64-debian-clang, r-devel-linux-x86_64-debian-gcc, r-devel-linux-x86_64-fedora-clang, r-devel-linux-x86_64-fedora-gcc, r-devel-osx-x86_64-clang, r-devel-windows-ix86+x86_64, r-patched-linux-x86_64, r-patched-solaris-sparc, r-patched-solaris-x86, r-release-linux-x86_64, r-release-osx-x86_64-mavericks, r-release-windows-ix86+x86_64

Version: 1.3
Check: S3 generic/method consistency
Result: NOTE
    Found the following apparent S3 methods exported but not registered:
     na.stinterp.default
    See section ‘Registering S3 methods’ in the ‘Writing R Extensions’
    manual.
Flavors: r-devel-linux-x86_64-debian-clang, r-devel-linux-x86_64-debian-gcc, r-devel-linux-x86_64-fedora-clang, r-devel-linux-x86_64-fedora-gcc, r-devel-osx-x86_64-clang, r-patched-linux-x86_64, r-patched-solaris-sparc, r-patched-solaris-x86, r-release-linux-x86_64

Version: 1.3
Check: R code for possible problems
Result: NOTE
    na.stinterp.default: no visible global function definition for ‘time’
    na.stinterp.default: no visible global function definition for
     ‘na.omit’
    Undefined global functions or variables:
     na.omit time
    Consider adding
     importFrom("stats", "na.omit", "time")
    to your NAMESPACE.
Flavors: r-devel-linux-x86_64-debian-clang, r-devel-linux-x86_64-debian-gcc, r-devel-linux-x86_64-fedora-clang, r-devel-linux-x86_64-fedora-gcc, r-devel-windows-ix86+x86_64