CRAN Package Check Results for Package stinepack

Last updated on 2016-09-28 05:48:33.

Flavor Version Tinstall Tcheck Ttotal Status Flags
r-devel-linux-x86_64-debian-clang 1.3 0.51 8.67 9.17 NOTE
r-devel-linux-x86_64-debian-gcc 1.3 0.55 8.57 9.12 NOTE
r-devel-linux-x86_64-fedora-clang 1.3 15.93 NOTE
r-devel-linux-x86_64-fedora-gcc 1.3 14.18 NOTE
r-devel-macos-x86_64-clang 1.3 14.20 NOTE
r-devel-windows-ix86+x86_64 1.3 4.00 50.00 54.00 NOTE
r-patched-linux-x86_64 1.3 0.54 8.69 9.22 NOTE
r-patched-solaris-sparc 1.3 89.20 NOTE
r-patched-solaris-x86 1.3 24.20 NOTE
r-release-linux-x86_64 1.3 0.61 8.55 9.16 NOTE
r-release-osx-x86_64-mavericks 1.3 NOTE
r-release-windows-ix86+x86_64 1.3 2.00 26.00 28.00 NOTE
r-oldrel-windows-ix86+x86_64 1.3 2.00 25.00 27.00 NOTE

Check Details

Version: 1.3
Check: DESCRIPTION meta-information
Result: NOTE
    Malformed Description field: should contain one or more complete sentences.
Flavors: r-devel-linux-x86_64-debian-clang, r-devel-linux-x86_64-debian-gcc, r-devel-linux-x86_64-fedora-clang, r-devel-linux-x86_64-fedora-gcc, r-devel-macos-x86_64-clang, r-devel-windows-ix86+x86_64, r-patched-linux-x86_64, r-patched-solaris-sparc, r-patched-solaris-x86, r-release-linux-x86_64, r-release-osx-x86_64-mavericks, r-release-windows-ix86+x86_64, r-oldrel-windows-ix86+x86_64

Version: 1.3
Check: S3 generic/method consistency
Result: NOTE
    Found the following apparent S3 methods exported but not registered:
     na.stinterp.default
    See section ‘Registering S3 methods’ in the ‘Writing R Extensions’
    manual.
Flavors: r-devel-linux-x86_64-debian-clang, r-devel-linux-x86_64-debian-gcc, r-devel-linux-x86_64-fedora-clang, r-devel-linux-x86_64-fedora-gcc, r-devel-macos-x86_64-clang, r-patched-linux-x86_64, r-patched-solaris-sparc, r-patched-solaris-x86, r-release-linux-x86_64

Version: 1.3
Check: R code for possible problems
Result: NOTE
    na.stinterp.default: no visible global function definition for ‘time’
    na.stinterp.default: no visible global function definition for
     ‘na.omit’
    Undefined global functions or variables:
     na.omit time
    Consider adding
     importFrom("stats", "na.omit", "time")
    to your NAMESPACE file.
Flavors: r-devel-linux-x86_64-debian-clang, r-devel-linux-x86_64-debian-gcc, r-devel-linux-x86_64-fedora-clang, r-devel-linux-x86_64-fedora-gcc, r-devel-macos-x86_64-clang, r-devel-windows-ix86+x86_64, r-patched-linux-x86_64, r-patched-solaris-sparc, r-patched-solaris-x86, r-release-linux-x86_64, r-release-osx-x86_64-mavericks, r-release-windows-ix86+x86_64