CRAN Package Check Results for Package stlTDNN

Last updated on 2024-06-12 19:54:38 CEST.

Flavor Version Tinstall Tcheck Ttotal Status Flags
r-devel-linux-x86_64-debian-clang 0.1.0 7.53 80.71 88.24 OK
r-devel-linux-x86_64-debian-gcc 0.1.0 0.23 1.61 1.84 ERROR
r-devel-linux-x86_64-fedora-clang 0.1.0 112.22 OK
r-devel-linux-x86_64-fedora-gcc 0.1.0 104.82 OK
r-devel-windows-x86_64 0.1.0 9.00 82.00 91.00 OK
r-patched-linux-x86_64 0.1.0 6.30 77.12 83.42 OK
r-release-linux-x86_64 0.1.0 7.46 77.98 85.44 OK
r-release-macos-arm64 0.1.0 32.00 OK
r-release-macos-x86_64 0.1.0 49.00 OK
r-release-windows-x86_64 0.1.0 11.00 83.00 94.00 OK
r-oldrel-macos-arm64 0.1.0 37.00 OK
r-oldrel-macos-x86_64 0.1.0 51.00 OK
r-oldrel-windows-x86_64 0.1.0 12.00 92.00 104.00 OK

Check Details

Version: 0.1.0
Check: package dependencies
Result: ERROR Packages required but not available: 'forecast', 'nnfor' See section ‘The DESCRIPTION file’ in the ‘Writing R Extensions’ manual. Flavor: r-devel-linux-x86_64-debian-gcc