CRAN Package Check Results for Package stm

Last updated on 2015-03-07 03:50:22.

Flavor Version Tinstall Tcheck Ttotal Status Flags
r-devel-linux-x86_64-debian-clang 1.0.8 4.03 285.54 289.58 NOTE
r-devel-linux-x86_64-debian-gcc 1.0.8 4.06 281.72 285.78 NOTE
r-devel-linux-x86_64-fedora-clang 1.0.8 207.11 NOTE
r-devel-linux-x86_64-fedora-gcc 1.0.8 200.38 NOTE
r-devel-osx-x86_64-clang 1.0.8 364.59 NOTE
r-devel-windows-ix86+x86_64 1.0.8 16.00 352.00 368.00 NOTE
r-patched-linux-x86_64 1.0.8 5.28 300.66 305.94 NOTE
r-patched-solaris-sparc 1.0.8 1485.70 NOTE
r-patched-solaris-x86 1.0.8 336.70 NOTE
r-release-linux-ix86 1.0.8 6.34 320.66 327.00 NOTE
r-release-linux-x86_64 1.0.8 5.60 297.93 303.53 NOTE
r-release-osx-x86_64-mavericks 1.0.8 NOTE
r-release-osx-x86_64-snowleopard 1.0.8 NOTE
r-release-windows-ix86+x86_64 1.0.8 12.00 348.00 360.00 NOTE
r-oldrel-windows-ix86+x86_64 1.0.8 13.00 325.00 338.00 NOTE

Check Details

Version: 1.0.8
Check: dependencies in R code
Result: NOTE
    Missing or unexported object: ‘tm::meta’
Flavors: r-devel-linux-x86_64-debian-clang, r-devel-linux-x86_64-debian-gcc, r-devel-linux-x86_64-fedora-clang, r-devel-linux-x86_64-fedora-gcc, r-devel-osx-x86_64-clang, r-devel-windows-ix86+x86_64, r-patched-linux-x86_64, r-patched-solaris-sparc, r-patched-solaris-x86

Version: 1.0.8
Check: dependencies in R code
Result: NOTE
    Missing or unexported object: ‘tm::meta’
    See the information on DESCRIPTION files in the chapter ‘Creating R
    packages’ of the ‘Writing R Extensions’ manual.
Flavors: r-release-linux-ix86, r-release-linux-x86_64, r-release-osx-x86_64-mavericks, r-release-osx-x86_64-snowleopard, r-release-windows-ix86+x86_64

Version: 1.0.8
Check: dependencies in R code
Result: NOTE
    Missing or unexported object: 'tm::content_transformer'
    See the information on DESCRIPTION files in the chapter 'Creating R
    packages' of the 'Writing R Extensions' manual.
Flavor: r-oldrel-windows-ix86+x86_64