CRAN Package Check Results for Package stm

Last updated on 2017-09-24 11:48:42.

Flavor Version Tinstall Tcheck Ttotal Status Flags
r-devel-linux-x86_64-debian-clang 1.3.0 24.24 331.97 356.21 OK
r-devel-linux-x86_64-debian-gcc 1.3.0 20.54 328.15 348.68 OK
r-devel-linux-x86_64-fedora-clang 1.3.0 383.94 OK
r-devel-linux-x86_64-fedora-gcc 1.3.0 368.97 OK
r-devel-windows-ix86+x86_64 1.3.0 49.00 682.00 731.00 OK
r-patched-linux-x86_64 1.3.0 20.06 335.27 355.33 OK
r-patched-solaris-x86 1.3.0 487.70 OK
r-release-linux-x86_64 1.3.0 20.51 331.36 351.86 OK
r-release-windows-ix86+x86_64 1.3.0 56.00 692.00 748.00 OK
r-release-osx-x86_64 1.3.0 NOTE
r-oldrel-windows-ix86+x86_64 1.3.0 59.00 685.00 744.00 OK
r-oldrel-osx-x86_64 1.3.0 OK

Check Details

Version: 1.3.0
Check: re-building of vignette outputs
Result: NOTE
    Error in re-building vignettes:
     ...
    stm v1.3.0 (2017-09-08) successfully loaded. See ?stm for help.
    Error in texi2dvi(file = file, pdf = TRUE, clean = clean, quiet = quiet, :
     Running 'texi2dvi' on 'stmVignette.tex' failed.
    LaTeX errors:
    ! LaTeX Error: File `placeins.sty' not found.
    
    Type X to quit or <RETURN> to proceed,
    or enter new name. (Default extension: sty)
    
    ! Emergency stop.
    <read *>
    
    l.59 ^^M
    
    ! ==> Fatal error occurred, no output PDF file produced!
    Calls: buildVignettes -> texi2pdf -> texi2dvi
    Execution halted
Flavor: r-release-osx-x86_64