CRAN Package Check Results for Package stm

Last updated on 2015-07-06 14:48:56.

Flavor Version Tinstall Tcheck Ttotal Status Flags
r-devel-linux-x86_64-debian-clang 1.0.8 4.56 267.76 272.32 NOTE
r-devel-linux-x86_64-debian-gcc 1.0.8 4.02 269.61 273.62 NOTE
r-devel-linux-x86_64-fedora-clang 1.0.8 207.30 NOTE
r-devel-linux-x86_64-fedora-gcc 1.0.8 200.08 NOTE
r-devel-osx-x86_64-clang 1.0.8 307.51 NOTE
r-devel-windows-ix86+x86_64 1.0.8 18.00 326.00 344.00 NOTE
r-patched-linux-x86_64 1.0.8 5.18 265.40 270.58 NOTE
r-patched-solaris-sparc 1.0.8 1299.10 NOTE
r-patched-solaris-x86 1.0.8 281.60 NOTE
r-release-linux-x86_64 1.0.8 4.21 268.12 272.33 NOTE
r-release-osx-x86_64-mavericks 1.0.8 NOTE
r-release-windows-ix86+x86_64 1.0.8 14.00 345.00 359.00 NOTE
r-oldrel-windows-ix86+x86_64 1.0.8 14.00 374.00 388.00 NOTE

Check Details

Version: 1.0.8
Check: dependencies in R code
Result: NOTE
    Missing or unexported object: ‘tm::meta’
Flavors: r-devel-linux-x86_64-debian-clang, r-devel-linux-x86_64-debian-gcc, r-devel-linux-x86_64-fedora-clang, r-devel-linux-x86_64-fedora-gcc, r-devel-osx-x86_64-clang, r-devel-windows-ix86+x86_64, r-patched-linux-x86_64, r-patched-solaris-sparc, r-patched-solaris-x86, r-release-linux-x86_64, r-release-osx-x86_64-mavericks, r-release-windows-ix86+x86_64, r-oldrel-windows-ix86+x86_64

Version: 1.0.8
Check: R code for possible problems
Result: NOTE
    .TJciloess : <anonymous> : <anonymous>: no visible global function
     definition for ‘rnorm’
    .TJciloess : <anonymous>: no visible global function definition for
     ‘quantile’
    .tjloesssim: no visible global function definition for ‘loess’
    .tjloesssim: no visible global function definition for ‘predict’
    bounds_docs.MultimodDiagnostic: no visible global function definition
     for ‘plot’
    bounds_docs.MultimodDiagnostic: no visible global function definition
     for ‘abline’
    bounds_docs.MultimodDiagnostic: no visible global function definition
     for ‘lm’
    bounds_l1.MultimodDiagnostic: no visible global function definition for
     ‘plot’
    bounds_l1.MultimodDiagnostic: no visible global function definition for
     ‘abline’
    bounds_l1.MultimodDiagnostic: no visible global function definition for
     ‘lm’
    bounds_l1lim.MultimodDiagnostic: no visible global function definition
     for ‘plot’
    bounds_l1lim.MultimodDiagnostic: no visible global function definition
     for ‘abline’
    bounds_l1lim.MultimodDiagnostic: no visible global function definition
     for ‘lm’
    bounds_words.MultimodDiagnostic: no visible global function definition
     for ‘plot’
    bounds_words.MultimodDiagnostic: no visible global function definition
     for ‘abline’
    bounds_words.MultimodDiagnostic: no visible global function definition
     for ‘lm’
    checkResiduals: no visible global function definition for ‘pchisq’
    cloud: no visible global function definition for ‘aggregate’
    confidence_intervals.MultimodDiagnostic: no visible global function
     definition for ‘hist’
    dmr.control: no visible global function definition for ‘optim’
    docsexpectation.MultimodDiagnostic: no visible global function
     definition for ‘hist’
    estimateEffect: no visible global function definition for ‘terms’
    estimateEffect: no visible global function definition for ‘as.formula’
    estimateEffect: no visible global function definition for ‘model.frame’
    estimateEffect: no visible global function definition for
     ‘model.matrix’
    hist_l1lim.MultimodDiagnostic: no visible global function definition
     for ‘hist’
    l1_l1lim.MultimodDiagnostic: no visible global function definition for
     ‘smoothScatter’
    l1_topdocs.MultimodDiagnostic: no visible global function definition
     for ‘smoothScatter’
    l1_topwords.MultimodDiagnostic: no visible global function definition
     for ‘smoothScatter’
    l1expectation.MultimodDiagnostic: no visible global function definition
     for ‘hist’
    logisticnormal: no visible global function definition for ‘optim’
    multiSTM: no visible global function definition for ‘na.omit’
    newton: no visible global function definition for ‘optimize’
    opt.kappak: no visible global function definition for ‘optim’
    outputdata: no visible global function definition for ‘median’
    parseFormulas: no visible global function definition for ‘terms’
    parseFormulas : s2: no visible global function definition for ‘predict’
    parseFormulas : bs2: no visible global function definition for
     ‘predict’
    parseFormulas : ns2: no visible global function definition for
     ‘predict’
    parseFormulas: no visible global function definition for ‘as.formula’
    parseFormulas: no visible global function definition for ‘model.matrix’
    permutationTest: no visible global function definition for ‘runif’
    permutationTest : qeffects : <anonymous>: no visible global function
     definition for ‘quantile’
    permutationTest: no visible global function definition for ‘rbinom’
    permutationTest: no visible global function definition for ‘terms’
    permutationTest: no visible global function definition for
     ‘model.matrix’
    plot.MultimodDiagnostic: no visible global function definition for
     ‘par’
    plot.STM: no visible global function definition for ‘plot’
    plot.STM: no visible global function definition for ‘lines’
    plot.STM: no visible global function definition for ‘text’
    plot.STM: no visible global function definition for ‘segments’
    plot.STM: no visible global function definition for ‘rgb’
    plot.STM: no visible global function definition for ‘par’
    plot.STM: no visible global function definition for ‘median’
    plot.STM: no visible global function definition for ‘hist’
    plot.STM: no visible global function definition for ‘abline’
    plot.STM: no visible global function definition for ‘title’
    plot.STMpermute: no visible global function definition for ‘plot’
    plot.STMpermute: no visible global function definition for ‘segments’
    plot.STMpermute: no visible global function definition for ‘abline’
    plot.searchK: no visible global function definition for ‘par’
    plot.searchK: no visible global function definition for ‘plot’
    plot.searchK: no visible global function definition for ‘lines’
    plot.searchK: no visible global function definition for ‘title’
    plotContinuous : <anonymous>: no visible global function definition for
     ‘quantile’
    plotContinuous: no visible global function definition for ‘plot’
    plotContinuous: no visible global function definition for ‘rainbow’
    plotContinuous: no visible global function definition for ‘lines’
    plotContinuous: no visible global function definition for ‘legend’
    plotDifference: no visible global function definition for ‘quantile’
    plotDifference: no visible global function definition for ‘plot’
    plotDifference: no visible global function definition for ‘lines’
    plotDifference: no visible global function definition for ‘points’
    plotDifference: no visible global function definition for ‘axis’
    plotModels: no visible global function definition for ‘plot’
    plotModels: no visible global function definition for ‘rainbow’
    plotModels: no visible global function definition for ‘points’
    plotModels: no visible global function definition for ‘legend’
    plotModels: no visible global function definition for ‘text’
    plotPointEstimate : <anonymous>: no visible global function definition
     for ‘quantile’
    plotPointEstimate: no visible global function definition for ‘plot’
    plotPointEstimate: no visible global function definition for ‘lines’
    plotPointEstimate: no visible global function definition for ‘points’
    plotPointEstimate: no visible global function definition for ‘axis’
    plotQuote: no visible global function definition for ‘plot’
    plotQuote: no visible global function definition for ‘text’
    plotQuote: no visible global function definition for ‘lines’
    plotRemoved: no visible global function definition for ‘par’
    plotRemoved: no visible global function definition for ‘plot’
    plotRemoved: no visible global function definition for ‘lines’
    plotRemoved: no visible global function definition for ‘abline’
    plotTopicLoess: no visible global function definition for ‘loess’
    plotTopicLoess: no visible global function definition for ‘predict’
    plotTopicLoess : <anonymous>: no visible global function definition for
     ‘rnorm’
    plotTopicLoess: no visible binding for global variable ‘quantile’
    plotTopicLoess: no visible global function definition for ‘plot’
    plotTopicLoess: no visible global function definition for ‘rainbow’
    plotTopicLoess: no visible global function definition for ‘lines’
    rmvnorm: no visible global function definition for ‘rnorm’
    semcoh_docs.MultimodDiagnostic: no visible global function definition
     for ‘plot’
    semcoh_docs.MultimodDiagnostic: no visible global function definition
     for ‘abline’
    semcoh_docs.MultimodDiagnostic: no visible global function definition
     for ‘lm’
    semcoh_l1.MultimodDiagnostic: no visible global function definition for
     ‘plot’
    semcoh_l1.MultimodDiagnostic: no visible global function definition for
     ‘abline’
    semcoh_l1.MultimodDiagnostic: no visible global function definition for
     ‘lm’
    semcoh_l1lim.MultimodDiagnostic: no visible global function definition
     for ‘plot’
    semcoh_l1lim.MultimodDiagnostic: no visible global function definition
     for ‘abline’
    semcoh_l1lim.MultimodDiagnostic: no visible global function definition
     for ‘lm’
    semcoh_words.MultimodDiagnostic: no visible global function definition
     for ‘plot’
    semcoh_words.MultimodDiagnostic: no visible global function definition
     for ‘abline’
    semcoh_words.MultimodDiagnostic: no visible global function definition
     for ‘lm’
    stm : makeTopMatrix: no visible global function definition for ‘terms’
    stm : makeTopMatrix: no visible global function definition for
     ‘model.matrix’
    stm: no visible global function definition for ‘na.omit’
    stm: no visible global function definition for ‘terms’
    stm: no visible global function definition for ‘runif’
    stm.init: no visible global function definition for ‘cov’
    stm.init: no visible global function definition for ‘rgamma’
    textProcessor: no visible global function definition for
     ‘packageVersion’
    thetapost.local: no visible global function definition for ‘optim’
    topdocs_l1lim.MultimodDiagnostic: no visible global function definition
     for ‘smoothScatter’
    topicCorr: no visible global function definition for ‘cor’
    topicQuality: no visible global function definition for ‘plot’
    topicQuality: no visible global function definition for ‘text’
    topic_hist.MultimodDiagnostic: no visible global function definition
     for ‘par’
    topic_hist.MultimodDiagnostic: no visible global function definition
     for ‘hist’
    topic_hist.MultimodDiagnostic: no visible global function definition
     for ‘abline’
    topic_hist.MultimodDiagnostic: no visible global function definition
     for ‘title’
    topwords_topdocs.MultimodDiagnostic: no visible global function
     definition for ‘smoothScatter’
    wordsexpectation.MultimodDiagnostic: no visible global function
     definition for ‘hist’
    Undefined global functions or variables:
     abline aggregate as.formula axis cor cov hist legend lines lm loess
     median model.frame model.matrix na.omit optim optimize packageVersion
     par pchisq plot points predict quantile rainbow rbinom rgamma rgb
     rnorm runif segments smoothScatter terms text title
Flavors: r-devel-linux-x86_64-debian-clang, r-devel-linux-x86_64-debian-gcc, r-devel-linux-x86_64-fedora-clang, r-devel-linux-x86_64-fedora-gcc, r-devel-windows-ix86+x86_64