CRAN Package Check Results for Package stm

Last updated on 2017-04-24 12:48:04.

Flavor Version Tinstall Tcheck Ttotal Status Flags
r-devel-linux-x86_64-debian-clang 1.2.2 18.99 379.51 398.50 OK
r-devel-linux-x86_64-debian-gcc 1.2.2 19.98 373.15 393.13 OK
r-devel-linux-x86_64-fedora-clang 1.2.2 396.38 OK --no-stop-on-test-error
r-devel-linux-x86_64-fedora-gcc 1.2.2 359.58 OK --no-stop-on-test-error
r-devel-windows-ix86+x86_64 1.2.2 80.00 789.00 869.00 OK
r-patched-linux-x86_64 1.2.2 16.16 374.78 390.94 OK
r-patched-solaris-sparc 1.2.2 1961.30 OK
r-patched-solaris-x86 1.2.2 474.20 OK
r-release-linux-x86_64 1.2.2 16.64 373.63 390.27 OK
r-release-windows-ix86+x86_64 1.2.2 56.00 737.00 793.00 OK
r-release-osx-x86_64 1.2.2 NOTE
r-oldrel-windows-ix86+x86_64 1.2.2 57.00 673.00 730.00 OK
r-oldrel-osx-x86_64 1.2.2 OK

Check Details

Version: 1.2.2
Check: re-building of vignette outputs
Result: NOTE
    Error in re-building vignettes:
     ...
    stm v1.2.2 (2017-03-28) successfully loaded. See ?stm for help.
    Error in texi2dvi(file = file, pdf = TRUE, clean = clean, quiet = quiet, :
     Running 'texi2dvi' on 'stmVignette.tex' failed.
    LaTeX errors:
    ! LaTeX Error: File `placeins.sty' not found.
    
    Type X to quit or <RETURN> to proceed,
    or enter new name. (Default extension: sty)
    
    ! Emergency stop.
    <read *>
    
    l.59 ^^M
    
    ! ==> Fatal error occurred, no output PDF file produced!
    Calls: buildVignettes -> texi2pdf -> texi2dvi
    Execution halted
Flavor: r-release-osx-x86_64