CRAN Package Check Results for Package stm

Last updated on 2017-11-20 00:54:49.

Flavor Version Tinstall Tcheck Ttotal Status Flags
r-devel-linux-x86_64-debian-clang 1.3.0 19.12 325.67 344.79 OK
r-devel-linux-x86_64-debian-gcc 1.3.0 19.75 438.35 458.10 OK
r-devel-linux-x86_64-fedora-clang 1.3.0 372.40 OK
r-devel-linux-x86_64-fedora-gcc 1.3.0 394.97 OK
r-devel-windows-ix86+x86_64 1.3.0 57.00 661.00 718.00 OK
r-patched-linux-x86_64 1.3.0 20.12 338.43 358.55 OK
r-patched-solaris-x86 1.3.0 491.40 OK
r-release-linux-x86_64 1.3.0 20.19 328.08 348.27 OK
r-release-windows-ix86+x86_64 1.3.0 87.00 771.00 858.00 OK
r-release-osx-x86_64 1.3.0 NOTE
r-oldrel-windows-ix86+x86_64 1.3.0 51.00 762.00 813.00 OK
r-oldrel-osx-x86_64 1.3.0 OK

Check Details

Version: 1.3.0
Check: re-building of vignette outputs
Result: NOTE
    Error in re-building vignettes:
     ...
    stm v1.3.0 (2017-09-08) successfully loaded. See ?stm for help.
    Error in texi2dvi(file = file, pdf = TRUE, clean = clean, quiet = quiet, :
     Running 'texi2dvi' on 'stmVignette.tex' failed.
    LaTeX errors:
    ! LaTeX Error: File `placeins.sty' not found.
    
    Type X to quit or <RETURN> to proceed,
    or enter new name. (Default extension: sty)
    
    ! Emergency stop.
    <read *>
    
    l.59 ^^M
    
    ! ==> Fatal error occurred, no output PDF file produced!
    Calls: buildVignettes -> texi2pdf -> texi2dvi
    Execution halted
Flavor: r-release-osx-x86_64