CRAN Package Check Results for Package stm

Last updated on 2014-07-31 09:49:29.

Flavor Version Tinstall Tcheck Ttotal Status Flags
r-devel-linux-x86_64-debian-clang 0.6.24 2.68 428.32 431.00 OK
r-devel-linux-x86_64-debian-gcc 0.6.24 2.42 429.09 431.52 OK
r-devel-linux-x86_64-fedora-clang 0.6.24 480.06 OK
r-devel-linux-x86_64-fedora-gcc 0.6.24 465.86 OK
r-devel-osx-x86_64-clang 0.6.24 521.20 OK
r-devel-windows-ix86+x86_64 0.6.24 7.00 496.00 503.00 OK
r-patched-linux-x86_64 0.6.24 2.43 430.54 432.96 OK
r-patched-solaris-sparc 0.6.24 2696.90 OK
r-patched-solaris-x86 0.6.24 588.40 OK
r-release-linux-ix86 0.6.24 3.60 531.51 535.11 OK
r-release-linux-x86_64 0.6.24 2.41 418.43 420.84 OK
r-release-osx-x86_64-mavericks 0.6.24 NOTE
r-release-osx-x86_64-snowleopard 0.6.24 OK
r-release-windows-ix86+x86_64 0.6.24 6.00 655.00 661.00 OK
r-oldrel-windows-ix86+x86_64 0.6.24 11.00 594.00 605.00 NOTE

Check Details

Version: 0.6.24
Check: re-building of vignette outputs
Result: NOTE
    Error in re-building vignettes:
     ...
    stm v0.6.24 (2014-06-30) successfully loaded. See ?stm for help.
    Loading required package: igraph
    Error in texi2dvi(file = file, pdf = TRUE, clean = clean, quiet = quiet, :
     Running 'texi2dvi' on 'stmVignette.tex' failed.
    LaTeX errors:
    ! LaTeX Error: File `ulem.sty' not found.
    
    Type X to quit or <RETURN> to proceed,
    or enter new name. (Default extension: sty)
    
    t/stm/vignettes/stmVignette.tex:56: ==> Fatal error occurred, no output PDF fi
    le produced!
    Calls: buildVignettes -> texi2pdf -> texi2dvi
    Execution halted
Flavor: r-release-osx-x86_64-mavericks

Version: 0.6.24
Check: R code for possible problems
Result: NOTE
    textProcessor: no visible global function definition for
     'content_transformer'
Flavor: r-oldrel-windows-ix86+x86_64