CRAN Package Check Results for Package stm

Last updated on 2017-02-24 23:52:57.

Flavor Version Tinstall Tcheck Ttotal Status Flags
r-devel-linux-x86_64-debian-clang 1.1.3 17.95 166.37 184.32 NOTE
r-devel-linux-x86_64-debian-gcc 1.1.3 18.79 163.99 182.77 NOTE
r-devel-linux-x86_64-fedora-clang 1.1.3 218.94 NOTE --no-stop-on-test-error
r-devel-linux-x86_64-fedora-gcc 1.1.3 212.47 NOTE --no-stop-on-test-error
r-devel-macos-x86_64-clang 1.1.3 160.16 NOTE --no-stop-on-test-error
r-devel-windows-ix86+x86_64 1.1.3 104.00 323.00 427.00 OK
r-patched-linux-x86_64 1.1.3 16.17 158.39 174.55 OK
r-patched-solaris-sparc 1.1.3 1129.10 OK
r-patched-solaris-x86 1.1.3 254.10 OK
r-release-linux-x86_64 1.1.3 15.83 156.76 172.59 OK
r-release-osx-x86_64-mavericks 1.1.3 OK
r-release-windows-ix86+x86_64 1.1.3 70.00 304.00 374.00 OK
r-oldrel-windows-ix86+x86_64 1.1.3 64.00 450.00 514.00 OK

Check Details

Version: 1.1.3
Check: compiled code
Result: NOTE
    File ‘stm/libs/stm.so’:
     Found no calls to: ‘R_registerRoutines’, ‘R_useDynamicSymbols’
    
    It is good practice to register native routines and to disable symbol
    search.
    
    See ‘Writing portable packages’ in the ‘Writing R Extensions’ manual.
Flavors: r-devel-linux-x86_64-debian-clang, r-devel-linux-x86_64-debian-gcc

Version: 1.1.3
Flags: --no-stop-on-test-error
Check: compiled code
Result: NOTE
    File ‘stm/libs/stm.so’:
     Found no calls to: ‘R_registerRoutines’, ‘R_useDynamicSymbols’
    
    It is good practice to register native routines and to disable symbol
    search.
    
    See ‘Writing portable packages’ in the ‘Writing R Extensions’ manual.
Flavors: r-devel-linux-x86_64-fedora-clang, r-devel-linux-x86_64-fedora-gcc, r-devel-macos-x86_64-clang