CRAN Package Check Results for Package stm

Last updated on 2016-07-24 22:47:12.

Flavor Version Tinstall Tcheck Ttotal Status Flags
r-devel-linux-x86_64-debian-clang 1.1.3 22.42 183.25 205.66 OK
r-devel-linux-x86_64-debian-gcc 1.1.3 24.82 179.55 204.37 OK
r-devel-linux-x86_64-fedora-clang 1.1.3 203.65 OK
r-devel-linux-x86_64-fedora-gcc 1.1.3 194.67 OK
r-devel-osx-x86_64-clang 1.1.3 157.48 OK
r-devel-windows-ix86+x86_64 1.1.3 54.00 279.00 333.00 OK
r-patched-linux-x86_64 1.1.3 19.43 172.92 192.35 OK
r-patched-solaris-sparc 1.1.3 1148.00 NOTE
r-patched-solaris-x86 1.1.3 223.90 OK
r-release-linux-x86_64 1.1.3 19.12 176.09 195.20 OK
r-release-osx-x86_64-mavericks 1.1.3 OK
r-release-windows-ix86+x86_64 1.1.3 54.00 332.00 386.00 OK
r-oldrel-windows-ix86+x86_64 1.1.3 66.00 435.00 501.00 OK

Check Details

Version: 1.1.3
Check: installed package size
Result: NOTE
     installed size is 8.1Mb
     sub-directories of 1Mb or more:
     data 1.8Mb
     libs 5.3Mb
Flavor: r-patched-solaris-sparc