CRAN Package Check Results for Package stm

Last updated on 2014-10-02 11:48:19.

Flavor Version Tinstall Tcheck Ttotal Status Flags
r-devel-linux-x86_64-debian-clang 0.6.24 2.63 479.38 482.01 NOTE
r-devel-linux-x86_64-debian-gcc 0.6.24 2.37 466.24 468.61 NOTE
r-devel-linux-x86_64-fedora-clang 0.6.24 445.65 NOTE
r-devel-linux-x86_64-fedora-gcc 0.6.24 418.57 NOTE
r-devel-osx-x86_64-clang 0.6.24 469.17 NOTE
r-devel-windows-ix86+x86_64 0.6.24 6.00 551.00 557.00 NOTE
r-patched-linux-x86_64 0.6.24 3.50 439.87 443.36 OK
r-patched-solaris-sparc 0.6.24 2696.90 OK
r-patched-solaris-x86 0.6.24 594.00 OK
r-release-linux-ix86 0.6.24 3.43 505.42 508.84 OK
r-release-linux-x86_64 0.6.24 2.78 455.60 458.38 OK
r-release-osx-x86_64-mavericks 0.6.24 NOTE
r-release-osx-x86_64-snowleopard 0.6.24 OK
r-release-windows-ix86+x86_64 0.6.24 6.00 593.00 599.00 OK
r-oldrel-windows-ix86+x86_64 0.6.24 7.00 518.00 525.00 NOTE

Check Details

Version: 0.6.24
Check: R code for possible problems
Result: NOTE
    cloud: no visible global function definition for ‘wordcloud’
    mnreg: no visible global function definition for ‘sparseMatrix’
    mnreg: no visible global function definition for ‘glmnet’
    opt.mu: no visible global function definition for ‘glmnet’
    permutationTest: no visible global function definition for ‘solve_LSAP’
    plot.topicCorr: no visible binding for global variable
     ‘layout.fruchterman.reingold’
    plot.topicCorr: no visible global function definition for
     ‘graph.adjacency’
    plot.topicCorr: no visible global function definition for ‘E’
    plot.topicCorr: no visible global function definition for ‘E<-’
    plot.topicCorr: no visible global function definition for ‘V’
    plot.topicCorr: no visible global function definition for ‘V<-’
    termitewriter: no visible global function definition for ‘toJSON’
    textProcessor: no visible global function definition for ‘VCorpus’
    textProcessor: no visible global function definition for ‘VectorSource’
    textProcessor: no visible global function definition for ‘tm_map’
    textProcessor: no visible binding for global variable ‘stripWhitespace’
    textProcessor: no visible global function definition for
     ‘content_transformer’
    textProcessor: no visible binding for global variable ‘removeWords’
    textProcessor: no visible global function definition for ‘stopwords’
    textProcessor: no visible binding for global variable ‘removeNumbers’
    textProcessor: no visible binding for global variable
     ‘removePunctuation’
    textProcessor: no visible binding for global variable ‘stemDocument’
    textProcessor: no visible global function definition for ‘meta<-’
    textProcessor: no visible global function definition for
     ‘DocumentTermMatrix’
    textProcessor: no visible global function definition for
     ‘removeSparseTerms’
    textProcessor: no visible global function definition for ‘meta’
    topicCorr: no visible global function definition for ‘huge.npn’
    topicCorr: no visible global function definition for ‘huge’
    topicCorr: no visible global function definition for ‘huge.select’
Flavors: r-devel-linux-x86_64-debian-clang, r-devel-linux-x86_64-debian-gcc, r-devel-linux-x86_64-fedora-clang, r-devel-linux-x86_64-fedora-gcc, r-devel-osx-x86_64-clang, r-devel-windows-ix86+x86_64

Version: 0.6.24
Check: re-building of vignette outputs
Result: NOTE
    Error in re-building vignettes:
     ...
    stm v0.6.24 (2014-06-30) successfully loaded. See ?stm for help.
    Loading required package: igraph
    Error in texi2dvi(file = file, pdf = TRUE, clean = clean, quiet = quiet, :
     Running 'texi2dvi' on 'stmVignette.tex' failed.
    LaTeX errors:
    ! LaTeX Error: File `ulem.sty' not found.
    
    Type X to quit or <RETURN> to proceed,
    or enter new name. (Default extension: sty)
    
    t/stm/vignettes/stmVignette.tex:56: ==> Fatal error occurred, no output PDF fi
    le produced!
    Calls: buildVignettes -> texi2pdf -> texi2dvi
    Execution halted
Flavor: r-release-osx-x86_64-mavericks

Version: 0.6.24
Check: R code for possible problems
Result: NOTE
    textProcessor: no visible global function definition for
     'content_transformer'
Flavor: r-oldrel-windows-ix86+x86_64