CRAN Package Check Results for Package stm

Last updated on 2015-01-31 16:47:07.

Flavor Version Tinstall Tcheck Ttotal Status Flags
r-devel-linux-x86_64-debian-clang 1.0.8 4.24 306.25 310.49 NOTE
r-devel-linux-x86_64-debian-gcc 1.0.8 4.25 286.22 290.48 NOTE
r-devel-linux-x86_64-fedora-clang 1.0.8 248.39 NOTE
r-devel-linux-x86_64-fedora-gcc 1.0.8 235.68 NOTE
r-devel-osx-x86_64-clang 1.0.8 376.69 NOTE
r-devel-windows-ix86+x86_64 1.0.8 18.00 333.00 351.00 NOTE
r-patched-linux-x86_64 1.0.8 5.25 325.53 330.78 NOTE
r-patched-solaris-sparc 1.0.8 1420.40 NOTE
r-patched-solaris-x86 1.0.8 331.90 NOTE
r-release-linux-ix86 1.0.8 6.22 343.98 350.20 NOTE
r-release-linux-x86_64 1.0.8 5.50 336.40 341.90 NOTE
r-release-osx-x86_64-mavericks 1.0.8 NOTE
r-release-osx-x86_64-snowleopard 1.0.8 NOTE
r-release-windows-ix86+x86_64 1.0.8 14.00 364.00 378.00 NOTE
r-oldrel-windows-ix86+x86_64 1.0.8 14.00 366.00 380.00 NOTE

Check Details

Version: 1.0.8
Check: dependencies in R code
Result: NOTE
    Missing or unexported object: ‘tm::meta’
Flavors: r-devel-linux-x86_64-debian-clang, r-devel-linux-x86_64-debian-gcc, r-devel-linux-x86_64-fedora-clang, r-devel-linux-x86_64-fedora-gcc, r-devel-osx-x86_64-clang, r-devel-windows-ix86+x86_64

Version: 1.0.8
Check: dependencies in R code
Result: NOTE
    Missing or unexported object: ‘tm::meta’
    See the information on DESCRIPTION files in the chapter ‘Creating R
    packages’ of the ‘Writing R Extensions’ manual.
Flavors: r-patched-linux-x86_64, r-patched-solaris-sparc, r-patched-solaris-x86, r-release-linux-ix86, r-release-linux-x86_64, r-release-osx-x86_64-mavericks, r-release-osx-x86_64-snowleopard, r-release-windows-ix86+x86_64

Version: 1.0.8
Check: dependencies in R code
Result: NOTE
    Missing or unexported object: 'tm::content_transformer'
    See the information on DESCRIPTION files in the chapter 'Creating R
    packages' of the 'Writing R Extensions' manual.
Flavor: r-oldrel-windows-ix86+x86_64