CRAN Package Check Results for Package stm

Last updated on 2014-12-20 03:49:43.

Flavor Version Tinstall Tcheck Ttotal Status Flags
r-devel-linux-x86_64-debian-clang 1.0.8 5.32 297.14 302.47 NOTE
r-devel-linux-x86_64-debian-gcc 1.0.8 5.18 292.54 297.72 NOTE
r-devel-linux-x86_64-fedora-clang 1.0.8 255.51 NOTE
r-devel-linux-x86_64-fedora-gcc 1.0.8 232.12 NOTE
r-devel-osx-x86_64-clang 1.0.8 372.14 NOTE
r-devel-windows-ix86+x86_64 1.0.8 12.00 336.00 348.00 NOTE
r-patched-linux-x86_64 1.0.8 5.38 291.17 296.56 NOTE
r-patched-solaris-sparc 1.0.8 1346.40 NOTE
r-patched-solaris-x86 1.0.8 329.20 NOTE
r-release-linux-ix86 1.0.8 6.38 335.56 341.93 NOTE
r-release-linux-x86_64 1.0.8 6.79 321.71 328.50 NOTE
r-release-osx-x86_64-mavericks 1.0.8 NOTE
r-release-osx-x86_64-snowleopard 1.0.8 NOTE
r-release-windows-ix86+x86_64 1.0.8 14.00 359.00 373.00 NOTE
r-oldrel-windows-ix86+x86_64 1.0.8 12.00 351.00 363.00 NOTE

Check Details

Version: 1.0.8
Check: dependencies in R code
Result: NOTE
    Missing or unexported object: ‘tm::meta’
    See the information on DESCRIPTION files in the chapter ‘Creating R
    packages’ of the ‘Writing R Extensions’ manual.
Flavors: r-devel-linux-x86_64-debian-clang, r-devel-linux-x86_64-debian-gcc, r-devel-linux-x86_64-fedora-clang, r-devel-linux-x86_64-fedora-gcc, r-devel-osx-x86_64-clang, r-devel-windows-ix86+x86_64, r-patched-linux-x86_64, r-patched-solaris-sparc, r-patched-solaris-x86, r-release-linux-ix86, r-release-linux-x86_64, r-release-osx-x86_64-mavericks, r-release-osx-x86_64-snowleopard, r-release-windows-ix86+x86_64

Version: 1.0.8
Check: dependencies in R code
Result: NOTE
    Missing or unexported object: 'tm::content_transformer'
    See the information on DESCRIPTION files in the chapter 'Creating R
    packages' of the 'Writing R Extensions' manual.
Flavor: r-oldrel-windows-ix86+x86_64