CRAN Package Check Results for Package stm

Last updated on 2015-04-19 02:48:39.

Flavor Version Tinstall Tcheck Ttotal Status Flags
r-devel-linux-x86_64-debian-clang 1.0.8 5.43 319.03 324.46 NOTE
r-devel-linux-x86_64-debian-gcc 1.0.8 4.28 300.78 305.06 NOTE
r-devel-linux-x86_64-fedora-clang 1.0.8 207.21 NOTE
r-devel-linux-x86_64-fedora-gcc 1.0.8 201.63 NOTE
r-devel-osx-x86_64-clang 1.0.8 338.41 NOTE
r-patched-linux-x86_64 1.0.8 4.48 300.00 304.48 NOTE
r-patched-solaris-sparc 1.0.8 1274.00 NOTE
r-patched-solaris-x86 1.0.8 269.20 NOTE
r-release-linux-x86_64 1.0.8 4.04 355.47 359.51 ERROR
r-release-osx-x86_64-mavericks 1.0.8 NOTE
r-release-osx-x86_64-snowleopard 1.0.8 ERROR
r-release-windows-ix86+x86_64 1.0.8 11.00 365.00 376.00 NOTE
r-oldrel-windows-ix86+x86_64 1.0.8 12.00 311.00 323.00 NOTE

Check Details

Version: 1.0.8
Check: dependencies in R code
Result: NOTE
    Missing or unexported object: ‘tm::meta’
Flavors: r-devel-linux-x86_64-debian-clang, r-devel-linux-x86_64-debian-gcc, r-devel-linux-x86_64-fedora-clang, r-devel-linux-x86_64-fedora-gcc, r-devel-osx-x86_64-clang, r-patched-linux-x86_64, r-patched-solaris-sparc, r-patched-solaris-x86, r-release-linux-x86_64, r-release-osx-x86_64-mavericks, r-release-windows-ix86+x86_64

Version: 1.0.8
Check: running R code from vignettes
Result: ERROR
    Errors in running code in vignettes:
    when running code in ‘stmVignette.Rnw’
     ...
    > library("stm")
    stm v1.0.8 (2014-11-07) successfully loaded. See ?stm for help.
    
    > set.seed(2138)
    
    > load(url("http://goo.gl/91KbfS"))
    
     When sourcing ‘stmVignette.R’:
    Error: error reading from connection
    Execution halted
Flavor: r-release-linux-x86_64

Version: 1.0.8
Check: re-building of vignette outputs
Result: NOTE
    Error in re-building vignettes:
     ...
    stm v1.0.8 (2014-11-07) successfully loaded. See ?stm for help.
    
    Error: processing vignette ‘stmVignette.Rnw’ failed with diagnostics:
     chunk 5
    Error : error reading from connection
    Execution halted
Flavor: r-release-linux-x86_64

Version: 1.0.8
Check: package dependencies
Result: NOTE
    Packages suggested but not available for checking: ‘igraph’ ‘tm’ ‘huge’
Flavor: r-release-osx-x86_64-snowleopard

Version: 1.0.8
Check: examples
Result: ERROR
    Running examples in ‘stm-Ex.R’ failed
    The error most likely occurred in:
    
    > ### Name: gadarian
    > ### Title: Gadarian and Albertson data
    > ### Aliases: gadarian gadarianFit
    > ### Keywords: datasets
    >
    > ### ** Examples
    >
    > head(gadarian)
     MetaID treatment pid_rep
    1 0 1 1.00000
    2 0 1 1.00000
    3 0 0 0.33300
    4 0 0 0.50000
    5 0 1 0.66667
    6 0 1 0.00000
     open.ended.response
    1 problems caused by the influx of illegal immigrants who are crowding our schools and hospitals, lowering the level of ducation and the quality of care in hospitals.
    2 if you mean illegal immigration, i'm afraid of who might be getting into this country in unsecured borders.
    3 that they should enter the same way my grandparents did, legally. learn english and pay taxes. i don't think that a lot of these asians and east indians should be getting a tax free ride. i'm tired of paying for everyone else.
    4 legally entering the usa meeting the requirements is the law. entering the usa improperly is a crime. it is unfortunate that the american bar association has fought treating entering the usa as a crime. and our politicians from both parties have been so anxious to get the "vote" that they refuse to inforce the law. meanwhile, terorists can walk right in without any problem. no accountability on the part of politicians supported by the news media will bring our nation down eventually. and the normal person will wonder how it happened.
    5 terror\nbombings\nkilling us\nrobbing america
    6 having criminals immigrate here
    > #Process the data for analysis.
    > temp<-textProcessor(documents=gadarian$open.ended.response,metadata=gadarian)
    Error in textProcessor(documents = gadarian$open.ended.response, metadata = gadarian) :
     Please install tm package to use this function. You will also need SnowballC if stemming.
    Execution halted
Flavor: r-release-osx-x86_64-snowleopard

Version: 1.0.8
Check: running R code from vignettes
Result: ERROR
    Errors in running code in vignettes:
    when running code in ‘stmVignette.Rnw’
     ...
    > plot.STM(poliblogPrevFit, type = "summary", xlim = c(0,
    + 0.4))
    
    > mod.out.corr <- topicCorr(poliblogPrevFit)
    
    > plot.topicCorr(mod.out.corr)
    
     When sourcing ‘stmVignette.R’:
    Error: Install the igraph package to use this function.
    Execution halted
Flavor: r-release-osx-x86_64-snowleopard

Version: 1.0.8
Check: re-building of vignette outputs
Result: NOTE
    Error in re-building vignettes:
     ...
    stm v1.0.8 (2014-11-07) successfully loaded. See ?stm for help.
    
    Error: processing vignette 'stmVignette.Rnw' failed with diagnostics:
     chunk 25
    Error in plot.topicCorr(mod.out.corr) :
     Install the igraph package to use this function.
    Execution halted
Flavor: r-release-osx-x86_64-snowleopard

Version: 1.0.8
Check: dependencies in R code
Result: NOTE
    Missing or unexported object: 'tm::content_transformer'
    See the information on DESCRIPTION files in the chapter 'Creating R
    packages' of the 'Writing R Extensions' manual.
Flavor: r-oldrel-windows-ix86+x86_64