CRAN Package Check Results for Package stm

Last updated on 2017-05-30 02:46:56.

Flavor Version Tinstall Tcheck Ttotal Status Flags
r-devel-linux-x86_64-debian-clang 1.2.2 19.15 329.37 348.52 OK
r-devel-linux-x86_64-debian-gcc 1.2.2 20.15 319.86 340.01 OK
r-devel-linux-x86_64-fedora-clang 1.2.2 376.52 OK
r-devel-linux-x86_64-fedora-gcc 1.2.2 365.91 OK
r-devel-windows-ix86+x86_64 1.2.2 55.00 781.00 836.00 OK
r-patched-linux-x86_64 1.2.2 16.81 320.72 337.53 OK
r-patched-solaris-sparc 1.2.2 1977.50 OK
r-patched-solaris-x86 1.2.2 427.80 OK
r-release-linux-x86_64 1.2.2 17.16 330.56 347.72 OK
r-release-windows-ix86+x86_64 1.2.2 72.00 1020.00 1092.00 OK
r-release-osx-x86_64 1.2.2 NOTE
r-oldrel-windows-ix86+x86_64 1.2.2 52.00 618.00 670.00 OK
r-oldrel-osx-x86_64 1.2.2 OK

Check Details

Version: 1.2.2
Check: re-building of vignette outputs
Result: NOTE
    Error in re-building vignettes:
     ...
    stm v1.2.2 (2017-03-28) successfully loaded. See ?stm for help.
    Error in texi2dvi(file = file, pdf = TRUE, clean = clean, quiet = quiet, :
     Running 'texi2dvi' on 'stmVignette.tex' failed.
    LaTeX errors:
    ! LaTeX Error: File `placeins.sty' not found.
    
    Type X to quit or <RETURN> to proceed,
    or enter new name. (Default extension: sty)
    
    ! Emergency stop.
    <read *>
    
    l.59 ^^M
    
    ! ==> Fatal error occurred, no output PDF file produced!
    Calls: buildVignettes -> texi2pdf -> texi2dvi
    Execution halted
Flavor: r-release-osx-x86_64