CRAN Package Check Results for Package stm

Last updated on 2014-11-23 03:48:11.

Flavor Version Tinstall Tcheck Ttotal Status Flags
r-devel-linux-x86_64-debian-clang 1.0.8 5.30 284.84 290.14 NOTE
r-devel-linux-x86_64-debian-gcc 1.0.8 4.93 285.13 290.06 NOTE
r-devel-linux-x86_64-fedora-clang 1.0.8 251.64 NOTE
r-devel-linux-x86_64-fedora-gcc 1.0.8 243.59 NOTE
r-devel-osx-x86_64-clang 1.0.8 395.61 NOTE
r-devel-windows-ix86+x86_64 1.0.8 12.00 329.00 341.00 NOTE
r-patched-linux-x86_64 1.0.8 5.97 297.74 303.70 NOTE
r-patched-solaris-sparc 1.0.8 1346.40 NOTE
r-patched-solaris-x86 1.0.8 334.10 NOTE
r-release-linux-ix86 1.0.8 6.60 323.68 330.28 NOTE
r-release-linux-x86_64 1.0.8 5.41 294.33 299.74 NOTE
r-release-osx-x86_64-mavericks 1.0.8 NOTE
r-release-osx-x86_64-snowleopard 1.0.8 NOTE
r-release-windows-ix86+x86_64 1.0.8 16.00 359.00 375.00 NOTE
r-oldrel-windows-ix86+x86_64 1.0.8 11.00 323.00 334.00 NOTE

Check Details

Version: 1.0.8
Check: dependencies in R code
Result: NOTE
    Missing or unexported object: ‘tm::meta’
    See the information on DESCRIPTION files in the chapter ‘Creating R
    packages’ of the ‘Writing R Extensions’ manual.
Flavors: r-devel-linux-x86_64-debian-clang, r-devel-linux-x86_64-debian-gcc, r-devel-linux-x86_64-fedora-clang, r-devel-linux-x86_64-fedora-gcc, r-devel-osx-x86_64-clang, r-devel-windows-ix86+x86_64, r-patched-linux-x86_64, r-patched-solaris-sparc, r-patched-solaris-x86, r-release-linux-ix86, r-release-linux-x86_64, r-release-osx-x86_64-mavericks, r-release-osx-x86_64-snowleopard, r-release-windows-ix86+x86_64

Version: 1.0.8
Check: dependencies in R code
Result: NOTE
    Missing or unexported object: 'tm::content_transformer'
    See the information on DESCRIPTION files in the chapter 'Creating R
    packages' of the 'Writing R Extensions' manual.
Flavor: r-oldrel-windows-ix86+x86_64