CRAN Package Check Results for Package stocc

Last updated on 2014-07-22 19:47:59.

Flavor Version Tinstall Tcheck Ttotal Status Flags
r-devel-linux-x86_64-debian-clang 1.0-7 4.68 49.74 54.42 NOTE
r-devel-linux-x86_64-debian-gcc 1.0-7 4.49 49.08 53.56 NOTE
r-devel-linux-x86_64-fedora-clang 1.0-7 132.48 NOTE
r-devel-linux-x86_64-fedora-gcc 1.0-7 125.19 NOTE
r-devel-osx-x86_64-clang 1.0-7 99.88 NOTE
r-devel-windows-ix86+x86_64 1.0-7 13.00 70.00 83.00 NOTE
r-patched-linux-x86_64 1.0-7 4.53 49.18 53.71 NOTE
r-patched-solaris-sparc 1.0-7 697.10 NOTE
r-patched-solaris-x86 1.0-7 165.30 NOTE
r-release-linux-ix86 1.0-7 5.49 60.64 66.13 NOTE
r-release-linux-x86_64 1.0-7 6.62 51.22 57.84 NOTE
r-release-osx-x86_64-mavericks 1.0-7 NOTE
r-release-osx-x86_64-snowleopard 1.0-7 NOTE
r-release-windows-ix86+x86_64 1.0-7 13.00 71.00 84.00 NOTE
r-oldrel-windows-ix86+x86_64 1.0-7 12.00 67.00 79.00 NOTE

Check Details

Version: 1.0-7
Check: dependencies in R code
Result: NOTE
    'library' or 'require' calls to packages already attached by Depends:
     ‘Matrix’ ‘coda’ ‘fields’ ‘truncnorm’
     Please remove these calls from your code.
    See the information on DESCRIPTION files in the chapter ‘Creating R
    packages’ of the ‘Writing R Extensions’ manual.
Flavors: r-devel-linux-x86_64-debian-clang, r-devel-linux-x86_64-debian-gcc, r-devel-linux-x86_64-fedora-clang, r-devel-linux-x86_64-fedora-gcc, r-devel-osx-x86_64-clang, r-devel-windows-ix86+x86_64, r-patched-linux-x86_64, r-patched-solaris-sparc, r-patched-solaris-x86, r-release-linux-ix86, r-release-linux-x86_64, r-release-osx-x86_64-mavericks, r-release-osx-x86_64-snowleopard, r-release-windows-ix86+x86_64, r-oldrel-windows-ix86+x86_64

Version: 1.0-7
Check: R code for possible problems
Result: NOTE
    File ‘stocc/R/stocc-package.R’:
     .onLoad calls:
     packageStartupMessage(paste("\nThis is", package, version, "\nBuilt:", built, "\n\n"), "Type \"?stocc\" for a description\n\n", "Type 'demo(simDataMCMC)' for a model fitting example.\n", "Be CAREFUL! The demo runs a full MCMC that can take a while\n", paste(c("The source for the demo can be obtained on your machine at ", "'", system.file("demo/simDataMCMC.R", package = "stocc"), "'"), collapse = ""))
    
    See section ‘Good practice’ in '?.onAttach'.
Flavors: r-devel-linux-x86_64-debian-clang, r-devel-linux-x86_64-debian-gcc, r-devel-linux-x86_64-fedora-clang, r-devel-linux-x86_64-fedora-gcc, r-devel-osx-x86_64-clang, r-devel-windows-ix86+x86_64, r-patched-linux-x86_64, r-patched-solaris-sparc, r-patched-solaris-x86, r-release-linux-ix86, r-release-linux-x86_64, r-release-osx-x86_64-mavericks, r-release-osx-x86_64-snowleopard, r-release-windows-ix86+x86_64, r-oldrel-windows-ix86+x86_64

Version: 1.0-7
Check: Rd line widths
Result: NOTE
    Rd file 'occupancyData.Rd':
     \examples lines wider than 100 characters:
     points(occupancyData$x[occupancyData$occ==1], occupancyData$y[occupancyData$occ==1], pch=20, cex=0.25, col="blue")
    
    These lines will be truncated in the PDF manual.
Flavors: r-devel-linux-x86_64-fedora-clang, r-devel-linux-x86_64-fedora-gcc