CRAN Package Check Results for Package stocc

Last updated on 2015-04-21 11:53:13.

Flavor Version Tinstall Tcheck Ttotal Status Flags
r-devel-linux-x86_64-debian-clang 1.23 3.70 41.60 45.30 OK
r-devel-linux-x86_64-debian-gcc 1.23 3.52 41.38 44.90 OK
r-devel-linux-x86_64-fedora-clang 1.23 95.97 OK
r-devel-linux-x86_64-fedora-gcc 1.23 89.28 OK
r-devel-osx-x86_64-clang 1.23 82.78 OK
r-devel-windows-ix86+x86_64 1.23 12.00 60.00 72.00 OK
r-patched-linux-x86_64 1.23 3.51 39.86 43.37 OK
r-patched-solaris-sparc 1.23 552.60 OK
r-patched-solaris-x86 1.23 122.30 OK
r-release-linux-x86_64 1.23 3.65 40.99 44.64 OK
r-release-osx-x86_64-mavericks 1.23 OK
r-release-osx-x86_64-snowleopard 1.23 ERROR
r-release-windows-ix86+x86_64 1.23 7.00 57.00 64.00 OK
r-oldrel-windows-ix86+x86_64 1.23 12.00 98.00 110.00 OK

Check Details

Version: 1.23
Check: package dependencies
Result: ERROR
    Package required but not available: ‘fields’
    
    See section ‘The DESCRIPTION file’ in the ‘Writing R Extensions’
    manual.
Flavor: r-release-osx-x86_64-snowleopard