CRAN Package Check Results for Package stocc

Last updated on 2015-08-04 06:47:57.

Flavor Version Tinstall Tcheck Ttotal Status Flags
r-devel-linux-x86_64-debian-clang 1.23 3.46 41.58 45.04 NOTE
r-devel-linux-x86_64-debian-gcc 1.23 3.42 39.48 42.91 NOTE
r-devel-linux-x86_64-fedora-clang 1.23 93.97 NOTE
r-devel-linux-x86_64-fedora-gcc 1.23 87.38 NOTE
r-devel-osx-x86_64-clang 1.23 75.99 OK
r-devel-windows-ix86+x86_64 1.23 13.00 68.00 81.00 NOTE
r-patched-linux-x86_64 1.23 3.42 39.89 43.32 OK
r-patched-solaris-sparc 1.23 577.00 OK
r-patched-solaris-x86 1.23 128.00 OK
r-release-linux-x86_64 1.23 3.65 41.11 44.76 OK
r-release-osx-x86_64-mavericks 1.23 OK
r-release-windows-ix86+x86_64 1.23 14.00 84.00 98.00 OK
r-oldrel-windows-ix86+x86_64 1.23 15.00 88.00 103.00 OK

Check Details

Version: 1.23
Check: R code for possible problems
Result: NOTE
    icar.Q: no visible global function definition for ‘dist’
    postMode: no visible global function definition for ‘boxplot’
    postMode: no visible global function definition for ‘density’
    proc.form: no visible global function definition for ‘terms’
    spatial.occupancy: no visible global function definition for
     ‘model.matrix’
    spatial.occupancy: no visible global function definition for ‘dist’
    spatial.occupancy: no visible binding for global variable ‘knots’
    spatial.occupancy: no visible global function definition for ‘pnorm’
    spatial.occupancy: no visible global function definition for ‘rbinom’
    spatial.occupancy: no visible global function definition for ‘rnorm’
    spatial.occupancy: no visible global function definition for ‘rgamma’
    spatial.occupancy: no visible binding for global variable ‘sd’
    Undefined global functions or variables:
     boxplot density dist knots model.matrix pnorm rbinom rgamma rnorm sd
     terms
    Consider adding
     importFrom("graphics", "boxplot")
     importFrom("stats", "density", "dist", "knots", "model.matrix",
     "pnorm", "rbinom", "rgamma", "rnorm", "sd", "terms")
    to your NAMESPACE.
Flavors: r-devel-linux-x86_64-debian-clang, r-devel-linux-x86_64-debian-gcc, r-devel-linux-x86_64-fedora-clang, r-devel-linux-x86_64-fedora-gcc, r-devel-windows-ix86+x86_64