CRAN Package Check Results for Package stocc

Last updated on 2015-05-28 19:47:44.

Flavor Version Tinstall Tcheck Ttotal Status Flags
r-devel-linux-x86_64-debian-clang 1.23 4.78 41.03 45.81 OK
r-devel-linux-x86_64-debian-gcc 1.23 3.60 40.37 43.97 OK
r-devel-linux-x86_64-fedora-clang 1.23 93.77 OK
r-devel-linux-x86_64-fedora-gcc 1.23 92.36 OK
r-devel-osx-x86_64-clang 1.23 79.47 OK
r-devel-windows-ix86+x86_64 1.23 9.00 60.00 69.00 OK
r-patched-linux-x86_64 1.23 3.44 39.78 43.22 OK
r-patched-solaris-sparc 1.23 572.40 OK
r-patched-solaris-x86 1.23 129.80 OK
r-release-linux-x86_64 1.23 3.51 40.52 44.03 OK
r-release-osx-x86_64-mavericks 1.23 OK
r-release-osx-x86_64-snowleopard 1.23 ERROR
r-release-windows-ix86+x86_64 1.23 9.00 62.00 71.00 OK
r-oldrel-windows-ix86+x86_64 1.23 14.00 111.00 125.00 OK

Check Details

Version: 1.23
Check: package dependencies
Result: ERROR
    Package required but not available: ‘fields’
    
    See section ‘The DESCRIPTION file’ in the ‘Writing R Extensions’
    manual.
Flavor: r-release-osx-x86_64-snowleopard