CRAN Package Check Results for Package stocc

Last updated on 2015-06-30 04:46:55.

Flavor Version Tinstall Tcheck Ttotal Status Flags
r-devel-linux-x86_64-debian-clang 1.23 3.46 41.20 44.66 NOTE
r-devel-linux-x86_64-debian-gcc 1.23 3.51 39.37 42.88 NOTE
r-devel-linux-x86_64-fedora-clang 1.23 91.93 OK
r-devel-linux-x86_64-fedora-gcc 1.23 87.12 OK
r-devel-osx-x86_64-clang 1.23 69.76 OK
r-devel-windows-ix86+x86_64 1.23 10.00 95.00 105.00 NOTE
r-patched-linux-x86_64 1.23 3.42 40.60 44.02 OK
r-patched-solaris-sparc 1.23 572.40 OK
r-patched-solaris-x86 1.23 128.40 OK
r-release-linux-x86_64 1.23 3.48 39.38 42.86 OK
r-release-osx-x86_64-mavericks 1.23 OK
r-release-windows-ix86+x86_64 1.23 13.00 97.00 110.00 OK
r-oldrel-windows-ix86+x86_64 1.23 17.00 88.00 105.00 OK

Check Details

Version: 1.23
Check: R code for possible problems
Result: NOTE
    icar.Q: no visible global function definition for ‘dist’
    postMode: no visible global function definition for ‘boxplot’
    postMode: no visible global function definition for ‘density’
    proc.form: no visible global function definition for ‘terms’
    spatial.occupancy: no visible global function definition for
     ‘model.matrix’
    spatial.occupancy: no visible global function definition for ‘dist’
    spatial.occupancy: no visible binding for global variable ‘knots’
    spatial.occupancy: no visible global function definition for ‘pnorm’
    spatial.occupancy: no visible global function definition for ‘rbinom’
    spatial.occupancy: no visible global function definition for ‘rnorm’
    spatial.occupancy: no visible global function definition for ‘rgamma’
    spatial.occupancy: no visible binding for global variable ‘sd’
Flavors: r-devel-linux-x86_64-debian-clang, r-devel-linux-x86_64-debian-gcc, r-devel-windows-ix86+x86_64