CRAN Package Check Results for Package stochvol

Last updated on 2017-05-26 19:48:12.

Flavor Version Tinstall Tcheck Ttotal Status Flags
r-devel-linux-x86_64-debian-clang 1.3.2 22.42 109.62 132.04 NOTE
r-devel-linux-x86_64-debian-gcc 1.3.2 23.77 103.64 127.42 NOTE
r-devel-linux-x86_64-fedora-clang 1.3.2 326.52 NOTE
r-devel-linux-x86_64-fedora-gcc 1.3.2 314.57 NOTE
r-devel-windows-ix86+x86_64 1.3.2 70.00 265.00 335.00 OK
r-patched-linux-x86_64 1.3.2 21.80 103.86 125.67 NOTE
r-patched-solaris-sparc 1.3.2 1551.30 OK
r-patched-solaris-x86 1.3.2 297.00 OK
r-release-linux-x86_64 1.3.2 18.94 103.99 122.93 NOTE
r-release-windows-ix86+x86_64 1.3.2 66.00 277.00 343.00 OK
r-release-osx-x86_64 1.3.2 NOTE
r-oldrel-windows-ix86+x86_64 1.3.2 89.00 207.00 296.00 OK
r-oldrel-osx-x86_64 1.3.2 OK

Check Details

Version: 1.3.2
Check: compiled code
Result: NOTE
    File ‘stochvol/libs/stochvol.so’:
     Found no calls to: ‘R_registerRoutines’, ‘R_useDynamicSymbols’
    
    It is good practice to register native routines and to disable symbol
    search.
    
    See ‘Writing portable packages’ in the ‘Writing R Extensions’ manual.
Flavors: r-devel-linux-x86_64-debian-clang, r-devel-linux-x86_64-debian-gcc, r-devel-linux-x86_64-fedora-clang, r-devel-linux-x86_64-fedora-gcc, r-patched-linux-x86_64, r-release-linux-x86_64

Version: 1.3.2
Check: installed package size
Result: NOTE
     installed size is 5.2Mb
     sub-directories of 1Mb or more:
     doc 2.8Mb
     libs 2.0Mb
Flavor: r-devel-linux-x86_64-fedora-gcc

Version: 1.3.2
Check: re-building of vignette outputs
Result: NOTE
    Error in re-building vignettes:
     ...
    (/usr/local/texlive/2016basic/texmf-dist/tex/latex/amsmath/amstext.sty
    (/usr/local/texlive/2016basic/texmf-dist/tex/latex/amsmath/amsgen.sty))
    (/usr/local/texlive/2016basic/texmf-dist/tex/latex/amsmath/amsbsy.sty)
    (/usr/local/texlive/2016basic/texmf-dist/tex/latex/amsmath/amsopn.sty))
    (/usr/local/texlive/2016basic/texmf-dist/tex/latex/amsfonts/amssymb.sty
    (/usr/local/texlive/2016basic/texmf-dist/tex/latex/amsfonts/amsfonts.sty))
    (/usr/local/texlive/2016basic/texmf-dist/tex/latex/tools/bm.sty)
    
    ! LaTeX Error: File `tablefootnote.sty' not found.
    
    Type X to quit or <RETURN> to proceed,
    or enter new name. (Default extension: sty)
    
    Enter file name:
    ! Emergency stop.
    <read *>
    
    l.22 ^^M
    
    ! ==> Fatal error occurred, no output PDF file produced!
    Transcript written on article.log.
    make: *** [article.pdf] Error 1
    Error in buildVignettes(dir = "/Volumes/XT3/Builds/R-dev-web/QA/Simon/packages/el-capitan-x86_64/results/3.4/stochvol.Rcheck/vign_test/stochvol") :
     running 'make' failed
    Execution halted
Flavor: r-release-osx-x86_64