CRAN Package Check Results for Package stochvol

Last updated on 2023-02-05 23:58:58 CET.

Flavor Version Tinstall Tcheck Ttotal Status Flags
r-devel-linux-x86_64-debian-clang 3.2.0 147.83 150.67 298.50 NOTE
r-devel-linux-x86_64-debian-gcc 3.2.0 118.33 114.78 233.11 NOTE
r-devel-linux-x86_64-fedora-clang 3.2.0 420.87 NOTE
r-devel-linux-x86_64-fedora-gcc 3.2.0 397.02 NOTE
r-devel-windows-x86_64 3.2.0 144.00 299.00 443.00 NOTE
r-patched-linux-x86_64 3.2.0 123.62 144.58 268.20 OK
r-release-linux-x86_64 3.2.0 129.68 141.45 271.13 OK
r-release-macos-arm64 3.2.0 105.00 NOTE
r-release-macos-x86_64 3.2.0 137.00 NOTE
r-release-windows-x86_64 3.2.0 158.00 298.00 456.00 OK
r-oldrel-macos-arm64 3.2.0 186.00 NOTE
r-oldrel-macos-x86_64 3.2.0 140.00 NOTE
r-oldrel-windows-ix86+x86_64 3.2.0 343.00 312.00 655.00 NOTE

Check Details

Version: 3.2.0
Check: C++ specification
Result: NOTE
     Specified C++11: please update to current default of C++17
Flavors: r-devel-linux-x86_64-debian-clang, r-devel-linux-x86_64-debian-gcc, r-devel-linux-x86_64-fedora-clang, r-devel-linux-x86_64-fedora-gcc, r-devel-windows-x86_64

Version: 3.2.0
Check: package subdirectories
Result: NOTE
    Problems with news in ‘NEWS.md’:
     Cannot extract version info from the following section titles:
     Initial TODO
Flavors: r-devel-linux-x86_64-debian-clang, r-devel-linux-x86_64-debian-gcc, r-devel-linux-x86_64-fedora-clang, r-devel-linux-x86_64-fedora-gcc, r-devel-windows-x86_64

Version: 3.2.0
Check: installed package size
Result: NOTE
     installed size is 9.5Mb
     sub-directories of 1Mb or more:
     doc 1.9Mb
     libs 6.8Mb
Flavors: r-release-macos-arm64, r-release-macos-x86_64, r-oldrel-macos-arm64, r-oldrel-macos-x86_64, r-oldrel-windows-ix86+x86_64