CRAN Package Check Results for Package stochvol

Last updated on 2017-02-23 07:48:07.

Flavor Version Tinstall Tcheck Ttotal Status Flags
r-devel-linux-x86_64-debian-clang 1.3.2 20.54 108.44 128.99 NOTE
r-devel-linux-x86_64-debian-gcc 1.3.2 21.84 101.57 123.41 NOTE
r-devel-linux-x86_64-fedora-clang 1.3.2 316.47 NOTE --no-stop-on-test-error
r-devel-linux-x86_64-fedora-gcc 1.3.2 307.29 NOTE --no-stop-on-test-error
r-devel-macos-x86_64-clang 1.3.2 144.31 NOTE --no-stop-on-test-error
r-devel-windows-ix86+x86_64 1.3.2 91.00 325.00 416.00 OK
r-patched-linux-x86_64 1.3.2 18.17 96.60 114.77 OK
r-patched-solaris-sparc 1.3.2 1473.90 OK
r-patched-solaris-x86 1.3.2 299.60 OK
r-release-linux-x86_64 1.3.2 17.63 96.15 113.78 OK
r-release-osx-x86_64-mavericks 1.3.2 OK
r-release-windows-ix86+x86_64 1.3.2 93.00 302.00 395.00 OK
r-oldrel-windows-ix86+x86_64 1.3.2 81.00 398.00 479.00 OK

Check Details

Version: 1.3.2
Check: compiled code
Result: NOTE
    File ‘stochvol/libs/stochvol.so’:
     Found no calls to: ‘R_registerRoutines’, ‘R_useDynamicSymbols’
    
    It is good practice to register native routines and to disable symbol
    search.
    
    See ‘Writing portable packages’ in the ‘Writing R Extensions’ manual.
Flavors: r-devel-linux-x86_64-debian-clang, r-devel-linux-x86_64-debian-gcc

Version: 1.3.2
Flags: --no-stop-on-test-error
Check: compiled code
Result: NOTE
    File ‘stochvol/libs/stochvol.so’:
     Found no calls to: ‘R_registerRoutines’, ‘R_useDynamicSymbols’
    
    It is good practice to register native routines and to disable symbol
    search.
    
    See ‘Writing portable packages’ in the ‘Writing R Extensions’ manual.
Flavors: r-devel-linux-x86_64-fedora-clang, r-devel-linux-x86_64-fedora-gcc, r-devel-macos-x86_64-clang