CRAN Package Check Results for Package stochvol

Last updated on 2017-09-19 23:48:25.

Flavor Version Tinstall Tcheck Ttotal Status Flags
r-devel-linux-x86_64-debian-clang 1.3.2 22.46 107.91 130.38 NOTE
r-devel-linux-x86_64-debian-gcc 1.3.2 23.81 103.69 127.50 NOTE
r-devel-linux-x86_64-fedora-clang 1.3.3 164.84 OK
r-devel-linux-x86_64-fedora-gcc 1.3.3 166.06 OK
r-devel-windows-ix86+x86_64 1.3.2 71.00 260.00 331.00 OK
r-patched-linux-x86_64 1.3.2 23.09 102.60 125.69 NOTE
r-patched-solaris-x86 1.3.3 273.20 OK
r-release-linux-x86_64 1.3.2 23.29 103.39 126.68 NOTE
r-release-windows-ix86+x86_64 1.3.2 70.00 228.00 298.00 OK
r-release-osx-x86_64 1.3.3 NOTE
r-oldrel-windows-ix86+x86_64 1.3.2 52.00 181.00 233.00 OK
r-oldrel-osx-x86_64 1.3.3 OK

Check Details

Version: 1.3.2
Check: compiled code
Result: NOTE
    File ‘stochvol/libs/stochvol.so’:
     Found no calls to: ‘R_registerRoutines’, ‘R_useDynamicSymbols’
    
    It is good practice to register native routines and to disable symbol
    search.
    
    See ‘Writing portable packages’ in the ‘Writing R Extensions’ manual.
Flavors: r-devel-linux-x86_64-debian-clang, r-devel-linux-x86_64-debian-gcc, r-patched-linux-x86_64, r-release-linux-x86_64

Version: 1.3.3
Check: re-building of vignette outputs
Result: NOTE
    Error in re-building vignettes:
     ...
    (/usr/local/texlive/2016basic/texmf-dist/tex/latex/amsmath/amstext.sty
    (/usr/local/texlive/2016basic/texmf-dist/tex/latex/amsmath/amsgen.sty))
    (/usr/local/texlive/2016basic/texmf-dist/tex/latex/amsmath/amsbsy.sty)
    (/usr/local/texlive/2016basic/texmf-dist/tex/latex/amsmath/amsopn.sty))
    (/usr/local/texlive/2016basic/texmf-dist/tex/latex/amsfonts/amssymb.sty
    (/usr/local/texlive/2016basic/texmf-dist/tex/latex/amsfonts/amsfonts.sty))
    (/usr/local/texlive/2016basic/texmf-dist/tex/latex/tools/bm.sty)
    
    ! LaTeX Error: File `tablefootnote.sty' not found.
    
    Type X to quit or <RETURN> to proceed,
    or enter new name. (Default extension: sty)
    
    Enter file name:
    ! Emergency stop.
    <read *>
    
    l.22 ^^M
    
    ! ==> Fatal error occurred, no output PDF file produced!
    Transcript written on article.log.
    make: *** [article.pdf] Error 1
    Error in buildVignettes(dir = "/Volumes/SSD-Data/Builds/R-dev-web/QA/Simon/packages/el-capitan-x86_64/results/3.4/stochvol.Rcheck/vign_test/stochvol") :
     running 'make' failed
    Execution halted
Flavor: r-release-osx-x86_64