CRAN Package Check Results for Package stochvol

Last updated on 2016-05-03 21:47:43.

Flavor Version Tinstall Tcheck Ttotal Status Flags
r-devel-linux-x86_64-debian-gcc 1.2.3 17.11 125.74 142.85 NOTE
r-devel-linux-x86_64-fedora-clang 1.2.3 252.61 OK
r-devel-linux-x86_64-fedora-gcc 1.2.3 257.84 OK
r-devel-osx-x86_64-clang 1.2.3 201.80 OK
r-devel-windows-ix86+x86_64 1.2.3 71.00 234.00 305.00 OK
r-patched-linux-x86_64 1.2.3 16.63 123.05 139.68 NOTE
r-patched-solaris-sparc 1.2.3 1731.00 OK
r-patched-solaris-x86 1.2.3 346.50 OK
r-release-linux-x86_64 1.2.3 17.28 229.86 247.14 NOTE
r-release-osx-x86_64-mavericks 1.2.3 NOTE
r-release-windows-ix86+x86_64 1.2.3 63.00 482.00 545.00 OK
r-oldrel-windows-ix86+x86_64 1.2.3 76.00 453.00 529.00 OK

Check Details

Version: 1.2.3
Check: installed package size
Result: NOTE
     installed size is 5.0Mb
     sub-directories of 1Mb or more:
     doc 3.0Mb
     libs 1.7Mb
Flavors: r-devel-linux-x86_64-debian-gcc, r-patched-linux-x86_64, r-release-linux-x86_64, r-release-osx-x86_64-mavericks