CRAN Package Check Results for Package stochvol

Last updated on 2016-08-24 14:48:19.

Flavor Version Tinstall Tcheck Ttotal Status Flags
r-devel-linux-x86_64-debian-clang 1.2.3 19.95 206.95 226.90 OK
r-devel-linux-x86_64-debian-gcc 1.2.3 21.66 200.36 222.02 NOTE
r-devel-linux-x86_64-fedora-clang 1.2.3 366.76 OK
r-devel-linux-x86_64-fedora-gcc 1.2.3 355.56 NOTE
r-devel-osx-x86_64-clang 1.2.3 159.11 OK
r-devel-windows-ix86+x86_64 1.2.3 85.00 260.00 345.00 OK
r-patched-linux-x86_64 1.2.3 17.76 198.77 216.53 NOTE
r-patched-solaris-sparc 1.2.3 1772.30 OK
r-patched-solaris-x86 1.2.3 356.10 OK
r-release-linux-x86_64 1.2.3 17.67 199.46 217.13 NOTE
r-release-osx-x86_64-mavericks 1.2.3 NOTE
r-release-windows-ix86+x86_64 1.2.3 83.00 260.00 343.00 OK
r-oldrel-windows-ix86+x86_64 1.2.3 82.00 383.00 465.00 OK

Check Details

Version: 1.2.3
Check: installed package size
Result: NOTE
     installed size is 5.1Mb
     sub-directories of 1Mb or more:
     doc 3.0Mb
     libs 1.8Mb
Flavors: r-devel-linux-x86_64-debian-gcc, r-devel-linux-x86_64-fedora-gcc, r-patched-linux-x86_64, r-release-linux-x86_64, r-release-osx-x86_64-mavericks