CRAN Package Check Results for Package stochvol

Last updated on 2014-10-30 12:51:45.

Flavor Version Tinstall Tcheck Ttotal Status Flags
r-devel-linux-x86_64-debian-clang 0.9-0 9.84 107.88 117.72 OK
r-devel-linux-x86_64-debian-gcc 0.9-0 11.20 110.57 121.77 OK
r-devel-linux-x86_64-fedora-clang 0.9-0 229.96 OK
r-devel-linux-x86_64-fedora-gcc 0.9-0 230.41 OK
r-devel-osx-x86_64-clang 0.9-0 158.10 OK
r-devel-windows-ix86+x86_64 0.9-0 33.00 176.00 209.00 OK
r-patched-linux-x86_64 0.9-0 11.42 111.93 123.35 OK
r-patched-solaris-sparc 0.9-0 1355.60 OK
r-patched-solaris-x86 0.9-0 306.00 OK
r-release-linux-ix86 0.8-4 14.24 186.41 200.65 OK
r-release-linux-x86_64 0.8-4 11.58 111.67 123.26 OK
r-release-osx-x86_64-mavericks 0.9-0 NOTE
r-release-osx-x86_64-snowleopard 0.9-0 OK
r-release-windows-ix86+x86_64 0.9-0 41.00 191.00 232.00 OK
r-oldrel-windows-ix86+x86_64 0.9-0 38.00 184.00 222.00 OK

Check Details

Version: 0.9-0
Check: re-building of vignette outputs
Result: NOTE
    Error in re-building vignettes:
     ...
    (/usr/local/texlive/2013basic/texmf-dist/tex/latex/amsmath/amstext.sty
    (/usr/local/texlive/2013basic/texmf-dist/tex/latex/amsmath/amsgen.sty))
    (/usr/local/texlive/2013basic/texmf-dist/tex/latex/amsmath/amsbsy.sty)
    (/usr/local/texlive/2013basic/texmf-dist/tex/latex/amsmath/amsopn.sty))
    (/usr/local/texlive/2013basic/texmf-dist/tex/latex/amsfonts/amssymb.sty
    (/usr/local/texlive/2013basic/texmf-dist/tex/latex/amsfonts/amsfonts.sty))
    (/usr/local/texlive/2013basic/texmf-dist/tex/latex/tools/bm.sty)
    
    ! LaTeX Error: File `tablefootnote.sty' not found.
    
    Type X to quit or <RETURN> to proceed,
    or enter new name. (Default extension: sty)
    
    Enter file name:
    ! Emergency stop.
    <read *>
    
    l.13 ^^M
    
    ! ==> Fatal error occurred, no output PDF file produced!
    Transcript written on article.log.
    make: *** [article.pdf] Error 1
    Error in buildVignettes(dir = "/Builds/CRAN-QA-Simon/packages/mavericks-x86_64/results/3.1/stochvol.Rcheck/vign_test/stochvol") :
     running 'make' failed
    Execution halted
Flavor: r-release-osx-x86_64-mavericks