CRAN Package Check Results for Package stochvol

Last updated on 2017-11-24 18:51:02 CET.

Flavor Version Tinstall Tcheck Ttotal Status Flags
r-devel-linux-x86_64-debian-clang 1.3.3 28.82 214.07 242.89 OK
r-devel-linux-x86_64-debian-gcc 1.3.3 27.90 178.61 206.50 OK
r-devel-linux-x86_64-fedora-clang 1.3.3 230.20 OK
r-devel-linux-x86_64-fedora-gcc 1.3.3 222.73 OK
r-devel-windows-ix86+x86_64 1.3.3 63.00 261.00 324.00 OK
r-patched-linux-x86_64 1.3.3 31.84 217.71 249.55 OK
r-patched-solaris-x86 1.3.3 322.20 OK
r-release-linux-x86_64 1.3.3 34.27 212.63 246.90 OK
r-release-windows-ix86+x86_64 1.3.3 72.00 205.00 277.00 OK
r-release-osx-x86_64 1.3.3 NOTE
r-oldrel-windows-ix86+x86_64 1.3.3 70.00 265.00 335.00 OK
r-oldrel-osx-x86_64 1.3.3 OK

Check Details

Version: 1.3.3
Check: re-building of vignette outputs
Result: NOTE
    Error in re-building vignettes:
     ...
    (/usr/local/texlive/2016basic/texmf-dist/tex/latex/amsmath/amstext.sty
    (/usr/local/texlive/2016basic/texmf-dist/tex/latex/amsmath/amsgen.sty))
    (/usr/local/texlive/2016basic/texmf-dist/tex/latex/amsmath/amsbsy.sty)
    (/usr/local/texlive/2016basic/texmf-dist/tex/latex/amsmath/amsopn.sty))
    (/usr/local/texlive/2016basic/texmf-dist/tex/latex/amsfonts/amssymb.sty
    (/usr/local/texlive/2016basic/texmf-dist/tex/latex/amsfonts/amsfonts.sty))
    (/usr/local/texlive/2016basic/texmf-dist/tex/latex/tools/bm.sty)
    
    ! LaTeX Error: File `tablefootnote.sty' not found.
    
    Type X to quit or <RETURN> to proceed,
    or enter new name. (Default extension: sty)
    
    Enter file name:
    ! Emergency stop.
    <read *>
    
    l.22 ^^M
    
    ! ==> Fatal error occurred, no output PDF file produced!
    Transcript written on article.log.
    make: *** [article.pdf] Error 1
    Error in buildVignettes(dir = "/Volumes/SSD-Data/Builds/R-dev-web/QA/Simon/packages/el-capitan-x86_64/results/3.4/stochvol.Rcheck/vign_test/stochvol") :
     running 'make' failed
    Execution halted
Flavor: r-release-osx-x86_64