CRAN Package Check Results for Package stochvol

Last updated on 2016-07-30 03:49:25.

Flavor Version Tinstall Tcheck Ttotal Status Flags
r-devel-linux-x86_64-debian-clang 1.2.3 22.23 209.13 231.36 OK
r-devel-linux-x86_64-debian-gcc 1.2.3 23.84 201.75 225.60 NOTE
r-devel-linux-x86_64-fedora-clang 1.2.3 257.25 OK
r-devel-linux-x86_64-fedora-gcc 1.2.3 256.95 OK
r-devel-osx-x86_64-clang 1.2.3 156.97 OK
r-devel-windows-ix86+x86_64 1.2.3 63.00 237.00 300.00 OK
r-patched-linux-x86_64 1.2.3 20.71 210.66 231.37 NOTE
r-patched-solaris-sparc 1.2.3 1772.30 OK
r-patched-solaris-x86 1.2.3 321.40 OK
r-release-linux-x86_64 1.2.3 20.02 210.81 230.83 NOTE
r-release-osx-x86_64-mavericks 1.2.3 NOTE
r-release-windows-ix86+x86_64 1.2.3 93.00 261.00 354.00 OK
r-oldrel-windows-ix86+x86_64 1.2.3 84.00 488.00 572.00 OK

Check Details

Version: 1.2.3
Check: installed package size
Result: NOTE
     installed size is 5.2Mb
     sub-directories of 1Mb or more:
     doc 3.0Mb
     libs 1.9Mb
Flavors: r-devel-linux-x86_64-debian-gcc, r-patched-linux-x86_64, r-release-linux-x86_64, r-release-osx-x86_64-mavericks