CRAN Package Check Results for Package stochvol

Last updated on 2017-03-27 05:48:19.

Flavor Version Tinstall Tcheck Ttotal Status Flags
r-devel-linux-x86_64-debian-clang 1.3.2 20.91 109.81 130.73 NOTE
r-devel-linux-x86_64-debian-gcc 1.3.2 22.14 101.61 123.75 NOTE
r-devel-linux-x86_64-fedora-clang 1.3.2 315.17 NOTE --no-stop-on-test-error
r-devel-linux-x86_64-fedora-gcc 1.3.2 308.69 NOTE --no-stop-on-test-error
r-devel-macos-x86_64-clang 1.3.2 143.70 NOTE --no-stop-on-test-error
r-devel-windows-ix86+x86_64 1.3.2 73.00 277.00 350.00 OK
r-patched-linux-x86_64 1.3.2 18.39 102.07 120.45 NOTE
r-patched-solaris-sparc 1.3.2 1551.30 OK
r-patched-solaris-x86 1.3.2 317.30 OK
r-release-linux-x86_64 1.3.2 18.11 96.55 114.66 OK
r-release-osx-x86_64-mavericks 1.3.2 OK
r-release-windows-ix86+x86_64 1.3.2 93.00 207.00 300.00 OK
r-oldrel-windows-ix86+x86_64 1.3.2 57.00 345.00 402.00 OK

Check Details

Version: 1.3.2
Check: compiled code
Result: NOTE
    File ‘stochvol/libs/stochvol.so’:
     Found no calls to: ‘R_registerRoutines’, ‘R_useDynamicSymbols’
    
    It is good practice to register native routines and to disable symbol
    search.
    
    See ‘Writing portable packages’ in the ‘Writing R Extensions’ manual.
Flavors: r-devel-linux-x86_64-debian-clang, r-devel-linux-x86_64-debian-gcc, r-patched-linux-x86_64

Version: 1.3.2
Flags: --no-stop-on-test-error
Check: compiled code
Result: NOTE
    File ‘stochvol/libs/stochvol.so’:
     Found no calls to: ‘R_registerRoutines’, ‘R_useDynamicSymbols’
    
    It is good practice to register native routines and to disable symbol
    search.
    
    See ‘Writing portable packages’ in the ‘Writing R Extensions’ manual.
Flavors: r-devel-linux-x86_64-fedora-clang, r-devel-linux-x86_64-fedora-gcc, r-devel-macos-x86_64-clang