CRAN Package Check Results for Package stochvol

Last updated on 2014-04-24 17:49:55.

Flavor Version Tinstall Tcheck Ttotal Status Flags
r-devel-linux-x86_64-debian-clang 0.8-1 9.69 100.48 110.17 OK
r-devel-linux-x86_64-debian-gcc 0.8-1 11.09 103.82 114.92 OK
r-devel-linux-x86_64-fedora-clang 0.8-1 222.51 OK
r-devel-linux-x86_64-fedora-gcc 0.8-1 223.06 OK
r-devel-osx-x86_64-clang 0.8-1 159.72 OK
r-devel-osx-x86_64-gcc 0.8-1 OK
r-devel-windows-ix86+x86_64 0.8-1 37.00 195.00 232.00 OK
r-patched-linux-x86_64 0.8-1 11.14 102.24 113.38 OK
r-patched-solaris-sparc 0.8-1 1476.70 OK
r-patched-solaris-x86 0.8-1 303.20 OK
r-release-linux-ix86 0.8-1 17.00 226.00 243.00 OK
r-release-linux-x86_64 0.8-1 11.20 101.80 113.01 OK
r-release-osx-x86_64-mavericks 0.8-1 WARN
r-release-osx-x86_64-snowleopard 0.8-1 OK
r-release-windows-ix86+x86_64 0.8-1 38.00 189.00 227.00 OK
r-oldrel-windows-ix86+x86_64 0.8-1 40.00 196.00 236.00 OK

Check Details

Version: 0.8-1
Check: PDF version of manual
Result: WARNING
    LaTeX errors when creating PDF version.
    This typically indicates Rd problems.
    LaTeX errors found:
    ! LaTeX Error: File `upquote.sty' not found.
    
    Type X to quit or <RETURN> to proceed,
    or enter new name. (Default extension: sty)
    
    e46250/Rd2.tex:8: ==> Fatal error occurred, no output PDF file produced!
Flavor: r-release-osx-x86_64-mavericks