CRAN Package Check Results for Package stochvol

Last updated on 2016-02-08 19:48:41.

Flavor Version Tinstall Tcheck Ttotal Status Flags
r-devel-linux-x86_64-debian-gcc 1.2.2 16.73 122.14 138.87 NOTE
r-devel-linux-x86_64-fedora-clang 1.2.2 261.76 NOTE
r-devel-linux-x86_64-fedora-gcc 1.2.2 263.07 OK
r-devel-osx-x86_64-clang 1.2.2 207.87 OK
r-devel-windows-ix86+x86_64 1.2.2 75.00 243.00 318.00 OK
r-patched-linux-x86_64 1.2.2 17.02 230.90 247.91 NOTE
r-patched-solaris-sparc 1.2.2 3086.20 OK
r-patched-solaris-x86 1.2.2 596.80 OK
r-release-linux-x86_64 1.2.2 16.85 230.94 247.78 NOTE
r-release-osx-x86_64-mavericks 1.2.2 NOTE
r-release-windows-ix86+x86_64 1.2.2 72.00 400.00 472.00 OK
r-oldrel-windows-ix86+x86_64 1.2.2 74.00 400.00 474.00 OK

Check Details

Version: 1.2.2
Check: installed package size
Result: NOTE
     installed size is 5.0Mb
     sub-directories of 1Mb or more:
     doc 3.0Mb
     libs 1.7Mb
Flavors: r-devel-linux-x86_64-debian-gcc, r-devel-linux-x86_64-fedora-clang, r-patched-linux-x86_64, r-release-linux-x86_64, r-release-osx-x86_64-mavericks