CRAN Package Check Results for Package stochvol

Last updated on 2018-04-24 00:47:22 CEST.

Flavor Version Tinstall Tcheck Ttotal Status Flags
r-devel-linux-x86_64-debian-clang 1.3.3 35.07 137.76 172.83 OK
r-devel-linux-x86_64-debian-gcc 1.3.3 30.53 113.41 143.94 OK
r-devel-linux-x86_64-fedora-clang 1.3.3 236.24 OK
r-devel-linux-x86_64-fedora-gcc 1.3.3 224.95 OK
r-devel-windows-ix86+x86_64 1.3.3 90.00 212.00 302.00 OK
r-devel-osx-x86_64 1.3.3 OK
r-patched-linux-x86_64 1.3.3 40.27 144.00 184.27 OK
r-patched-solaris-x86 1.3.3 347.10 OK
r-release-linux-x86_64 1.3.3 38.70 147.25 185.95 OK
r-release-windows-ix86+x86_64 1.3.3 73.00 257.00 330.00 OK
r-release-osx-x86_64 1.3.3 NOTE
r-oldrel-windows-ix86+x86_64 1.3.3 65.00 246.00 311.00 OK

Check Details

Version: 1.3.3
Check: re-building of vignette outputs
Result: NOTE
    Error in re-building vignettes:
     ...
    (/usr/local/texlive/2016basic/texmf-dist/tex/latex/amsmath/amstext.sty
    (/usr/local/texlive/2016basic/texmf-dist/tex/latex/amsmath/amsgen.sty))
    (/usr/local/texlive/2016basic/texmf-dist/tex/latex/amsmath/amsbsy.sty)
    (/usr/local/texlive/2016basic/texmf-dist/tex/latex/amsmath/amsopn.sty))
    (/usr/local/texlive/2016basic/texmf-dist/tex/latex/amsfonts/amssymb.sty
    (/usr/local/texlive/2016basic/texmf-dist/tex/latex/amsfonts/amsfonts.sty))
    (/usr/local/texlive/2016basic/texmf-dist/tex/latex/tools/bm.sty)
    
    ! LaTeX Error: File `tablefootnote.sty' not found.
    
    Type X to quit or <RETURN> to proceed,
    or enter new name. (Default extension: sty)
    
    Enter file name:
    ! Emergency stop.
    <read *>
    
    l.22 ^^M
    
    ! ==> Fatal error occurred, no output PDF file produced!
    Transcript written on article.log.
    make: *** [article.pdf] Error 1
    Error in buildVignettes(dir = "/Volumes/SSD-Data/Builds/R-dev-web/QA/Simon/packages/el-capitan-x86_64/results/3.4/stochvol.Rcheck/vign_test/stochvol") :
     running 'make' failed
    Execution halted
Flavor: r-release-osx-x86_64