Last updated on 2022-06-30 17:49:57 CEST.
Flavor | Version | Tinstall | Tcheck | Ttotal | Status | Flags |
---|---|---|---|---|---|---|
r-devel-linux-x86_64-debian-clang | 0.2.0 | 23.19 | 178.61 | 201.80 | OK | |
r-devel-linux-x86_64-debian-gcc | 0.2.0 | 22.21 | 138.11 | 160.32 | OK | |
r-devel-linux-x86_64-fedora-clang | 0.2.0 | 254.54 | NOTE | |||
r-devel-linux-x86_64-fedora-gcc | 0.2.0 | 263.78 | OK | |||
r-devel-windows-x86_64 | 0.2.0 | 71.00 | 139.00 | 210.00 | NOTE | |
r-patched-linux-x86_64 | 0.2.0 | 22.46 | 178.96 | 201.42 | OK | |
r-release-linux-x86_64 | 0.2.0 | 25.30 | 178.80 | 204.10 | OK | |
r-release-macos-arm64 | 0.2.0 | 85.00 | NOTE | |||
r-release-macos-x86_64 | 0.2.0 | 138.00 | NOTE | |||
r-release-windows-x86_64 | 0.2.0 | 65.00 | 136.00 | 201.00 | NOTE | |
r-oldrel-macos-arm64 | 0.2.0 | 124.00 | NOTE | |||
r-oldrel-macos-x86_64 | 0.2.0 | 99.00 | NOTE | |||
r-oldrel-windows-ix86+x86_64 | 0.2.0 | 120.00 | 155.00 | 275.00 | NOTE |
Version: 0.2.0
Check: installed package size
Result: NOTE
installed size is 12.6Mb
sub-directories of 1Mb or more:
libs 10.9Mb
Flavors: r-devel-linux-x86_64-fedora-clang, r-devel-windows-x86_64, r-release-macos-arm64, r-release-macos-x86_64, r-release-windows-x86_64, r-oldrel-macos-arm64, r-oldrel-macos-x86_64, r-oldrel-windows-ix86+x86_64