Last updated on 2023-12-10 14:51:58 CET.
Flavor | Version | Tinstall | Tcheck | Ttotal | Status | Flags |
---|---|---|---|---|---|---|
r-devel-linux-x86_64-debian-clang | 1.7.12 | 271.69 | 463.79 | 735.48 | OK | |
r-devel-linux-x86_64-debian-gcc | 1.7.12 | 172.57 | 338.22 | 510.79 | OK | |
r-devel-linux-x86_64-fedora-clang | 1.7.12 | 999.39 | OK | |||
r-devel-linux-x86_64-fedora-gcc | 1.7.12 | 936.88 | OK | |||
r-devel-windows-x86_64 | 1.7.12 | 177.00 | 358.00 | 535.00 | OK | |
r-patched-linux-x86_64 | 1.7.12 | 199.33 | 437.77 | 637.10 | OK | |
r-release-linux-x86_64 | 1.7.12 | 158.95 | 436.16 | 595.11 | OK | |
r-release-macos-arm64 | 1.7.12 | 238.00 | NOTE | |||
r-release-macos-x86_64 | 1.7.12 | 502.00 | NOTE | |||
r-release-windows-x86_64 | 1.7.12 | 242.00 | 437.00 | 679.00 | OK | |
r-oldrel-macos-arm64 | 1.7.12 | 201.00 | NOTE | |||
r-oldrel-macos-x86_64 | 1.7.12 | 295.00 | NOTE | |||
r-oldrel-windows-x86_64 | 1.7.12 | 231.00 | 417.00 | 648.00 | OK |
Version: 1.7.12
Check: installed package size
Result: NOTE
installed size is 9.4Mb
sub-directories of 1Mb or more:
libs 7.1Mb
Flavors: r-release-macos-arm64, r-release-macos-x86_64, r-oldrel-macos-arm64, r-oldrel-macos-x86_64