CRAN Package Check Results for Package stpp

Last updated on 2014-08-27 15:49:43.

Flavor Version Tinstall Tcheck Ttotal Status Flags
r-devel-linux-x86_64-debian-clang 1.0-4 5.35 70.50 75.85 NOTE
r-devel-linux-x86_64-debian-gcc 1.0-4 5.44 69.36 74.79 NOTE
r-devel-linux-x86_64-fedora-clang 1.0-4 189.06 NOTE
r-devel-linux-x86_64-fedora-gcc 1.0-4 181.26 NOTE
r-devel-osx-x86_64-clang 1.0-4 126.30 NOTE
r-devel-windows-ix86+x86_64 1.0-4 18.00 142.00 160.00 NOTE
r-patched-linux-x86_64 1.0-4 5.72 74.23 79.94 OK
r-patched-solaris-sparc 1.0-4 981.50 OK
r-patched-solaris-x86 1.0-4 267.50 OK
r-release-linux-ix86 1.0-4 6.83 92.05 98.88 OK
r-release-linux-x86_64 1.0-4 5.56 75.10 80.66 OK
r-release-osx-x86_64-mavericks 1.0-4 OK
r-release-osx-x86_64-snowleopard 1.0-4 OK
r-release-windows-ix86+x86_64 1.0-4 18.00 155.00 173.00 OK
r-oldrel-windows-ix86+x86_64 1.0-4 19.00 155.00 174.00 OK

Check Details

Version: 1.0-4
Check: R code for possible problems
Result: NOTE
    .rp.stan3d: no visible global function definition for ‘rp.control’
    .rp.stan3d: no visible global function definition for ‘rp.slider’
    .rp.stan3d: no visible global function definition for ‘rp.button’
    .rp.stan3d : <anonymous>: no visible global function definition for
     ‘par3d’
    .rp.stan3d : <anonymous>: no visible global function definition for
     ‘rotationMatrix’
    .rp.stan3d: no visible global function definition for ‘rp.do’
    .rp.stan3d: no visible global function definition for ‘rp.block’
    .setBG: no visible global function definition for ‘surface3d’
    .setPlot: no visible global function definition for ‘plot3d’
    .setPlot: no visible global function definition for ‘axis3d’
    .setPlot: no visible global function definition for ‘par3d’
    .setPlot: no visible global function definition for ‘aspect3d’
    .setPlot: no visible global function definition for ‘rotationMatrix’
    .stan3d.redraw: no visible global function definition for ‘par3d’
    .stan3d.redraw: no visible global function definition for ‘rgl.pop’
    .stan3d.redraw: no visible binding for global variable ‘spheres3d’
    rlgcp: no visible global function definition for ‘bbox’
    stan: no visible global function definition for ‘lines3d’
    stan: no visible global function definition for ‘segments3d’
    stan: no visible global function definition for ‘points3d’
Flavors: r-devel-linux-x86_64-debian-clang, r-devel-linux-x86_64-debian-gcc, r-devel-linux-x86_64-fedora-clang, r-devel-linux-x86_64-fedora-gcc, r-devel-osx-x86_64-clang, r-devel-windows-ix86+x86_64