CRAN Package Check Results for Package stpp

Last updated on 2017-12-16 05:48:19 CET.

Flavor Version Tinstall Tcheck Ttotal Status Flags
r-devel-linux-x86_64-debian-clang 2.0-2 7.19 112.75 119.94 OK
r-devel-linux-x86_64-debian-gcc 2.0-2 6.85 88.52 95.37 OK
r-devel-linux-x86_64-fedora-clang 2.0-2 147.26 OK
r-devel-linux-x86_64-fedora-gcc 2.0-2 153.83 OK
r-devel-windows-ix86+x86_64 2.0-2 22.00 161.00 183.00 OK
r-patched-linux-x86_64 2.0-2 7.76 120.66 128.42 OK
r-patched-solaris-x86 2.0-2 17.90 ERROR
r-release-linux-x86_64 2.0-2 7.15 120.23 127.38 OK
r-release-windows-ix86+x86_64 2.0-2 25.00 165.00 190.00 OK
r-release-osx-x86_64 2.0-2 OK
r-oldrel-windows-ix86+x86_64 2.0-2 22.00 190.00 212.00 OK
r-oldrel-osx-x86_64 2.0-2 OK

Check Details

Version: 2.0-2
Check: whether package can be installed
Result: ERROR
    Installation failed.
Flavor: r-patched-solaris-x86