CRAN Package Check Results for Package stpp

Last updated on 2014-11-01 11:49:14.

Flavor Version Tinstall Tcheck Ttotal Status Flags
r-devel-linux-x86_64-debian-clang 1.0-4 5.45 76.67 82.12 NOTE
r-devel-linux-x86_64-debian-gcc 1.0-4 5.26 74.24 79.49 NOTE
r-devel-linux-x86_64-fedora-clang 1.0-4 183.72 NOTE
r-devel-linux-x86_64-fedora-gcc 1.0-4 177.43 NOTE
r-devel-osx-x86_64-clang 1.0-4 129.44 NOTE
r-devel-windows-ix86+x86_64 1.0-4 18.00 136.00 154.00 NOTE
r-patched-linux-x86_64 1.0-4 5.53 76.38 81.91 NOTE
r-patched-solaris-sparc 1.0-4 951.20 NOTE
r-patched-solaris-x86 1.0-4 258.50 NOTE
r-release-linux-ix86 1.0-4 6.81 94.36 101.17 OK
r-release-linux-x86_64 1.0-4 5.52 77.63 83.16 OK
r-release-osx-x86_64-mavericks 1.0-4 OK
r-release-osx-x86_64-snowleopard 1.0-4 OK
r-release-windows-ix86+x86_64 1.0-4 19.00 149.00 168.00 OK
r-oldrel-windows-ix86+x86_64 1.0-4 20.00 149.00 169.00 OK

Check Details

Version: 1.0-4
Check: R code for possible problems
Result: NOTE
    .rp.stan3d: no visible global function definition for ‘rp.control’
    .rp.stan3d: no visible global function definition for ‘rp.slider’
    .rp.stan3d: no visible global function definition for ‘rp.button’
    .rp.stan3d : <anonymous>: no visible global function definition for
     ‘par3d’
    .rp.stan3d : <anonymous>: no visible global function definition for
     ‘rotationMatrix’
    .rp.stan3d: no visible global function definition for ‘rp.do’
    .rp.stan3d: no visible global function definition for ‘rp.block’
    .setBG: no visible global function definition for ‘surface3d’
    .setPlot: no visible global function definition for ‘plot3d’
    .setPlot: no visible global function definition for ‘axis3d’
    .setPlot: no visible global function definition for ‘par3d’
    .setPlot: no visible global function definition for ‘aspect3d’
    .setPlot: no visible global function definition for ‘rotationMatrix’
    .stan3d.redraw: no visible global function definition for ‘par3d’
    .stan3d.redraw: no visible global function definition for ‘rgl.pop’
    .stan3d.redraw: no visible binding for global variable ‘spheres3d’
    rlgcp: no visible global function definition for ‘bbox’
    stan: no visible global function definition for ‘lines3d’
    stan: no visible global function definition for ‘segments3d’
    stan: no visible global function definition for ‘points3d’
Flavors: r-devel-linux-x86_64-debian-clang, r-devel-linux-x86_64-debian-gcc, r-devel-linux-x86_64-fedora-clang, r-devel-linux-x86_64-fedora-gcc, r-devel-osx-x86_64-clang, r-devel-windows-ix86+x86_64, r-patched-linux-x86_64, r-patched-solaris-sparc, r-patched-solaris-x86