CRAN Package Check Results for Package stpp

Last updated on 2014-12-18 19:50:48.

Flavor Version Tinstall Tcheck Ttotal Status Flags
r-devel-linux-x86_64-debian-clang 1.0-5 5.48 74.83 80.30 NOTE
r-devel-linux-x86_64-debian-gcc 1.0-5 5.26 77.63 82.89 NOTE
r-devel-linux-x86_64-fedora-clang 1.0-5 96.77 NOTE
r-devel-linux-x86_64-fedora-gcc 1.0-5 92.40 NOTE
r-devel-osx-x86_64-clang 1.0-5 85.99 NOTE
r-devel-windows-ix86+x86_64 1.0-5 23.00 147.00 170.00 NOTE
r-patched-linux-x86_64 1.0-5 5.84 76.62 82.46 NOTE
r-patched-solaris-sparc 1.0-5 900.80 NOTE
r-patched-solaris-x86 1.0-5 197.60 NOTE
r-release-osx-x86_64-mavericks 1.0-5 NOTE
r-release-windows-ix86+x86_64 1.0-5 21.00 169.00 190.00 NOTE
r-oldrel-windows-ix86+x86_64 1.0-5 23.00 170.00 193.00 OK

Check Details

Version: 1.0-5
Check: R code for possible problems
Result: NOTE
    .rp.stan3d: no visible global function definition for ‘rp.control’
    .rp.stan3d: no visible global function definition for ‘rp.slider’
    .rp.stan3d: no visible global function definition for ‘rp.button’
    .rp.stan3d : <anonymous>: no visible global function definition for
     ‘par3d’
    .rp.stan3d : <anonymous>: no visible global function definition for
     ‘rotationMatrix’
    .rp.stan3d: no visible global function definition for ‘rp.do’
    .rp.stan3d: no visible global function definition for ‘rp.block’
    .setBG: no visible global function definition for ‘surface3d’
    .setPlot: no visible global function definition for ‘plot3d’
    .setPlot: no visible global function definition for ‘axis3d’
    .setPlot: no visible global function definition for ‘par3d’
    .setPlot: no visible global function definition for ‘aspect3d’
    .setPlot: no visible global function definition for ‘rotationMatrix’
    .stan3d.redraw: no visible global function definition for ‘par3d’
    .stan3d.redraw: no visible global function definition for ‘rgl.pop’
    .stan3d.redraw: no visible binding for global variable ‘spheres3d’
    rlgcp: no visible global function definition for ‘bbox’
    stan: no visible global function definition for ‘lines3d’
    stan: no visible global function definition for ‘segments3d’
    stan: no visible global function definition for ‘points3d’
Flavors: r-devel-linux-x86_64-debian-clang, r-devel-linux-x86_64-debian-gcc, r-devel-linux-x86_64-fedora-clang, r-devel-linux-x86_64-fedora-gcc, r-devel-osx-x86_64-clang, r-devel-windows-ix86+x86_64, r-patched-linux-x86_64, r-patched-solaris-sparc, r-patched-solaris-x86, r-release-osx-x86_64-mavericks, r-release-windows-ix86+x86_64