CRAN Package Check Results for Package stpp

Last updated on 2015-07-29 17:48:19.

Flavor Version Tinstall Tcheck Ttotal Status Flags
r-devel-linux-x86_64-debian-clang 1.0-5 4.68 66.00 70.68 NOTE
r-devel-linux-x86_64-debian-gcc 1.0-5 4.44 65.90 70.33 NOTE
r-devel-linux-x86_64-fedora-clang 1.0-5 141.13 NOTE
r-devel-linux-x86_64-fedora-gcc 1.0-5 135.14 NOTE
r-devel-osx-x86_64-clang 1.0-5 90.62 NOTE
r-devel-windows-ix86+x86_64 1.0-5 25.00 131.00 156.00 NOTE
r-patched-linux-x86_64 1.0-5 4.59 64.64 69.23 NOTE
r-patched-solaris-sparc 1.0-5 847.20 NOTE
r-patched-solaris-x86 1.0-5 207.30 NOTE
r-release-linux-x86_64 1.0-5 4.62 65.27 69.90 NOTE
r-release-osx-x86_64-mavericks 1.0-5 NOTE
r-release-windows-ix86+x86_64 1.0-5 19.00 139.00 158.00 NOTE
r-oldrel-windows-ix86+x86_64 1.0-5 29.00 158.00 187.00 NOTE

Check Details

Version: 1.0-5
Check: DESCRIPTION meta-information
Result: NOTE
    Malformed Description field: should contain one or more complete sentences.
Flavors: r-devel-linux-x86_64-debian-clang, r-devel-linux-x86_64-debian-gcc, r-devel-linux-x86_64-fedora-clang, r-devel-linux-x86_64-fedora-gcc, r-devel-osx-x86_64-clang, r-devel-windows-ix86+x86_64, r-patched-linux-x86_64, r-patched-solaris-sparc, r-patched-solaris-x86, r-release-linux-x86_64, r-release-osx-x86_64-mavericks, r-release-windows-ix86+x86_64

Version: 1.0-5
Check: dependencies in R code
Result: NOTE
    'library' or 'require' calls in package code:
     ‘rgl’ ‘rpanel’
     Please use :: or requireNamespace() instead.
     See section 'Suggested packages' in the 'Writing R Extensions' manual.
Flavors: r-devel-linux-x86_64-debian-clang, r-devel-linux-x86_64-debian-gcc, r-devel-linux-x86_64-fedora-clang, r-devel-linux-x86_64-fedora-gcc, r-devel-osx-x86_64-clang, r-devel-windows-ix86+x86_64, r-patched-linux-x86_64, r-patched-solaris-sparc, r-patched-solaris-x86, r-release-linux-x86_64, r-release-osx-x86_64-mavericks, r-release-windows-ix86+x86_64, r-oldrel-windows-ix86+x86_64

Version: 1.0-5
Check: S3 generic/method consistency
Result: NOTE
    Found the following apparent S3 methods exported but not registered:
     plot.stpp
    See section ‘Registering S3 methods’ in the ‘Writing R Extensions’
    manual.
Flavors: r-devel-linux-x86_64-debian-clang, r-devel-linux-x86_64-debian-gcc, r-devel-linux-x86_64-fedora-clang, r-devel-linux-x86_64-fedora-gcc, r-devel-osx-x86_64-clang, r-patched-linux-x86_64, r-patched-solaris-sparc, r-patched-solaris-x86, r-release-linux-x86_64

Version: 1.0-5
Check: R code for possible problems
Result: NOTE
    .covst: no visible global function definition for ‘image’
    .covst: no visible global function definition for ‘grey’
    .covst: no visible global function definition for ‘contour’
    .gauss3D: no visible global function definition for ‘fft’
    .gauss3D: no visible global function definition for ‘rnorm’
    .pcp.larger.region: no visible global function definition for ‘chull’
    .pcp.larger.region: no visible global function definition for ‘rpois’
    .pcp.larger.region: no visible global function definition for ‘runif’
    .pcp.larger.region: no visible global function definition for ‘rnorm’
    .pcp.larger.region: no visible global function definition for ‘rexp’
    .rhpp: no visible global function definition for ‘rpois’
    .rhpp: no visible global function definition for ‘runif’
    .ripp: no visible global function definition for ‘rpois’
    .ripp: no visible global function definition for ‘runif’
    .ripp: no visible global function definition for ‘median’
    .rp.stan3d: no visible global function definition for ‘rp.control’
    .rp.stan3d: no visible global function definition for ‘rp.slider’
    .rp.stan3d: no visible binding for global variable ‘time’
    .rp.stan3d: no visible global function definition for ‘rp.button’
    .rp.stan3d : <anonymous>: no visible global function definition for
     ‘par3d’
    .rp.stan3d : <anonymous>: no visible global function definition for
     ‘rotationMatrix’
    .rp.stan3d: no visible global function definition for ‘rp.do’
    .rp.stan3d: no visible global function definition for ‘rp.block’
    .rtexp: no visible global function definition for ‘runif’
    .setBG: no visible global function definition for ‘heat.colors’
    .setBG: no visible global function definition for ‘surface3d’
    .setPlot: no visible global function definition for ‘plot3d’
    .setPlot: no visible global function definition for ‘axis3d’
    .setPlot: no visible global function definition for ‘par3d’
    .setPlot: no visible global function definition for ‘aspect3d’
    .setPlot: no visible global function definition for ‘rotationMatrix’
    .spatial.inhibition: no visible global function definition for ‘runif’
    .stan3d.redraw: no visible global function definition for ‘par3d’
    .stan3d.redraw: no visible global function definition for ‘rgl.pop’
    .stan3d.redraw: no visible binding for global variable ‘spheres3d’
    .temporal.inhibition: no visible global function definition for ‘runif’
    animation: no visible global function definition for ‘par’
    animation: no visible global function definition for ‘plot’
    animation: no visible global function definition for ‘points’
    plot.stpp: no visible global function definition for ‘par’
    plot.stpp: no visible global function definition for ‘plot’
    plot.stpp: no visible global function definition for ‘points’
    plot.stpp: no visible global function definition for ‘title’
    plot.stpp: no visible global function definition for ‘grey’
    plot.stpp: no visible global function definition for ‘rgb’
    plotK: no visible global function definition for ‘dev.list’
    plotK: no visible global function definition for ‘par’
    plotK: no visible global function definition for ‘dev.off’
    plotK: no visible global function definition for ‘dev.new’
    plotK: no visible global function definition for ‘colorRampPalette’
    plotK: no visible global function definition for ‘persp’
    plotK: no visible global function definition for ‘title’
    plotK: no visible global function definition for ‘contour’
    plotK: no visible global function definition for ‘box’
    plotK: no visible global function definition for ‘axTicks’
    plotK: no visible global function definition for ‘axis’
    plotK: no visible global function definition for ‘image’
    plotPCF: no visible global function definition for ‘dev.list’
    plotPCF: no visible global function definition for ‘par’
    plotPCF: no visible global function definition for ‘dev.off’
    plotPCF: no visible global function definition for ‘dev.new’
    plotPCF: no visible global function definition for ‘colorRampPalette’
    plotPCF: no visible global function definition for ‘persp’
    plotPCF: no visible global function definition for ‘title’
    plotPCF: no visible global function definition for ‘contour’
    plotPCF: no visible global function definition for ‘box’
    plotPCF: no visible global function definition for ‘axTicks’
    plotPCF: no visible global function definition for ‘axis’
    plotPCF: no visible global function definition for ‘image’
    rinfec : hk: no visible global function definition for ‘dnorm’
    rinfec: no visible global function definition for ‘dnorm’
    rinfec: no visible global function definition for ‘runif’
    rinfec: no visible global function definition for ‘rexp’
    rinfec: no visible global function definition for ‘rnorm’
    rlgcp: no visible global function definition for ‘bbox’
    rlgcp: no visible global function definition for ‘rpois’
    rlgcp: no visible global function definition for ‘runif’
    stan: no visible global function definition for ‘gray’
    stan: no visible global function definition for ‘lines3d’
    stan: no visible global function definition for ‘chull’
    stan: no visible global function definition for ‘segments3d’
    stan: no visible global function definition for ‘points3d’
    Undefined global functions or variables:
     aspect3d axTicks axis axis3d bbox box chull colorRampPalette contour
     dev.list dev.new dev.off dnorm fft gray grey heat.colors image
     lines3d median par par3d persp plot plot3d points points3d rexp rgb
     rgl.pop rnorm rotationMatrix rp.block rp.button rp.control rp.do
     rp.slider rpois runif segments3d spheres3d surface3d time title
    Consider adding
     importFrom("grDevices", "chull", "colorRampPalette", "dev.list",
     "dev.new", "dev.off", "gray", "grey", "heat.colors", "rgb")
     importFrom("graphics", "axTicks", "axis", "box", "contour", "image",
     "par", "persp", "plot", "points", "title")
     importFrom("stats", "dnorm", "fft", "median", "rexp", "rnorm", "rpois",
     "runif", "time")
    to your NAMESPACE.
Flavors: r-devel-linux-x86_64-debian-clang, r-devel-linux-x86_64-debian-gcc, r-devel-linux-x86_64-fedora-clang, r-devel-linux-x86_64-fedora-gcc, r-devel-windows-ix86+x86_64

Version: 1.0-5
Check: R code for possible problems
Result: NOTE
    .rp.stan3d: no visible global function definition for ‘rp.control’
    .rp.stan3d: no visible global function definition for ‘rp.slider’
    .rp.stan3d: no visible global function definition for ‘rp.button’
    .rp.stan3d : <anonymous>: no visible global function definition for
     ‘par3d’
    .rp.stan3d : <anonymous>: no visible global function definition for
     ‘rotationMatrix’
    .rp.stan3d: no visible global function definition for ‘rp.do’
    .rp.stan3d: no visible global function definition for ‘rp.block’
    .setBG: no visible global function definition for ‘surface3d’
    .setPlot: no visible global function definition for ‘plot3d’
    .setPlot: no visible global function definition for ‘axis3d’
    .setPlot: no visible global function definition for ‘par3d’
    .setPlot: no visible global function definition for ‘aspect3d’
    .setPlot: no visible global function definition for ‘rotationMatrix’
    .stan3d.redraw: no visible global function definition for ‘par3d’
    .stan3d.redraw: no visible global function definition for ‘rgl.pop’
    .stan3d.redraw: no visible binding for global variable ‘spheres3d’
    rlgcp: no visible global function definition for ‘bbox’
    stan: no visible global function definition for ‘lines3d’
    stan: no visible global function definition for ‘segments3d’
    stan: no visible global function definition for ‘points3d’
    Undefined global functions or variables:
     aspect3d axis3d bbox lines3d par3d plot3d points3d rgl.pop
     rotationMatrix rp.block rp.button rp.control rp.do rp.slider
     segments3d spheres3d surface3d
Flavor: r-devel-osx-x86_64-clang

Version: 1.0-5
Check: R code for possible problems
Result: NOTE
    .rp.stan3d: no visible global function definition for ‘rp.control’
    .rp.stan3d: no visible global function definition for ‘rp.slider’
    .rp.stan3d: no visible global function definition for ‘rp.button’
    .rp.stan3d : <anonymous>: no visible global function definition for
     ‘par3d’
    .rp.stan3d : <anonymous>: no visible global function definition for
     ‘rotationMatrix’
    .rp.stan3d: no visible global function definition for ‘rp.do’
    .rp.stan3d: no visible global function definition for ‘rp.block’
    .setBG: no visible global function definition for ‘surface3d’
    .setPlot: no visible global function definition for ‘plot3d’
    .setPlot: no visible global function definition for ‘axis3d’
    .setPlot: no visible global function definition for ‘par3d’
    .setPlot: no visible global function definition for ‘aspect3d’
    .setPlot: no visible global function definition for ‘rotationMatrix’
    .stan3d.redraw: no visible global function definition for ‘par3d’
    .stan3d.redraw: no visible global function definition for ‘rgl.pop’
    .stan3d.redraw: no visible binding for global variable ‘spheres3d’
    rlgcp: no visible global function definition for ‘bbox’
    stan: no visible global function definition for ‘lines3d’
    stan: no visible global function definition for ‘segments3d’
    stan: no visible global function definition for ‘points3d’
Flavors: r-patched-linux-x86_64, r-patched-solaris-sparc, r-patched-solaris-x86, r-release-linux-x86_64, r-release-osx-x86_64-mavericks, r-release-windows-ix86+x86_64, r-oldrel-windows-ix86+x86_64