CRAN Package Check Results for Package stpp

Last updated on 2018-05-22 22:48:54 CEST.

Flavor Version Tinstall Tcheck Ttotal Status Flags
r-devel-linux-x86_64-debian-clang 2.0-3 12.68 126.15 138.83 OK
r-devel-linux-x86_64-debian-gcc 2.0-3 11.38 99.77 111.15 OK
r-devel-linux-x86_64-fedora-clang 2.0-3 177.27 OK
r-devel-linux-x86_64-fedora-gcc 2.0-3 171.99 OK
r-devel-windows-ix86+x86_64 2.0-3 27.00 249.00 276.00 OK
r-patched-linux-x86_64 2.0-3 13.10 113.92 127.02 OK
r-patched-solaris-x86 2.0-3 290.10 OK
r-release-linux-x86_64 2.0-3 10.86 112.10 122.96 OK
r-release-windows-ix86+x86_64 2.0-3 35.00 245.00 280.00 OK
r-release-osx-x86_64 2.0-3 ERROR
r-oldrel-windows-ix86+x86_64 2.0-3 42.00 181.00 223.00 OK
r-oldrel-osx-x86_64 2.0-3 OK

Check Details

Version: 2.0-3
Check: package dependencies
Result: ERROR
    Package required but not available: ‘rpanel’
    
    See section ‘The DESCRIPTION file’ in the ‘Writing R Extensions’
    manual.
Flavor: r-release-osx-x86_64