CRAN Package Check Results for Package strat

Last updated on 2024-02-27 08:55:31 CET.

Flavor Version Tinstall Tcheck Ttotal Status Flags
r-devel-linux-x86_64-debian-clang 0.1 35.92 33.67 69.59 OK
r-devel-linux-x86_64-debian-gcc 0.1 24.29 27.03 51.32 OK
r-devel-linux-x86_64-fedora-clang 0.1 92.07 NOTE
r-devel-linux-x86_64-fedora-gcc 0.1 91.18 NOTE
r-devel-windows-x86_64 0.1 27.00 65.00 92.00 OK
r-patched-linux-x86_64 0.1 25.83 33.63 59.46 OK
r-release-linux-x86_64 0.1 22.90 34.26 57.16 OK
r-release-macos-arm64 0.1 30.00 OK
r-release-macos-x86_64 0.1 40.00 OK
r-release-windows-x86_64 0.1 34.00 75.00 109.00 OK
r-oldrel-macos-arm64 0.1 34.00 OK
r-oldrel-windows-x86_64 0.1 32.00 74.00 106.00 OK

Check Details

Version: 0.1
Check: compiled code
Result: NOTE File ‘strat/libs/strat.so’: Found no calls to: ‘R_registerRoutines’, ‘R_useDynamicSymbols’ It is good practice to register native routines and to disable symbol search. See ‘Writing portable packages’ in the ‘Writing R Extensions’ manual. Flavors: r-devel-linux-x86_64-fedora-clang, r-devel-linux-x86_64-fedora-gcc