CRAN Package Check Results for Package stratbr

Last updated on 2022-01-27 07:51:47 CET.

Flavor Version Tinstall Tcheck Ttotal Status Flags
r-devel-linux-x86_64-debian-clang 1.2 2.76 32.99 35.75 NOTE
r-devel-linux-x86_64-debian-gcc 1.2 2.08 25.99 28.07 NOTE
r-devel-linux-x86_64-fedora-clang 1.2 43.83 NOTE
r-devel-linux-x86_64-fedora-gcc 1.2 33.46 NOTE
r-devel-windows-x86_64-new-UL 1.2 13.00 59.00 72.00 NOTE
r-devel-windows-x86_64-new-TK 1.2 NOTE
r-patched-linux-x86_64 1.2 2.53 32.14 34.67 NOTE
r-release-linux-x86_64 1.2 2.04 31.64 33.68 NOTE
r-release-macos-arm64 1.2 NOTE
r-release-macos-x86_64 1.2 NOTE
r-release-windows-ix86+x86_64 1.2 6.00 51.00 57.00 NOTE
r-oldrel-macos-x86_64 1.2 OK
r-oldrel-windows-ix86+x86_64 1.2 6.00 49.00 55.00 OK

Check Details

Version: 1.2
Check: LazyData
Result: NOTE
     'LazyData' is specified without a 'data' directory
Flavors: r-devel-linux-x86_64-debian-clang, r-devel-linux-x86_64-debian-gcc, r-devel-linux-x86_64-fedora-clang, r-devel-linux-x86_64-fedora-gcc, r-devel-windows-x86_64-new-UL, r-devel-windows-x86_64-new-TK, r-patched-linux-x86_64, r-release-linux-x86_64, r-release-macos-arm64, r-release-macos-x86_64, r-release-windows-ix86+x86_64