CRAN Package Check Results for Package stratification

Last updated on 2015-06-30 18:47:36.

Flavor Version Tinstall Tcheck Ttotal Status Flags
r-devel-linux-x86_64-debian-clang 2.2-5 1.34 30.30 31.64 NOTE
r-devel-linux-x86_64-debian-gcc 2.2-5 1.43 30.33 31.76 NOTE
r-devel-linux-x86_64-fedora-clang 2.2-5 54.93 NOTE
r-devel-linux-x86_64-fedora-gcc 2.2-5 51.84 OK
r-devel-osx-x86_64-clang 2.2-5 39.57 OK
r-devel-windows-ix86+x86_64 2.2-5 6.00 62.00 68.00 OK
r-patched-linux-x86_64 2.2-5 1.44 28.35 29.79 OK
r-patched-solaris-sparc 2.2-5 401.60 OK
r-patched-solaris-x86 2.2-5 73.90 OK
r-release-linux-x86_64 2.2-5 1.43 28.30 29.73 OK
r-release-osx-x86_64-mavericks 2.2-5 OK
r-release-windows-ix86+x86_64 2.2-5 6.00 71.00 77.00 OK
r-oldrel-windows-ix86+x86_64 2.2-5 10.00 68.00 78.00 OK

Check Details

Version: 2.2-5
Check: R code for possible problems
Result: NOTE
    add_b1_takenone: no visible global function definition for ‘quantile’
    plot.strata: no visible global function definition for ‘layout’
    plot.strata: no visible global function definition for ‘par’
    plot.strata: no visible global function definition for ‘hist’
    plot.strata: no visible global function definition for ‘rgb’
    plot.strata: no visible global function definition for ‘abline’
    plot.strata: no visible global function definition for ‘text’
    plot.strata: no visible global function definition for ‘mtext’
    robust_initpbh: no visible global function definition for ‘var’
    strata.LH: no visible global function definition for ‘combn’
    strata.LH: no visible global function definition for ‘quantile’
Flavors: r-devel-linux-x86_64-debian-clang, r-devel-linux-x86_64-debian-gcc, r-devel-linux-x86_64-fedora-clang