CRAN Package Check Results for Package stratification

Last updated on 2016-02-06 18:50:47.

Flavor Version Tinstall Tcheck Ttotal Status Flags
r-devel-linux-x86_64-debian-gcc 2.2-5 1.50 26.64 28.14 NOTE
r-devel-linux-x86_64-fedora-clang 2.2-5 52.92 NOTE
r-devel-linux-x86_64-fedora-gcc 2.2-5 48.73 NOTE
r-devel-osx-x86_64-clang 2.2-5 49.06 NOTE
r-devel-windows-ix86+x86_64 2.2-5 10.00 77.00 87.00 NOTE
r-patched-linux-x86_64 2.2-5 1.86 28.74 30.60 OK
r-patched-solaris-sparc 2.2-5 390.70 OK
r-patched-solaris-x86 2.2-5 67.40 OK
r-release-linux-x86_64 2.2-5 1.65 28.70 30.35 OK
r-release-osx-x86_64-mavericks 2.2-5 OK
r-release-windows-ix86+x86_64 2.2-5 7.00 90.00 97.00 OK
r-oldrel-windows-ix86+x86_64 2.2-5 10.00 68.00 78.00 OK

Check Details

Version: 2.2-5
Check: R code for possible problems
Result: NOTE
    add_b1_takenone: no visible global function definition for ‘quantile’
    plot.strata: no visible global function definition for ‘layout’
    plot.strata: no visible global function definition for ‘par’
    plot.strata: no visible global function definition for ‘hist’
    plot.strata: no visible global function definition for ‘rgb’
    plot.strata: no visible global function definition for ‘abline’
    plot.strata: no visible global function definition for ‘text’
    plot.strata: no visible global function definition for ‘mtext’
    robust_initpbh: no visible global function definition for ‘var’
    strata.LH: no visible global function definition for ‘combn’
    strata.LH: no visible global function definition for ‘quantile’
    Undefined global functions or variables:
     abline combn hist layout mtext par quantile rgb text var
    Consider adding
     importFrom("grDevices", "rgb")
     importFrom("graphics", "abline", "hist", "layout", "mtext", "par",
     "text")
     importFrom("stats", "quantile", "var")
     importFrom("utils", "combn")
    to your NAMESPACE file.
Flavors: r-devel-linux-x86_64-debian-gcc, r-devel-linux-x86_64-fedora-clang, r-devel-osx-x86_64-clang

Version: 2.2-5
Check: R code for possible problems
Result: NOTE
    add_b1_takenone: no visible global function definition for ‘quantile’
    plot.strata: no visible global function definition for ‘layout’
    plot.strata: no visible global function definition for ‘par’
    plot.strata: no visible global function definition for ‘hist’
    plot.strata: no visible global function definition for ‘rgb’
    plot.strata: no visible global function definition for ‘abline’
    plot.strata: no visible global function definition for ‘text’
    plot.strata: no visible global function definition for ‘mtext’
    robust_initpbh: no visible global function definition for ‘var’
    strata.LH: no visible global function definition for ‘combn’
    strata.LH: no visible global function definition for ‘quantile’
    Undefined global functions or variables:
     abline combn hist layout mtext par quantile rgb text var
    Consider adding
     importFrom("grDevices", "rgb")
     importFrom("graphics", "abline", "hist", "layout", "mtext", "par",
     "text")
     importFrom("stats", "quantile", "var")
     importFrom("utils", "combn")
    to your NAMESPACE.
Flavors: r-devel-linux-x86_64-fedora-gcc, r-devel-windows-ix86+x86_64