CRAN Package Check Results for Package stratification

Last updated on 2015-08-30 17:48:32.

Flavor Version Tinstall Tcheck Ttotal Status Flags
r-devel-linux-x86_64-debian-clang 2.2-5 1.36 26.68 28.05 NOTE
r-devel-linux-x86_64-debian-gcc 2.2-5 1.48 27.08 28.57 NOTE
r-devel-linux-x86_64-fedora-clang 2.2-5 52.10 NOTE
r-devel-linux-x86_64-fedora-gcc 2.2-5 49.80 NOTE
r-devel-osx-x86_64-clang 2.2-5 38.69 OK
r-devel-windows-ix86+x86_64 2.2-5 11.00 74.00 85.00 NOTE
r-patched-linux-x86_64 2.2-5 1.48 28.78 30.25 OK
r-patched-solaris-sparc 2.2-5 405.50 OK
r-patched-solaris-x86 2.2-5 76.80 OK
r-release-linux-x86_64 2.2-5 1.48 29.13 30.61 OK
r-release-osx-x86_64-mavericks 2.2-5 OK
r-release-windows-ix86+x86_64 2.2-5 11.00 68.00 79.00 OK
r-oldrel-windows-ix86+x86_64 2.2-5 10.00 68.00 78.00 OK

Check Details

Version: 2.2-5
Check: R code for possible problems
Result: NOTE
    add_b1_takenone: no visible global function definition for ‘quantile’
    plot.strata: no visible global function definition for ‘layout’
    plot.strata: no visible global function definition for ‘par’
    plot.strata: no visible global function definition for ‘hist’
    plot.strata: no visible global function definition for ‘rgb’
    plot.strata: no visible global function definition for ‘abline’
    plot.strata: no visible global function definition for ‘text’
    plot.strata: no visible global function definition for ‘mtext’
    robust_initpbh: no visible global function definition for ‘var’
    strata.LH: no visible global function definition for ‘combn’
    strata.LH: no visible global function definition for ‘quantile’
    Undefined global functions or variables:
     abline combn hist layout mtext par quantile rgb text var
    Consider adding
     importFrom("grDevices", "rgb")
     importFrom("graphics", "abline", "hist", "layout", "mtext", "par",
     "text")
     importFrom("stats", "quantile", "var")
     importFrom("utils", "combn")
    to your NAMESPACE.
Flavors: r-devel-linux-x86_64-debian-clang, r-devel-linux-x86_64-debian-gcc, r-devel-linux-x86_64-fedora-clang, r-devel-linux-x86_64-fedora-gcc, r-devel-windows-ix86+x86_64