Last updated on 2021-03-05 02:49:23 CET.
Flavor | Version | Tinstall | Tcheck | Ttotal | Status | Flags |
---|---|---|---|---|---|---|
r-devel-linux-x86_64-debian-clang | 0.1.1 | 4.31 | 45.79 | 50.10 | OK | |
r-devel-linux-x86_64-debian-gcc | 0.1.1 | 3.35 | 34.21 | 37.56 | OK | |
r-devel-linux-x86_64-fedora-clang | 0.1.1 | 67.44 | NOTE | |||
r-devel-linux-x86_64-fedora-gcc | 0.1.1 | 59.26 | NOTE | |||
r-devel-windows-ix86+x86_64 | 0.1.1 | 13.00 | 56.00 | 69.00 | OK | |
r-patched-linux-x86_64 | 0.1.1 | OK | ||||
r-patched-solaris-x86 | 0.1.1 | 85.60 | NOTE | |||
r-release-linux-x86_64 | 0.1.1 | 3.69 | 42.09 | 45.78 | OK | |
r-release-macos-x86_64 | 0.1.1 | NOTE | ||||
r-release-windows-ix86+x86_64 | 0.1.1 | 9.00 | 57.00 | 66.00 | OK | |
r-oldrel-macos-x86_64 | 0.1.1 | NOTE | ||||
r-oldrel-windows-ix86+x86_64 | 0.1.1 | 10.00 | 61.00 | 71.00 | OK |
Version: 0.1.1
Check: dependencies in R code
Result: NOTE
Namespace in Imports field not imported from: ‘ks’
All declared Imports should be used.
Flavors: r-devel-linux-x86_64-fedora-clang, r-devel-linux-x86_64-fedora-gcc, r-patched-solaris-x86, r-release-macos-x86_64, r-oldrel-macos-x86_64
Version: 0.1.1
Check: Rd cross-references
Result: NOTE
Undeclared package ‘HDoutliers’ in Rd xrefs
Flavor: r-devel-linux-x86_64-fedora-clang