CRAN Package Check Results for Package stream

Last updated on 2016-06-29 10:50:36.

Flavor Version Tinstall Tcheck Ttotal Status Flags
r-devel-linux-x86_64-debian-gcc 1.2-2 27.38 78.59 105.97 NOTE
r-devel-linux-x86_64-fedora-clang 1.2-2 198.65 NOTE
r-devel-linux-x86_64-fedora-gcc 1.2-2 190.62 NOTE
r-devel-osx-x86_64-clang 1.2-2 146.77 OK
r-devel-windows-ix86+x86_64 1.2-2 58.00 176.00 234.00 OK
r-patched-linux-x86_64 1.2-2 20.92 77.54 98.46 NOTE
r-patched-solaris-sparc 1.2-2 1051.70 NOTE
r-patched-solaris-x86 1.2-2 219.10 NOTE
r-release-linux-x86_64 1.2-2 20.66 73.72 94.38 NOTE
r-release-osx-x86_64-mavericks 1.2-2 NOTE
r-release-windows-ix86+x86_64 1.2-2 85.00 156.00 241.00 OK
r-oldrel-windows-ix86+x86_64 1.2-2 76.00 216.00 292.00 OK

Check Details

Version: 1.2-2
Check: installed package size
Result: NOTE
     installed size is 5.9Mb
     sub-directories of 1Mb or more:
     doc 1.6Mb
     libs 3.8Mb
Flavors: r-devel-linux-x86_64-debian-gcc, r-devel-linux-x86_64-fedora-clang, r-devel-linux-x86_64-fedora-gcc, r-patched-linux-x86_64, r-patched-solaris-sparc, r-patched-solaris-x86, r-release-linux-x86_64, r-release-osx-x86_64-mavericks