CRAN Package Check Results for Package stream

Last updated on 2017-02-26 10:48:28.

Flavor Version Tinstall Tcheck Ttotal Status Flags
r-devel-linux-x86_64-debian-clang 1.2-3 21.88 88.33 110.22 NOTE
r-devel-linux-x86_64-debian-gcc 1.2-3 23.32 87.80 111.12 NOTE
r-devel-linux-x86_64-fedora-clang 1.2-3 217.38 NOTE --no-stop-on-test-error
r-devel-linux-x86_64-fedora-gcc 1.2-3 210.62 NOTE --no-stop-on-test-error
r-devel-macos-x86_64-clang 1.2-3 159.12 NOTE --no-stop-on-test-error
r-devel-windows-ix86+x86_64 1.2-3 86.00 275.00 361.00 OK
r-patched-linux-x86_64 1.2-3 20.48 76.74 97.22 OK
r-patched-solaris-sparc 1.2-3 1049.20 OK
r-patched-solaris-x86 1.2-3 224.80 OK
r-release-linux-x86_64 1.2-3 20.71 76.65 97.36 OK
r-release-osx-x86_64-mavericks 1.2-3 NOTE
r-release-windows-ix86+x86_64 1.2-3 96.00 252.00 348.00 OK
r-oldrel-windows-ix86+x86_64 1.2-3 82.00 216.00 298.00 OK

Check Details

Version: 1.2-3
Check: compiled code
Result: NOTE
    File ‘stream/libs/stream.so’:
     Found no calls to: ‘R_registerRoutines’, ‘R_useDynamicSymbols’
    
    It is good practice to register native routines and to disable symbol
    search.
    
    See ‘Writing portable packages’ in the ‘Writing R Extensions’ manual.
Flavors: r-devel-linux-x86_64-debian-clang, r-devel-linux-x86_64-debian-gcc

Version: 1.2-3
Flags: --no-stop-on-test-error
Check: installed package size
Result: NOTE
     installed size is 5.8Mb
     sub-directories of 1Mb or more:
     doc 1.6Mb
     libs 3.7Mb
Flavors: r-devel-linux-x86_64-fedora-clang, r-devel-linux-x86_64-fedora-gcc

Version: 1.2-3
Flags: --no-stop-on-test-error
Check: compiled code
Result: NOTE
    File ‘stream/libs/stream.so’:
     Found no calls to: ‘R_registerRoutines’, ‘R_useDynamicSymbols’
    
    It is good practice to register native routines and to disable symbol
    search.
    
    See ‘Writing portable packages’ in the ‘Writing R Extensions’ manual.
Flavors: r-devel-linux-x86_64-fedora-clang, r-devel-linux-x86_64-fedora-gcc, r-devel-macos-x86_64-clang

Version: 1.2-3
Check: installed package size
Result: NOTE
     installed size is 5.8Mb
     sub-directories of 1Mb or more:
     doc 1.6Mb
     libs 3.7Mb
Flavor: r-release-osx-x86_64-mavericks