CRAN Package Check Results for Package stream

Last updated on 2015-09-02 05:47:27.

Flavor Version Tinstall Tcheck Ttotal Status Flags
r-devel-linux-x86_64-debian-clang 1.1-5 16.84 80.91 97.76 OK
r-devel-linux-x86_64-debian-gcc 1.1-5 19.19 81.18 100.37 OK
r-devel-linux-x86_64-fedora-clang 1.1-5 201.64 NOTE
r-devel-linux-x86_64-fedora-gcc 1.1-5 188.33 OK
r-devel-osx-x86_64-clang 1.1-5 127.51 OK
r-devel-windows-ix86+x86_64 1.1-5 76.00 250.00 326.00 WARN
r-patched-linux-x86_64 1.1-5 19.44 82.77 102.22 OK
r-patched-solaris-sparc 1.1-5 1344.00 OK
r-patched-solaris-x86 1.1-5 241.70 OK
r-release-linux-x86_64 1.1-5 19.19 80.72 99.92 OK
r-release-osx-x86_64-mavericks 1.1-5 NOTE
r-release-windows-ix86+x86_64 1.1-5 74.00 265.00 339.00 OK
r-oldrel-windows-ix86+x86_64 1.1-5 81.00 340.00 421.00 OK

Check Details

Version: 1.1-5
Check: installed package size
Result: NOTE
     installed size is 5.6Mb
     sub-directories of 1Mb or more:
     doc 1.3Mb
     libs 3.8Mb
Flavors: r-devel-linux-x86_64-fedora-clang, r-release-osx-x86_64-mavericks

Version: 1.1-5
Check: whether the namespace can be loaded with stated dependencies
Result: WARN
    
    This application has requested the Runtime to terminate it in an unusual way.
    Please contact the application's support team for more information.
    terminate called after throwing an instance of 'Rcpp::eval_error'
     what(): could not find function "new"
    
    A namespace must be able to be loaded with just the base namespace
    loaded: otherwise if the namespace gets loaded by a saved object, the
    session will be unable to start.
    
    Probably some imports need to be declared in the NAMESPACE file.
Flavors: r-devel-windows-ix86+x86_64, r-devel-windows-ix86+x86_64

Version: 1.1-5
Check: R code for possible problems
Result: NOTE
    
    This application has requested the Runtime to terminate it in an unusual way.
    Please contact the application's support team for more information.
    terminate called after throwing an instance of 'Rcpp::eval_error'
     what(): could not find function "new"
Flavor: r-devel-windows-ix86+x86_64