CRAN Package Check Results for Package stream

Last updated on 2017-11-25 09:50:12 CET.

Flavor Version Tinstall Tcheck Ttotal Status Flags
r-devel-linux-x86_64-debian-clang 1.2-4 42.94 209.31 252.26 OK
r-devel-linux-x86_64-debian-gcc 1.2-4 36.74 190.43 227.17 OK
r-devel-linux-x86_64-fedora-clang 1.2-4 229.16 NOTE
r-devel-linux-x86_64-fedora-gcc 1.2-4 221.65 NOTE
r-devel-windows-ix86+x86_64 1.2-4 82.00 281.00 363.00 OK
r-patched-linux-x86_64 1.2-4 42.95 223.24 266.20 OK
r-patched-solaris-x86 1.2-4 265.10 OK
r-release-linux-x86_64 1.2-4 44.45 223.44 267.88 OK
r-release-windows-ix86+x86_64 1.2-4 96.00 316.00 412.00 OK
r-release-osx-x86_64 1.2-4 NOTE
r-oldrel-windows-ix86+x86_64 1.2-4 93.00 209.00 302.00 OK
r-oldrel-osx-x86_64 1.2-4 NOTE

Check Details

Version: 1.2-4
Check: installed package size
Result: NOTE
     installed size is 6.7Mb
     sub-directories of 1Mb or more:
     doc 1.6Mb
     libs 4.6Mb
Flavors: r-devel-linux-x86_64-fedora-clang, r-devel-linux-x86_64-fedora-gcc, r-release-osx-x86_64, r-oldrel-osx-x86_64