CRAN Package Check Results for Package stream

Last updated on 2016-09-28 03:47:23.

Flavor Version Tinstall Tcheck Ttotal Status Flags
r-devel-linux-x86_64-debian-clang 1.2-3 20.82 76.52 97.34 NOTE
r-devel-linux-x86_64-debian-gcc 1.2-3 23.21 75.88 99.09 NOTE
r-devel-linux-x86_64-fedora-clang 1.2-3 193.85 NOTE
r-devel-linux-x86_64-fedora-gcc 1.2-3 187.34 NOTE
r-devel-macos-x86_64-clang 1.2-3 139.58 OK
r-devel-windows-ix86+x86_64 1.2-3 87.00 234.00 321.00 OK
r-patched-linux-x86_64 1.2-3 20.69 74.95 95.64 NOTE
r-patched-solaris-sparc 1.2-3 967.30 OK
r-patched-solaris-x86 1.2-3 215.90 OK
r-release-linux-x86_64 1.2-3 21.03 77.09 98.13 NOTE
r-release-osx-x86_64-mavericks 1.2-3 NOTE
r-release-windows-ix86+x86_64 1.2-3 84.00 172.00 256.00 OK
r-oldrel-windows-ix86+x86_64 1.2-3 83.00 264.00 347.00 OK

Check Details

Version: 1.2-3
Check: installed package size
Result: NOTE
     installed size is 5.5Mb
     sub-directories of 1Mb or more:
     doc 1.6Mb
     libs 3.4Mb
Flavors: r-devel-linux-x86_64-debian-clang, r-devel-linux-x86_64-debian-gcc, r-devel-linux-x86_64-fedora-clang, r-devel-linux-x86_64-fedora-gcc, r-patched-linux-x86_64, r-release-linux-x86_64, r-release-osx-x86_64-mavericks