CRAN Package Check Results for Package stream

Last updated on 2017-07-23 04:48:57.

Flavor Version Tinstall Tcheck Ttotal Status Flags
r-devel-linux-x86_64-debian-clang 1.2-4 31.92 97.92 129.85 OK
r-devel-linux-x86_64-debian-gcc 1.2-4 32.22 97.95 130.16 OK
r-devel-linux-x86_64-fedora-clang 1.2-4 237.18 NOTE
r-devel-linux-x86_64-fedora-gcc 1.2-4 227.99 NOTE
r-devel-windows-ix86+x86_64 1.2-4 129.00 297.00 426.00 OK
r-patched-linux-x86_64 1.2-4 32.57 100.97 133.54 OK
r-patched-solaris-x86 1.2-4 268.30 OK
r-release-linux-x86_64 1.2-4 32.14 96.34 128.48 OK
r-release-windows-ix86+x86_64 1.2-4 93.00 298.00 391.00 OK
r-release-osx-x86_64 1.2-4 NOTE
r-oldrel-windows-ix86+x86_64 1.2-4 121.00 257.00 378.00 OK
r-oldrel-osx-x86_64 1.2-4 NOTE

Check Details

Version: 1.2-4
Check: installed package size
Result: NOTE
     installed size is 6.7Mb
     sub-directories of 1Mb or more:
     doc 1.6Mb
     libs 4.5Mb
Flavors: r-devel-linux-x86_64-fedora-clang, r-devel-linux-x86_64-fedora-gcc, r-release-osx-x86_64, r-oldrel-osx-x86_64