CRAN Package Check Results for Package stream

Last updated on 2017-09-19 21:48:29.

Flavor Version Tinstall Tcheck Ttotal Status Flags
r-devel-linux-x86_64-debian-clang 1.2-4 31.95 88.83 120.78 OK
r-devel-linux-x86_64-debian-gcc 1.2-4 31.96 89.80 121.75 OK
r-devel-linux-x86_64-fedora-clang 1.2-4 256.76 NOTE
r-devel-linux-x86_64-fedora-gcc 1.2-4 235.98 NOTE
r-devel-windows-ix86+x86_64 1.2-4 91.00 302.00 393.00 OK
r-patched-linux-x86_64 1.2-4 31.63 90.45 122.09 OK
r-patched-solaris-x86 1.2-4 266.50 OK
r-release-linux-x86_64 1.2-4 31.97 88.15 120.11 OK
r-release-windows-ix86+x86_64 1.2-4 94.00 227.00 321.00 OK
r-release-osx-x86_64 1.2-4 NOTE
r-oldrel-windows-ix86+x86_64 1.2-4 80.00 194.00 274.00 OK
r-oldrel-osx-x86_64 1.2-4 NOTE

Check Details

Version: 1.2-4
Check: installed package size
Result: NOTE
     installed size is 6.7Mb
     sub-directories of 1Mb or more:
     doc 1.6Mb
     libs 4.6Mb
Flavors: r-devel-linux-x86_64-fedora-clang, r-devel-linux-x86_64-fedora-gcc, r-release-osx-x86_64, r-oldrel-osx-x86_64