CRAN Package Check Results for Package stream

Last updated on 2014-11-27 23:48:51.

Flavor Version Tinstall Tcheck Ttotal Status Flags
r-devel-linux-x86_64-debian-clang 1.0-3 5.84 92.59 98.43 OK
r-devel-linux-x86_64-debian-gcc 1.0-3 5.71 87.91 93.62 OK
r-devel-linux-x86_64-fedora-clang 1.0-3 209.97 OK
r-devel-linux-x86_64-fedora-gcc 1.0-3 199.03 OK
r-devel-osx-x86_64-clang 1.0-3 160.20 OK
r-devel-windows-ix86+x86_64 1.0-3 18.00 188.00 206.00 OK
r-patched-linux-x86_64 1.0-3 6.22 99.02 105.24 OK
r-patched-solaris-sparc 1.0-3 970.40 OK
r-patched-solaris-x86 1.0-3 253.00 OK
r-release-linux-ix86 1.0-3 7.19 112.60 119.78 OK
r-release-linux-x86_64 1.0-3 6.30 97.14 103.44 OK
r-release-osx-x86_64-mavericks 1.0-3 NOTE
r-release-osx-x86_64-snowleopard 1.0-3 OK
r-release-windows-ix86+x86_64 1.0-3 21.00 195.00 216.00 OK
r-oldrel-windows-ix86+x86_64 1.0-3 22.00 189.00 211.00 OK

Check Details

Version: 1.0-3
Check: re-building of vignette outputs
Result: NOTE
    Error in re-building vignettes:
     ...
    
    Attaching package: ‘proxy’
    
    The following objects are masked from ‘package:stats’:
    
     as.dist, dist
    
    Error in get_points.DSD_Wrapper(replayer, n = 2000) :
     Not enought data points left in stream!
    Warning in ssq(points, actual, predict, centers) :
     SSQ: 10 non-noise points were predicted noise incorrectly and form their own cluster.
    Warning in silhouette(points, actual, predict) :
     silhouette: 10 non-noise points were predicted noise incorrectly and form their own cluster.
    Error in texi2dvi(file = file, pdf = TRUE, clean = clean, quiet = quiet, :
     Running 'texi2dvi' on 'stream.tex' failed.
    LaTeX errors:
    ! LaTeX Error: File `hanging.sty' not found.
    
    Type X to quit or <RETURN> to proceed,
    or enter new name. (Default extension: sty)
    
    test/stream/vignettes/stream.tex:20: ==> Fatal error occurred, no output PDF f
    ile produced!
    Calls: buildVignettes -> texi2pdf -> texi2dvi
    Execution halted
Flavor: r-release-osx-x86_64-mavericks