CRAN Package Check Results for Package stream

Last updated on 2017-03-23 03:48:20.

Flavor Version Tinstall Tcheck Ttotal Status Flags
r-devel-linux-x86_64-debian-clang 1.2-4 30.17 89.14 119.31 OK
r-devel-linux-x86_64-debian-gcc 1.2-4 29.88 86.78 116.66 OK
r-devel-linux-x86_64-fedora-clang 1.2-4 233.96 NOTE --no-stop-on-test-error
r-devel-linux-x86_64-fedora-gcc 1.2-4 221.69 NOTE --no-stop-on-test-error
r-devel-macos-x86_64-clang 1.2-4 167.25 OK --no-stop-on-test-error
r-devel-windows-ix86+x86_64 1.2-4 87.00 202.00 289.00 OK
r-patched-linux-x86_64 1.2-4 26.08 77.55 103.63 OK
r-patched-solaris-sparc 1.2-4 1272.60 OK
r-patched-solaris-x86 1.2-4 266.60 OK
r-release-linux-x86_64 1.2-4 25.74 79.31 105.06 OK
r-release-osx-x86_64-mavericks 1.2-4 NOTE
r-release-windows-ix86+x86_64 1.2-4 112.00 195.00 307.00 OK
r-oldrel-windows-ix86+x86_64 1.2-4 103.00 314.00 417.00 OK

Check Details

Version: 1.2-4
Flags: --no-stop-on-test-error
Check: installed package size
Result: NOTE
     installed size is 6.3Mb
     sub-directories of 1Mb or more:
     doc 1.6Mb
     libs 4.2Mb
Flavors: r-devel-linux-x86_64-fedora-clang, r-devel-linux-x86_64-fedora-gcc

Version: 1.2-4
Check: installed package size
Result: NOTE
     installed size is 6.0Mb
     sub-directories of 1Mb or more:
     doc 1.6Mb
     libs 3.9Mb
Flavor: r-release-osx-x86_64-mavericks