CRAN Package Check Results for Package stream

Last updated on 2014-04-24 23:48:14.

Flavor Version Tinstall Tcheck Ttotal Status Flags
r-devel-linux-x86_64-debian-clang 0.2-0 3.35 82.50 85.86 OK
r-devel-linux-x86_64-debian-gcc 0.2-0 3.67 81.21 84.88 OK
r-devel-linux-x86_64-fedora-clang 0.2-0 177.81 OK
r-devel-linux-x86_64-fedora-gcc 0.2-0 163.73 OK
r-devel-osx-x86_64-clang 0.2-0 143.02 OK
r-devel-osx-x86_64-gcc 0.2-0 ERROR
r-devel-windows-ix86+x86_64 0.2-0 11.00 160.00 171.00 OK
r-patched-linux-x86_64 0.2-0 3.48 80.57 84.05 OK
r-patched-solaris-sparc 0.2-0 986.10 OK
r-patched-solaris-x86 0.2-0 212.50 OK
r-release-linux-ix86 0.2-0 6.00 124.00 130.00 OK
r-release-linux-x86_64 0.2-0 3.71 82.62 86.34 OK
r-release-osx-x86_64-mavericks 0.2-0 WARN
r-release-osx-x86_64-snowleopard 0.2-0 OK
r-release-windows-ix86+x86_64 0.2-0 12.00 155.00 167.00 OK
r-oldrel-windows-ix86+x86_64 0.2-0 13.00 160.00 173.00 OK

Check Details

Version: 0.2-0
Check: package dependencies
Result: ERROR
    Package required but not available: ‘proxy’
    
    See the information on DESCRIPTION files in the chapter ‘Creating R
    packages’ of the ‘Writing R Extensions’ manual.
Flavor: r-devel-osx-x86_64-gcc

Version: 0.2-0
Check: re-building of vignette outputs
Result: NOTE
    Error in re-building vignettes:
     ...
    Loading required package: proxy
    
    Attaching package: ‘proxy’
    
    The following objects are masked from ‘package:stats’:
    
     as.dist, dist
    
    Loading required package: birch
    Loading required package: ellipse
    Loading required package: hash
    hash-2.2.6 provided by Decision Patterns
    
    Error in texi2dvi(file = file, pdf = TRUE, clean = clean, quiet = quiet, :
     Running 'texi2dvi' on 'stream.tex' failed.
    LaTeX errors:
    ! LaTeX Error: File `multirow.sty' not found.
    
    Type X to quit or <RETURN> to proceed,
    or enter new name. (Default extension: sty)
    
    test/stream/vignettes/stream.tex:17: ==> Fatal error occurred, no output PDF f
    ile produced!
    Calls: buildVignettes -> texi2pdf -> texi2dvi
    Execution halted
Flavor: r-release-osx-x86_64-mavericks

Version: 0.2-0
Check: PDF version of manual
Result: WARNING
    LaTeX errors when creating PDF version.
    This typically indicates Rd problems.
    LaTeX errors found:
    ! LaTeX Error: File `upquote.sty' not found.
    
    Type X to quit or <RETURN> to proceed,
    or enter new name. (Default extension: sty)
    
    a38b85e/Rd2.tex:8: ==> Fatal error occurred, no output PDF file produced!
Flavor: r-release-osx-x86_64-mavericks