CRAN Package Check Results for Package stream

Last updated on 2017-05-29 14:50:32.

Flavor Version Tinstall Tcheck Ttotal Status Flags
r-devel-linux-x86_64-debian-clang 1.2-4 31.48 92.50 123.98 OK
r-devel-linux-x86_64-debian-gcc 1.2-4 31.82 89.72 121.53 OK
r-devel-linux-x86_64-fedora-clang 1.2-4 248.31 NOTE
r-devel-linux-x86_64-fedora-gcc 1.2-4 232.26 NOTE
r-devel-windows-ix86+x86_64 1.2-4 93.00 275.00 368.00 OK
r-patched-linux-x86_64 1.2-4 28.25 86.86 115.12 OK
r-patched-solaris-sparc 1.2-4 1272.60 OK
r-patched-solaris-x86 1.2-4 249.50 OK
r-release-linux-x86_64 1.2-4 29.67 89.20 118.88 OK
r-release-windows-ix86+x86_64 1.2-4 114.00 285.00 399.00 OK
r-release-osx-x86_64 1.2-4 NOTE
r-oldrel-windows-ix86+x86_64 1.2-4 86.00 191.00 277.00 OK
r-oldrel-osx-x86_64 1.2-4 NOTE

Check Details

Version: 1.2-4
Check: installed package size
Result: NOTE
     installed size is 6.7Mb
     sub-directories of 1Mb or more:
     doc 1.6Mb
     libs 4.5Mb
Flavors: r-devel-linux-x86_64-fedora-clang, r-devel-linux-x86_64-fedora-gcc, r-release-osx-x86_64, r-oldrel-osx-x86_64