CRAN Package Check Results for Package stream

Last updated on 2018-04-27 04:51:08 CEST.

Flavor Version Tinstall Tcheck Ttotal Status Flags
r-devel-linux-x86_64-debian-clang 1.2-4 51.89 125.11 177.00 OK
r-devel-linux-x86_64-debian-gcc 1.2-4 44.70 104.98 149.68 OK
r-devel-linux-x86_64-fedora-clang 1.2-4 247.46 NOTE
r-devel-linux-x86_64-fedora-gcc 1.2-4 229.87 NOTE
r-devel-windows-ix86+x86_64 1.2-4 128.00 285.00 413.00 OK
r-patched-linux-x86_64 1.2-4 53.54 132.41 185.95 OK
r-patched-solaris-x86 1.2-4 291.10 OK
r-release-linux-x86_64 1.2-4 53.65 132.15 185.80 OK
r-release-windows-ix86+x86_64 1.2-4 128.00 285.00 413.00 OK
r-release-osx-x86_64 1.2-4 NOTE
r-oldrel-windows-ix86+x86_64 1.2-4 95.00 274.00 369.00 OK
r-oldrel-osx-x86_64 1.2-4 NOTE

Check Details

Version: 1.2-4
Check: installed package size
Result: NOTE
     installed size is 7.0Mb
     sub-directories of 1Mb or more:
     doc 1.6Mb
     libs 4.7Mb
Flavors: r-devel-linux-x86_64-fedora-clang, r-devel-linux-x86_64-fedora-gcc, r-release-osx-x86_64, r-oldrel-osx-x86_64