CRAN Package Check Results for Package stream

Last updated on 2016-02-09 03:47:22.

Flavor Version Tinstall Tcheck Ttotal Status Flags
r-devel-linux-x86_64-debian-gcc 1.2-2 19.51 74.19 93.70 NOTE
r-devel-linux-x86_64-fedora-clang 1.2-2 198.51 NOTE
r-devel-linux-x86_64-fedora-gcc 1.2-2 184.28 NOTE
r-devel-osx-x86_64-clang 1.2-2 170.13 OK
r-devel-windows-ix86+x86_64 1.2-2 77.00 162.00 239.00 OK
r-patched-linux-x86_64 1.2-2 19.84 87.87 107.71 NOTE
r-patched-solaris-sparc 1.2-2 1236.60 OK
r-patched-solaris-x86 1.2-2 243.90 OK
r-release-linux-x86_64 1.2-2 20.23 86.95 107.18 NOTE
r-release-osx-x86_64-mavericks 1.2-2 NOTE
r-release-windows-ix86+x86_64 1.2-2 78.00 194.00 272.00 OK
r-oldrel-windows-ix86+x86_64 1.2-2 88.00 251.00 339.00 OK

Check Details

Version: 1.2-2
Check: installed package size
Result: NOTE
     installed size is 5.7Mb
     sub-directories of 1Mb or more:
     doc 1.6Mb
     libs 3.6Mb
Flavors: r-devel-linux-x86_64-debian-gcc, r-devel-linux-x86_64-fedora-clang, r-devel-linux-x86_64-fedora-gcc, r-patched-linux-x86_64, r-release-linux-x86_64, r-release-osx-x86_64-mavericks