CRAN Package Check Results for Package stream

Last updated on 2017-01-20 12:51:21.

Flavor Version Tinstall Tcheck Ttotal Status Flags
r-devel-linux-x86_64-debian-clang 1.2-3 22.64 90.96 113.60 OK
r-devel-linux-x86_64-debian-gcc 1.2-3 22.89 85.61 108.50 OK
r-devel-linux-x86_64-fedora-clang 1.2-3 216.10 NOTE --no-stop-on-test-error
r-devel-linux-x86_64-fedora-gcc 1.2-3 210.46 NOTE --no-stop-on-test-error
r-devel-macos-x86_64-clang 1.2-3 156.80 OK --no-stop-on-test-error
r-devel-windows-ix86+x86_64 1.2-3 85.00 253.00 338.00 OK
r-patched-linux-x86_64 1.2-3 20.90 76.88 97.78 OK
r-patched-solaris-sparc 1.2-3 1049.20 OK
r-patched-solaris-x86 1.2-3 228.30 OK
r-release-linux-x86_64 1.2-3 21.22 78.54 99.76 OK
r-release-osx-x86_64-mavericks 1.2-3 NOTE
r-release-windows-ix86+x86_64 1.2-3 62.00 176.00 238.00 OK
r-oldrel-windows-ix86+x86_64 1.2-3 60.00 193.00 253.00 OK

Check Details

Version: 1.2-3
Flags: --no-stop-on-test-error
Check: installed package size
Result: NOTE
     installed size is 5.8Mb
     sub-directories of 1Mb or more:
     doc 1.6Mb
     libs 3.7Mb
Flavors: r-devel-linux-x86_64-fedora-clang, r-devel-linux-x86_64-fedora-gcc

Version: 1.2-3
Check: installed package size
Result: NOTE
     installed size is 5.8Mb
     sub-directories of 1Mb or more:
     doc 1.6Mb
     libs 3.7Mb
Flavor: r-release-osx-x86_64-mavericks