CRAN Package Check Results for Package stream

Last updated on 2016-04-30 19:52:27.

Flavor Version Tinstall Tcheck Ttotal Status Flags
r-devel-linux-x86_64-debian-gcc 1.2-2 19.90 76.75 96.65 NOTE
r-devel-linux-x86_64-fedora-clang 1.2-2 197.48 NOTE
r-devel-linux-x86_64-fedora-gcc 1.2-2 187.66 NOTE
r-devel-osx-x86_64-clang 1.2-2 177.96 OK
r-devel-windows-ix86+x86_64 1.2-2 63.00 192.00 255.00 OK
r-patched-linux-x86_64 1.2-2 20.17 74.46 94.62 NOTE
r-patched-solaris-sparc 1.2-2 1045.70 OK
r-patched-solaris-x86 1.2-2 215.10 OK
r-release-linux-x86_64 1.2-2 20.38 91.18 111.55 NOTE
r-release-osx-x86_64-mavericks 1.2-2 NOTE
r-release-windows-ix86+x86_64 1.2-2 90.00 269.00 359.00 OK
r-oldrel-windows-ix86+x86_64 1.2-2 97.00 357.00 454.00 OK

Check Details

Version: 1.2-2
Check: installed package size
Result: NOTE
     installed size is 5.7Mb
     sub-directories of 1Mb or more:
     doc 1.6Mb
     libs 3.6Mb
Flavors: r-devel-linux-x86_64-debian-gcc, r-devel-linux-x86_64-fedora-clang, r-devel-linux-x86_64-fedora-gcc, r-patched-linux-x86_64, r-release-linux-x86_64, r-release-osx-x86_64-mavericks