CRAN Package Check Results for Package stream

Last updated on 2016-08-31 15:48:16.

Flavor Version Tinstall Tcheck Ttotal Status Flags
r-devel-linux-x86_64-debian-clang 1.2-3 21.56 79.86 101.42 NOTE
r-devel-linux-x86_64-debian-gcc 1.2-3 22.03 77.66 99.69 NOTE
r-devel-linux-x86_64-fedora-clang 1.2-3 197.34 NOTE
r-devel-linux-x86_64-fedora-gcc 1.2-3 187.85 NOTE
r-devel-osx-x86_64-clang 1.2-3 149.23 OK
r-devel-windows-ix86+x86_64 1.2-3 81.00 249.00 330.00 OK
r-patched-linux-x86_64 1.2-3 20.09 73.97 94.06 NOTE
r-patched-solaris-sparc 1.2-3 967.30 OK
r-patched-solaris-x86 1.2-3 211.00 OK
r-release-linux-x86_64 1.2-3 20.23 75.47 95.70 NOTE
r-release-osx-x86_64-mavericks 1.2-3 NOTE
r-release-windows-ix86+x86_64 1.2-3 83.00 263.00 346.00 OK
r-oldrel-windows-ix86+x86_64 1.2-3 75.00 287.00 362.00 OK

Check Details

Version: 1.2-3
Check: installed package size
Result: NOTE
     installed size is 5.5Mb
     sub-directories of 1Mb or more:
     doc 1.6Mb
     libs 3.4Mb
Flavors: r-devel-linux-x86_64-debian-clang, r-devel-linux-x86_64-debian-gcc, r-devel-linux-x86_64-fedora-clang, r-devel-linux-x86_64-fedora-gcc, r-patched-linux-x86_64, r-release-linux-x86_64, r-release-osx-x86_64-mavericks