CRAN Package Check Results for Package stream

Last updated on 2015-04-26 23:47:03.

Flavor Version Tinstall Tcheck Ttotal Status Flags
r-devel-linux-x86_64-debian-clang 1.1-1 4.74 96.85 101.60 OK
r-devel-linux-x86_64-debian-gcc 1.1-1 4.66 95.72 100.38 OK
r-devel-linux-x86_64-fedora-clang 1.1-1 214.63 OK
r-devel-linux-x86_64-fedora-gcc 1.1-1 196.31 OK
r-devel-osx-x86_64-clang 1.1-1 161.53 OK
r-devel-windows-ix86+x86_64 1.1-1 15.00 189.00 204.00 OK
r-patched-linux-x86_64 1.1-1 4.54 94.78 99.31 OK
r-patched-solaris-sparc 1.1-1 1200.70 OK
r-patched-solaris-x86 1.1-1 240.20 OK
r-release-linux-x86_64 1.1-1 5.16 95.59 100.75 OK
r-release-osx-x86_64-mavericks 1.1-1 OK
r-release-osx-x86_64-snowleopard 1.1-1 ERROR
r-release-windows-ix86+x86_64 1.1-1 15.00 188.00 203.00 OK
r-oldrel-windows-ix86+x86_64 1.1-1 21.00 228.00 249.00 OK

Check Details

Version: 1.1-1
Check: package dependencies
Result: ERROR
    Packages required but not available: ‘proxy’ ‘fpc’
    
    See section ‘The DESCRIPTION file’ in the ‘Writing R Extensions’
    manual.
Flavor: r-release-osx-x86_64-snowleopard