CRAN Package Check Results for Package stream

Last updated on 2016-12-06 10:51:21.

Flavor Version Tinstall Tcheck Ttotal Status Flags
r-devel-linux-x86_64-debian-clang 1.2-3 22.24 90.90 113.14 OK
r-devel-linux-x86_64-debian-gcc 1.2-3 23.00 88.28 111.28 OK
r-devel-linux-x86_64-fedora-clang 1.2-3 220.24 NOTE --no-stop-on-test-error
r-devel-linux-x86_64-fedora-gcc 1.2-3 218.04 NOTE --no-stop-on-test-error
r-devel-macos-x86_64-clang 1.2-3 160.49 OK
r-devel-windows-ix86+x86_64 1.2-3 64.00 197.00 261.00 OK
r-patched-linux-x86_64 1.2-3 20.49 76.91 97.39 OK
r-patched-solaris-sparc 1.2-3 967.30 OK
r-patched-solaris-x86 1.2-3 220.90 OK
r-release-linux-x86_64 1.2-3 20.51 78.01 98.52 OK
r-release-osx-x86_64-mavericks 1.2-3 NOTE
r-release-windows-ix86+x86_64 1.2-3 85.00 226.00 311.00 OK
r-oldrel-windows-ix86+x86_64 1.2-3 77.00 216.00 293.00 OK

Check Details

Version: 1.2-3
Flags: --no-stop-on-test-error
Check: installed package size
Result: NOTE
     installed size is 5.9Mb
     sub-directories of 1Mb or more:
     doc 1.6Mb
     libs 3.7Mb
Flavors: r-devel-linux-x86_64-fedora-clang, r-devel-linux-x86_64-fedora-gcc

Version: 1.2-3
Check: installed package size
Result: NOTE
     installed size is 5.8Mb
     sub-directories of 1Mb or more:
     doc 1.6Mb
     libs 3.7Mb
Flavor: r-release-osx-x86_64-mavericks