CRAN Package Check Results for Package stream

Last updated on 2017-04-23 23:51:30.

Flavor Version Tinstall Tcheck Ttotal Status Flags
r-devel-linux-x86_64-debian-clang 1.2-4 30.30 91.36 121.66 OK
r-devel-linux-x86_64-debian-gcc 1.2-4 29.68 87.40 117.08 OK
r-devel-linux-x86_64-fedora-clang 1.2-4 246.59 NOTE --no-stop-on-test-error
r-devel-linux-x86_64-fedora-gcc 1.2-4 222.35 NOTE --no-stop-on-test-error
r-devel-windows-ix86+x86_64 1.2-4 117.00 213.00 330.00 OK
r-patched-linux-x86_64 1.2-4 26.65 87.05 113.70 OK
r-patched-solaris-sparc 1.2-4 1272.60 OK
r-patched-solaris-x86 1.2-4 261.80 OK
r-release-linux-x86_64 1.2-4 26.49 88.06 114.55 OK
r-release-windows-ix86+x86_64 1.2-4 89.00 197.00 286.00 OK
r-release-osx-x86_64 1.2-4 NOTE
r-oldrel-windows-ix86+x86_64 1.2-4 89.00 180.00 269.00 OK
r-oldrel-osx-x86_64 1.2-4 NOTE

Check Details

Version: 1.2-4
Flags: --no-stop-on-test-error
Check: installed package size
Result: NOTE
     installed size is 6.3Mb
     sub-directories of 1Mb or more:
     doc 1.6Mb
     libs 4.2Mb
Flavors: r-devel-linux-x86_64-fedora-clang, r-devel-linux-x86_64-fedora-gcc

Version: 1.2-4
Check: installed package size
Result: NOTE
     installed size is 6.0Mb
     sub-directories of 1Mb or more:
     doc 1.6Mb
     libs 3.9Mb
Flavors: r-release-osx-x86_64, r-oldrel-osx-x86_64