CRAN Package Check Results for Package stream

Last updated on 2015-08-04 23:48:34.

Flavor Version Tinstall Tcheck Ttotal Status Flags
r-devel-linux-x86_64-debian-clang 1.1-5 17.56 82.74 100.30 OK
r-devel-linux-x86_64-debian-gcc 1.1-5 19.34 82.24 101.58 OK
r-devel-linux-x86_64-fedora-clang 1.1-5 209.06 NOTE
r-devel-linux-x86_64-fedora-gcc 1.1-5 196.10 OK
r-devel-osx-x86_64-clang 1.1-5 150.73 OK
r-devel-windows-ix86+x86_64 1.1-5 79.00 185.00 264.00 OK
r-patched-linux-x86_64 1.1-5 19.30 79.75 99.05 OK
r-patched-solaris-sparc 1.1-5 1344.00 OK
r-patched-solaris-x86 1.1-5 239.20 OK
r-release-linux-x86_64 1.1-5 19.50 84.00 103.50 OK
r-release-osx-x86_64-mavericks 1.1-5 NOTE
r-release-windows-ix86+x86_64 1.1-5 76.00 263.00 339.00 OK
r-oldrel-windows-ix86+x86_64 1.1-5 85.00 319.00 404.00 OK

Check Details

Version: 1.1-5
Check: installed package size
Result: NOTE
     installed size is 5.6Mb
     sub-directories of 1Mb or more:
     doc 1.3Mb
     libs 3.8Mb
Flavors: r-devel-linux-x86_64-fedora-clang, r-release-osx-x86_64-mavericks