CRAN Package Check Results for Package stream

Last updated on 2014-10-24 08:49:21.

Flavor Version Tinstall Tcheck Ttotal Status Flags
r-devel-linux-x86_64-debian-clang 1.0-3 5.70 90.94 96.64 OK
r-devel-linux-x86_64-debian-gcc 1.0-3 5.59 90.45 96.04 OK
r-devel-linux-x86_64-fedora-clang 1.0-3 210.20 OK
r-devel-linux-x86_64-fedora-gcc 1.0-3 199.99 OK
r-devel-osx-x86_64-clang 1.0-3 161.53 OK
r-devel-windows-ix86+x86_64 1.0-3 16.00 174.00 190.00 OK
r-patched-linux-x86_64 1.0-3 6.82 98.12 104.94 OK
r-patched-solaris-sparc 1.0-3 970.40 OK
r-patched-solaris-x86 1.0-3 251.60 OK
r-release-linux-ix86 1.0-3 7.58 120.43 128.02 OK
r-release-linux-x86_64 1.0-3 6.09 98.52 104.61 OK
r-release-osx-x86_64-mavericks 1.0-3 NOTE
r-release-osx-x86_64-snowleopard 1.0-3 OK
r-release-windows-ix86+x86_64 1.0-3 20.00 198.00 218.00 OK
r-oldrel-windows-ix86+x86_64 1.0-3 20.00 193.00 213.00 OK

Check Details

Version: 1.0-3
Check: re-building of vignette outputs
Result: NOTE
    Error in re-building vignettes:
     ...
    
    Attaching package: ‘proxy’
    
    The following objects are masked from ‘package:stats’:
    
     as.dist, dist
    
    Error in get_points.DSD_Wrapper(replayer, n = 2000) :
     Not enought data points left in stream!
    Warning in ssq(points, actual, predict, centers) :
     SSQ: 10 non-noise points were predicted noise incorrectly and form their own cluster.
    Warning in silhouette(points, actual, predict) :
     silhouette: 10 non-noise points were predicted noise incorrectly and form their own cluster.
    Error in texi2dvi(file = file, pdf = TRUE, clean = clean, quiet = quiet, :
     Running 'texi2dvi' on 'stream.tex' failed.
    LaTeX errors:
    ! LaTeX Error: File `hanging.sty' not found.
    
    Type X to quit or <RETURN> to proceed,
    or enter new name. (Default extension: sty)
    
    test/stream/vignettes/stream.tex:20: ==> Fatal error occurred, no output PDF f
    ile produced!
    Calls: buildVignettes -> texi2pdf -> texi2dvi
    Execution halted
Flavor: r-release-osx-x86_64-mavericks