CRAN Package Check Results for Package stream

Last updated on 2016-07-28 00:48:14.

Flavor Version Tinstall Tcheck Ttotal Status Flags
r-devel-linux-x86_64-debian-clang 1.2-2 26.21 88.00 114.21 NOTE
r-devel-linux-x86_64-debian-gcc 1.2-2 27.76 85.13 112.89 NOTE
r-devel-linux-x86_64-fedora-clang 1.2-2 197.70 NOTE
r-devel-linux-x86_64-fedora-gcc 1.2-2 185.74 NOTE
r-devel-osx-x86_64-clang 1.2-2 147.94 OK
r-devel-windows-ix86+x86_64 1.2-2 85.00 189.00 274.00 OK
r-patched-linux-x86_64 1.2-2 24.69 83.39 108.08 NOTE
r-patched-solaris-sparc 1.2-2 1061.80 OK
r-patched-solaris-x86 1.2-2 212.40 OK
r-release-linux-x86_64 1.2-2 22.66 82.59 105.26 NOTE
r-release-osx-x86_64-mavericks 1.2-2 NOTE
r-release-windows-ix86+x86_64 1.2-2 83.00 191.00 274.00 OK
r-oldrel-windows-ix86+x86_64 1.2-2 84.00 224.00 308.00 OK

Check Details

Version: 1.2-2
Check: installed package size
Result: NOTE
     installed size is 5.6Mb
     sub-directories of 1Mb or more:
     doc 1.6Mb
     libs 3.4Mb
Flavors: r-devel-linux-x86_64-debian-clang, r-devel-linux-x86_64-debian-gcc, r-devel-linux-x86_64-fedora-clang, r-devel-linux-x86_64-fedora-gcc, r-patched-linux-x86_64, r-release-linux-x86_64, r-release-osx-x86_64-mavericks