CRAN Package Check Results for Package stream

Last updated on 2015-05-23 03:48:56.

Flavor Version Tinstall Tcheck Ttotal Status Flags
r-devel-linux-x86_64-debian-clang 1.1-2 17.68 81.10 98.78 OK
r-devel-linux-x86_64-debian-gcc 1.1-2 19.88 84.02 103.90 OK
r-devel-linux-x86_64-fedora-clang 1.1-2 205.52 NOTE
r-devel-linux-x86_64-fedora-gcc 1.1-2 141.80 OK
r-devel-osx-x86_64-clang 1.1-2 128.93 NOTE
r-devel-windows-ix86+x86_64 1.1-2 19.00 1.00 20.00 ERROR
r-patched-linux-x86_64 1.1-1 4.46 93.07 97.54 OK
r-patched-solaris-sparc 1.1-2 203.60 ERROR
r-patched-solaris-x86 1.1-2 33.60 ERROR
r-release-linux-x86_64 1.1-1 4.72 96.27 101.00 OK
r-release-osx-x86_64-mavericks 1.1-1 OK
r-release-osx-x86_64-snowleopard 1.1-1 ERROR
r-release-windows-ix86+x86_64 1.1-2 19.00 1.00 20.00 ERROR
r-oldrel-windows-ix86+x86_64 1.1-2 18.00 1.00 19.00 ERROR

Check Details

Version: 1.1-2
Check: installed package size
Result: NOTE
     installed size is 5.7Mb
     sub-directories of 1Mb or more:
     doc 1.3Mb
     libs 3.9Mb
Flavor: r-devel-linux-x86_64-fedora-clang

Version: 1.1-2
Check: re-building of vignette outputs
Result: NOTE
    Error in re-building vignettes:
     ...
     4: update.DSC_R(dsc, wrapper, horizon)
     5: update(dsc, wrapper, horizon)
     6: evaluate_cluster(a, stream, type = "macro", assign = "micro", measure = "crand", n = 5000, horizon = 250)
     7: FUN(X[[i]], ...)
     8: lapply(algorithms, FUN = function(a) { reset_stream(stream) evaluate_cluster(a, stream, type = "macro", assign = "micro", measure = "crand", n = 5000, horizon = 250)})
     9: eval(expr, envir, enclos)
    10: eval(expr, .GlobalEnv)
    11: withVisible(eval(expr, .GlobalEnv))
    12: doTryCatch(return(expr), name, parentenv, handler)
    13: tryCatchOne(expr, names, parentenv, handlers[[1L]])
    14: tryCatchList(expr, classes, parentenv, handlers)
    15: tryCatch(expr, error = function(e) { call <- conditionCall(e) if (!is.null(call)) { if (identical(call[[1L]], quote(doTryCatch))) call <- sys.call(-4L) dcall <- deparse(call)[1L] prefix <- paste("Error in", dcall, ": ") LONG <- 75L msg <- conditionMessage(e) sm <- strsplit(msg, "\n")[[1L]] w <- 14L + nchar(dcall, type = "w") + nchar(sm[1L], type = "w") if (is.na(w)) w <- 14L + nchar(dcall, type = "b") + nchar(sm[1L], type = "b") if (w > LONG) prefix <- paste0(prefix, "\n ") } else prefix <- "Error : " msg <- paste0(prefix, conditionMessage(e), "\n") .Internal(seterrmessage(msg[1L])) if (!silent && identical(getOption("show.error.messages"), TRUE)) { cat(msg, file = stderr()) .Internal(printDeferredWarnings()) } invisible(structure(msg, class = "try-error", condition = e))})
    16: try(withVisible(eval(expr, .GlobalEnv)), silent = TRUE)
    17: evalFunc(ce, options)
    18: tryCatchList(expr, classes, parentenv, handlers)
    19: tryCatch(evalFunc(ce, options), finally = { cat("\n") sink()})
    20: driver$runcode(drobj, chunk, chunkopts)
    21: utils::Sweave(...)
    22: engine$weave(file, quiet = quiet, encoding = enc)
    23: doTryCatch(return(expr), name, parentenv, handler)
    24: tryCatchOne(expr, names, parentenv, handlers[[1L]])
    25: tryCatchList(expr, classes, parentenv, handlers)
    26: tryCatch({ engine$weave(file, quiet = quiet, encoding = enc) setwd(startdir) find_vignette_product(name, by = "weave", engine = engine)}, error = function(e) { stop(gettextf("processing vignette '%s' failed with diagnostics:\n%s", file, conditionMessage(e)), domain = NA, call. = FALSE)})
    27: buildVignettes(dir = "/Users/ripley/R/packages/tests-devel/stream.Rcheck/vign_test/stream")
    aborting ...
Flavor: r-devel-osx-x86_64-clang

Version: 1.1-2
Check: whether package can be installed
Result: ERROR
    Installation failed.
Flavors: r-devel-windows-ix86+x86_64, r-patched-solaris-sparc, r-patched-solaris-x86, r-release-windows-ix86+x86_64, r-oldrel-windows-ix86+x86_64

Version: 1.1-1
Check: package dependencies
Result: ERROR
    Packages required but not available: ‘proxy’ ‘fpc’
    
    See section ‘The DESCRIPTION file’ in the ‘Writing R Extensions’
    manual.
Flavor: r-release-osx-x86_64-snowleopard