CRAN Package Check Results for Package streamMOA

Last updated on 2015-08-29 10:47:06.

Flavor Version Tinstall Tcheck Ttotal Status Flags
r-devel-linux-x86_64-debian-clang 1.1-1 3.54 74.89 78.43 OK
r-devel-linux-x86_64-debian-gcc 1.1-1 3.52 79.20 82.72 OK
r-devel-linux-x86_64-fedora-clang 1.1-1 165.14 OK
r-devel-linux-x86_64-fedora-gcc 1.1-1 155.15 OK
r-devel-osx-x86_64-clang 1.1-1 122.19 OK
r-devel-windows-ix86+x86_64 1.1-1 13.00 124.00 137.00 WARN
r-patched-linux-x86_64 1.1-1 3.69 78.42 82.11 OK
r-patched-solaris-sparc 1.1-1 998.70 OK
r-patched-solaris-x86 1.1-1 225.10 OK
r-release-linux-x86_64 1.1-1 3.81 77.16 80.97 OK
r-release-osx-x86_64-mavericks 1.1-1 OK
r-release-windows-ix86+x86_64 1.1-1 15.00 187.00 202.00 OK
r-oldrel-windows-ix86+x86_64 1.1-1 29.00 185.00 214.00 OK

Check Details

Version: 1.1-1
Check: whether the namespace can be loaded with stated dependencies
Result: WARN
    
    This application has requested the Runtime to terminate it in an unusual way.
    Please contact the application's support team for more information.
    terminate called after throwing an instance of 'Rcpp::eval_error'
     what(): could not find function "new"
    
    A namespace must be able to be loaded with just the base namespace
    loaded: otherwise if the namespace gets loaded by a saved object, the
    session will be unable to start.
    
    Probably some imports need to be declared in the NAMESPACE file.
Flavor: r-devel-windows-ix86+x86_64

Version: 1.1-1
Check: R code for possible problems
Result: NOTE
    
    This application has requested the Runtime to terminate it in an unusual way.
    Please contact the application's support team for more information.
    terminate called after throwing an instance of 'Rcpp::eval_error'
     what(): could not find function "new"
Flavor: r-devel-windows-ix86+x86_64