CRAN Package Check Results for Package streamMOA

Last updated on 2015-05-29 15:47:12.

Flavor Version Tinstall Tcheck Ttotal Status Flags
r-devel-linux-x86_64-debian-clang 1.1-0 3.83 78.09 81.92 OK
r-devel-linux-x86_64-debian-gcc 1.1-0 3.87 75.34 79.21 OK
r-devel-linux-x86_64-fedora-clang 1.1-0 171.20 OK
r-devel-linux-x86_64-fedora-gcc 1.1-0 159.62 OK
r-devel-osx-x86_64-clang 1.1-0 130.00 OK
r-devel-windows-ix86+x86_64 1.1-0 11.00 122.00 133.00 OK
r-patched-linux-x86_64 1.1-0 3.65 75.56 79.22 OK
r-patched-solaris-sparc 1.1-0 876.50 OK
r-patched-solaris-x86 1.1-0 211.60 OK
r-release-linux-x86_64 1.1-0 3.59 78.06 81.65 OK
r-release-osx-x86_64-mavericks 1.1-0 ERROR
r-release-osx-x86_64-snowleopard 1.0-0 ERROR
r-release-windows-ix86+x86_64 1.1-0 10.00 123.00 133.00 OK
r-oldrel-windows-ix86+x86_64 1.1-0 3.00 2.00 5.00 ERROR

Check Details

Version: 1.1-0
Check: examples
Result: ERROR
    Running examples in ‘streamMOA-Ex.R’ failed
    The error most likely occurred in:
    
    > ### Name: DSC_CluStream
    > ### Title: CluStream Data Stream Clusterer
    > ### Aliases: DSC_CluStream CluStream clustream
    >
    > ### ** Examples
    >
    > # 3 clusters with 5% noise
    > stream <- DSD_Gaussians(k=3, d=2, noise=.05)
    >
    > # cluster with CluStream
    > clustream <- DSC_CluStream(m=50)
    > update(clustream, stream, 500)
    Error in .jcall("StreamMOA", "V", "update", object$javaObj, .jarray(as.matrix(d), :
     RcallMethod: cannot determine object class
    Calls: update -> update.DSC_MOA -> .jcall -> .External
    Execution halted
Flavor: r-release-osx-x86_64-mavericks

Version: 1.1-0
Check: running R code from vignettes
Result: ERROR
    Errors in running code in vignettes:
    when running code in ‘streamMOA.Rnw’
     ...
    + CluStream = clu .... [TRUNCATED]
    
    > for (a in algorithms) {
    + reset_stream(stream)
    + update(a, stream, 5000)
    + }
    
     When sourcing ‘streamMOA.R’:
    Error: RcallMethod: cannot determine object class
    Execution halted
Flavor: r-release-osx-x86_64-mavericks

Version: 1.1-0
Check: re-building of vignette outputs
Result: NOTE
    Error in re-building vignettes:
     ...
    Loading required package: proxy
    
    Attaching package: ‘proxy’
    
    The following objects are masked from ‘package:stats’:
    
     as.dist, dist
    
    The following object is masked from ‘package:base’:
    
     as.matrix
    
    Loading required package: rJava
    
    Error: processing vignette 'streamMOA.Rnw' failed with diagnostics:
     chunk 6
    Error in .jcall("StreamMOA", "V", "update", object$javaObj, .jarray(as.matrix(d), :
     RcallMethod: cannot determine object class
    Execution halted
Flavor: r-release-osx-x86_64-mavericks

Version: 1.0-0
Check: package dependencies
Result: ERROR
    Package required but not available: ‘stream’
    
    See section ‘The DESCRIPTION file’ in the ‘Writing R Extensions’
    manual.
Flavor: r-release-osx-x86_64-snowleopard

Version: 1.1-0
Check: package dependencies
Result: ERROR
    Package required and available but unsuitable version: 'stream'
    
    See section 'The DESCRIPTION file' in the 'Writing R Extensions'
    manual.
Flavor: r-oldrel-windows-ix86+x86_64