CRAN Package Check Results for Package streamMOA

Last updated on 2015-06-30 22:47:40.

Flavor Version Tinstall Tcheck Ttotal Status Flags
r-devel-linux-x86_64-debian-clang 1.1-0 3.68 76.09 79.76 NOTE
r-devel-linux-x86_64-debian-gcc 1.1-0 3.68 75.38 79.06 NOTE
r-devel-linux-x86_64-fedora-clang 1.1-0 168.63 NOTE
r-devel-linux-x86_64-fedora-gcc 1.1-0 159.68 NOTE
r-devel-osx-x86_64-clang 1.1-0 111.81 OK
r-devel-windows-ix86+x86_64 1.1-0 11.00 121.00 132.00 NOTE
r-patched-linux-x86_64 1.1-0 3.62 75.64 79.26 OK
r-patched-solaris-sparc 1.1-0 876.50 OK
r-patched-solaris-x86 1.1-0 211.90 OK
r-release-linux-x86_64 1.1-0 3.60 75.56 79.16 OK
r-release-osx-x86_64-mavericks 1.1-0 ERROR
r-release-windows-ix86+x86_64 1.1-0 16.00 123.00 139.00 OK
r-oldrel-windows-ix86+x86_64 1.1-0 23.00 238.00 261.00 OK

Check Details

Version: 1.1-0
Check: R code for possible problems
Result: NOTE
    DSD_RandomRBFGeneratorEvents: no visible global function definition for
     ‘runif’
    plot.DSC_MOA: no visible global function definition for ‘points’
    plot.DSC_MOA: no visible global function definition for ‘lines’
Flavors: r-devel-linux-x86_64-debian-clang, r-devel-linux-x86_64-debian-gcc, r-devel-linux-x86_64-fedora-clang, r-devel-linux-x86_64-fedora-gcc, r-devel-windows-ix86+x86_64

Version: 1.1-0
Check: examples
Result: ERROR
    Running examples in ‘streamMOA-Ex.R’ failed
    The error most likely occurred in:
    
    > ### Name: DSC_CluStream
    > ### Title: CluStream Data Stream Clusterer
    > ### Aliases: DSC_CluStream CluStream clustream
    >
    > ### ** Examples
    >
    > # 3 clusters with 5% noise
    > stream <- DSD_Gaussians(k=3, d=2, noise=.05)
    >
    > # cluster with CluStream
    > clustream <- DSC_CluStream(m=50)
    > update(clustream, stream, 500)
    Error in .jcall("StreamMOA", "V", "update", object$javaObj, .jarray(as.matrix(d), :
     RcallMethod: cannot determine object class
    Calls: update -> update.DSC_MOA -> .jcall -> .External
    Execution halted
Flavor: r-release-osx-x86_64-mavericks

Version: 1.1-0
Check: running R code from vignettes
Result: ERROR
    Errors in running code in vignettes:
    when running code in ‘streamMOA.Rnw’
     ...
    + CluStream = clu .... [TRUNCATED]
    
    > for (a in algorithms) {
    + reset_stream(stream)
    + update(a, stream, 5000)
    + }
    
     When sourcing ‘streamMOA.R’:
    Error: RcallMethod: cannot determine object class
    Execution halted
Flavor: r-release-osx-x86_64-mavericks

Version: 1.1-0
Check: re-building of vignette outputs
Result: NOTE
    Error in re-building vignettes:
     ...
    Loading required package: proxy
    
    Attaching package: ‘proxy’
    
    The following objects are masked from ‘package:stats’:
    
     as.dist, dist
    
    The following object is masked from ‘package:base’:
    
     as.matrix
    
    Loading required package: rJava
    
    Error: processing vignette 'streamMOA.Rnw' failed with diagnostics:
     chunk 6
    Error in .jcall("StreamMOA", "V", "update", object$javaObj, .jarray(as.matrix(d), :
     RcallMethod: cannot determine object class
    Execution halted
Flavor: r-release-osx-x86_64-mavericks