CRAN Package Check Results for Package streamMOA

Last updated on 2014-12-22 05:48:42.

Flavor Version Tinstall Tcheck Ttotal Status Flags
r-devel-linux-x86_64-debian-clang 1.0-0 4.99 120.54 125.54 OK
r-devel-linux-x86_64-debian-gcc 1.0-0 5.29 115.54 120.83 OK
r-devel-linux-x86_64-fedora-clang 1.0-0 275.04 OK
r-devel-linux-x86_64-fedora-gcc 1.0-0 261.49 OK
r-devel-osx-x86_64-clang 1.0-0 206.93 OK
r-devel-windows-ix86+x86_64 1.0-0 14.00 146.00 160.00 OK
r-patched-linux-x86_64 1.0-0 5.00 130.35 135.36 OK
r-patched-solaris-sparc 0.1-1 1534.40 OK
r-patched-solaris-x86 1.0-0 268.90 OK
r-release-linux-ix86 0.1-1 5.82 168.29 174.11 OK
r-release-linux-x86_64 0.1-1 6.07 1.76 7.83 ERROR
r-release-osx-x86_64-mavericks 1.0-0 OK
r-release-osx-x86_64-snowleopard 1.0-0 OK
r-release-windows-ix86+x86_64 1.0-0 19.00 203.00 222.00 OK
r-oldrel-windows-ix86+x86_64 1.0-0 19.00 186.00 205.00 OK

Check Details

Version: 0.1-1
Check: whether package can be installed
Result: ERROR
    Installation failed.
Flavor: r-release-linux-x86_64