CRAN Package Check Results for Package streamMOA

Last updated on 2015-04-19 08:56:20.

Flavor Version Tinstall Tcheck Ttotal Status Flags
r-devel-linux-x86_64-debian-clang 1.0-0 3.48 91.16 94.64 OK
r-devel-linux-x86_64-debian-gcc 1.0-0 3.38 90.15 93.54 OK
r-devel-linux-x86_64-fedora-clang 1.0-0 206.72 OK
r-devel-linux-x86_64-fedora-gcc 1.0-0 189.15 OK
r-devel-osx-x86_64-clang 1.0-0 150.19 OK
r-devel-windows-ix86+x86_64 1.0-0 14.00 182.00 196.00 OK
r-patched-linux-x86_64 1.0-0 3.37 91.30 94.66 OK
r-patched-solaris-sparc 1.0-0 1108.70 OK
r-patched-solaris-x86 1.0-0 239.70 OK
r-release-linux-x86_64 1.0-0 3.32 82.81 86.14 OK
r-release-osx-x86_64-mavericks 1.0-0 OK
r-release-osx-x86_64-snowleopard 1.0-0 ERROR
r-release-windows-ix86+x86_64 1.0-0 9.00 127.00 136.00 OK
r-oldrel-windows-ix86+x86_64 1.0-0 22.00 250.00 272.00 OK

Check Details

Version: 1.0-0
Check: package dependencies
Result: ERROR
    Package required but not available: ‘stream’
    
    See section ‘The DESCRIPTION file’ in the ‘Writing R Extensions’
    manual.
Flavor: r-release-osx-x86_64-snowleopard