CRAN Package Check Results for Package streamR

Last updated on 2016-02-09 18:49:29.

Flavor Version Tinstall Tcheck Ttotal Status Flags
r-devel-linux-x86_64-debian-gcc 0.2.1 0.86 12.79 13.65 NOTE
r-devel-linux-x86_64-fedora-clang 0.2.1 27.01 NOTE
r-devel-linux-x86_64-fedora-gcc 0.2.1 23.52 NOTE
r-devel-osx-x86_64-clang 0.2.1 26.97 NOTE
r-devel-windows-ix86+x86_64 0.2.1 6.00 34.00 40.00 NOTE
r-patched-linux-x86_64 0.2.1 1.04 13.74 14.78 NOTE
r-patched-solaris-sparc 0.2.1 172.90 NOTE
r-patched-solaris-x86 0.2.1 40.70 NOTE
r-release-linux-x86_64 0.2.1 1.10 13.52 14.62 NOTE
r-release-osx-x86_64-mavericks 0.2.1 NOTE
r-release-windows-ix86+x86_64 0.2.1 6.00 26.00 32.00 NOTE
r-oldrel-windows-ix86+x86_64 0.2.1 7.00 33.00 40.00 NOTE

Check Details

Version: 0.2.1
Check: dependencies in R code
Result: NOTE
    'library' or 'require' call to ‘ROAuth’ in package code.
     Please use :: or requireNamespace() instead.
     See section 'Suggested packages' in the 'Writing R Extensions' manual.
Flavors: r-devel-linux-x86_64-debian-gcc, r-devel-linux-x86_64-fedora-clang, r-devel-linux-x86_64-fedora-gcc, r-devel-osx-x86_64-clang, r-devel-windows-ix86+x86_64, r-patched-linux-x86_64, r-patched-solaris-sparc, r-patched-solaris-x86, r-release-linux-x86_64, r-release-osx-x86_64-mavericks, r-release-windows-ix86+x86_64, r-oldrel-windows-ix86+x86_64