CRAN Package Check Results for Package streamR

Last updated on 2017-02-20 17:49:26.

Flavor Version Tinstall Tcheck Ttotal Status Flags
r-devel-linux-x86_64-debian-clang 0.2.1 0.89 15.80 16.69 NOTE
r-devel-linux-x86_64-debian-gcc 0.2.1 0.93 15.93 16.86 NOTE
r-devel-linux-x86_64-fedora-clang 0.2.1 28.03 NOTE --no-stop-on-test-error
r-devel-linux-x86_64-fedora-gcc 0.2.1 27.19 NOTE --no-stop-on-test-error
r-devel-macos-x86_64-clang 25.25 NOTE --no-stop-on-test-error
r-devel-windows-ix86+x86_64 0.2.1 5.00 32.00 37.00 NOTE
r-patched-linux-x86_64 0.2.1 0.82 13.61 14.43 NOTE
r-patched-solaris-sparc 0.2.1 163.10 NOTE
r-patched-solaris-x86 0.2.1 41.40 NOTE
r-release-linux-x86_64 0.2.1 0.81 13.68 14.49 NOTE
r-release-osx-x86_64-mavericks 0.2.1 NOTE
r-release-windows-ix86+x86_64 0.2.1 3.00 35.00 38.00 NOTE
r-oldrel-windows-ix86+x86_64 0.2.1 4.00 46.00 50.00 NOTE

Check Details

Version: 0.2.1
Check: dependencies in R code
Result: NOTE
    'library' or 'require' call to ‘ROAuth’ in package code.
     Please use :: or requireNamespace() instead.
     See section 'Suggested packages' in the 'Writing R Extensions' manual.
Flavors: r-devel-linux-x86_64-debian-clang, r-devel-linux-x86_64-debian-gcc, r-devel-windows-ix86+x86_64, r-patched-linux-x86_64, r-patched-solaris-sparc, r-patched-solaris-x86, r-release-linux-x86_64, r-release-osx-x86_64-mavericks, r-release-windows-ix86+x86_64, r-oldrel-windows-ix86+x86_64

Version: 0.2.1
Flags: --no-stop-on-test-error
Check: dependencies in R code
Result: NOTE
    'library' or 'require' call to ‘ROAuth’ in package code.
     Please use :: or requireNamespace() instead.
     See section 'Suggested packages' in the 'Writing R Extensions' manual.
Flavors: r-devel-linux-x86_64-fedora-clang, r-devel-linux-x86_64-fedora-gcc, r-devel-macos-x86_64-clang