CRAN Package Check Results for Package streamR

Last updated on 2016-07-30 14:49:59.

Flavor Version Tinstall Tcheck Ttotal Status Flags
r-devel-linux-x86_64-debian-clang 0.2.1 0.82 13.54 14.36 NOTE
r-devel-linux-x86_64-debian-gcc 0.2.1 0.92 13.73 14.65 NOTE
r-devel-linux-x86_64-fedora-clang 0.2.1 25.45 NOTE
r-devel-linux-x86_64-fedora-gcc 0.2.1 23.00 NOTE
r-devel-osx-x86_64-clang 0.2.1 23.17 NOTE
r-devel-windows-ix86+x86_64 0.2.1 3.00 33.00 36.00 NOTE
r-patched-linux-x86_64 0.2.1 0.83 13.36 14.19 NOTE
r-patched-solaris-sparc 0.2.1 164.10 NOTE
r-patched-solaris-x86 0.2.1 39.30 NOTE
r-release-linux-x86_64 0.2.1 0.89 15.23 16.12 NOTE
r-release-osx-x86_64-mavericks 0.2.1 NOTE
r-release-windows-ix86+x86_64 0.2.1 4.00 42.00 46.00 NOTE
r-oldrel-windows-ix86+x86_64 0.2.1 4.00 43.00 47.00 NOTE

Check Details

Version: 0.2.1
Check: dependencies in R code
Result: NOTE
    'library' or 'require' call to ‘ROAuth’ in package code.
     Please use :: or requireNamespace() instead.
     See section 'Suggested packages' in the 'Writing R Extensions' manual.
Flavors: r-devel-linux-x86_64-debian-clang, r-devel-linux-x86_64-debian-gcc, r-devel-linux-x86_64-fedora-clang, r-devel-linux-x86_64-fedora-gcc, r-devel-osx-x86_64-clang, r-devel-windows-ix86+x86_64, r-patched-linux-x86_64, r-patched-solaris-sparc, r-patched-solaris-x86, r-release-linux-x86_64, r-release-osx-x86_64-mavericks, r-release-windows-ix86+x86_64, r-oldrel-windows-ix86+x86_64