CRAN Package Check Results for Package streamR

Last updated on 2016-12-08 18:47:25.

Flavor Version Tinstall Tcheck Ttotal Status Flags
r-devel-linux-x86_64-debian-clang 0.2.1 0.96 15.49 16.45 NOTE
r-devel-linux-x86_64-debian-gcc 0.2.1 0.90 15.28 16.17 NOTE
r-devel-linux-x86_64-fedora-clang 0.2.1 29.88 NOTE --no-stop-on-test-error
r-devel-linux-x86_64-fedora-gcc 0.2.1 28.57 NOTE --no-stop-on-test-error
r-devel-macos-x86_64-clang 0.2.1 26.42 NOTE
r-devel-windows-ix86+x86_64 0.2.1 4.00 45.00 49.00 NOTE
r-patched-linux-x86_64 0.2.1 0.80 13.71 14.51 NOTE
r-patched-solaris-sparc 0.2.1 164.10 NOTE
r-patched-solaris-x86 0.2.1 41.10 NOTE
r-release-linux-x86_64 0.2.1 0.90 13.38 14.28 NOTE
r-release-osx-x86_64-mavericks 0.2.1 NOTE
r-release-windows-ix86+x86_64 0.2.1 3.00 46.00 49.00 NOTE
r-oldrel-windows-ix86+x86_64 0.2.1 6.00 34.00 40.00 NOTE

Check Details

Version: 0.2.1
Check: dependencies in R code
Result: NOTE
    'library' or 'require' call to ‘ROAuth’ in package code.
     Please use :: or requireNamespace() instead.
     See section 'Suggested packages' in the 'Writing R Extensions' manual.
Flavors: r-devel-linux-x86_64-debian-clang, r-devel-linux-x86_64-debian-gcc, r-devel-macos-x86_64-clang, r-devel-windows-ix86+x86_64, r-patched-linux-x86_64, r-patched-solaris-sparc, r-patched-solaris-x86, r-release-linux-x86_64, r-release-osx-x86_64-mavericks, r-release-windows-ix86+x86_64, r-oldrel-windows-ix86+x86_64

Version: 0.2.1
Flags: --no-stop-on-test-error
Check: dependencies in R code
Result: NOTE
    'library' or 'require' call to ‘ROAuth’ in package code.
     Please use :: or requireNamespace() instead.
     See section 'Suggested packages' in the 'Writing R Extensions' manual.
Flavors: r-devel-linux-x86_64-fedora-clang, r-devel-linux-x86_64-fedora-gcc