CRAN Package Check Results for Package streamR

Last updated on 2018-06-23 15:53:47 CEST.

Flavor Version Tinstall Tcheck Ttotal Status Flags
r-devel-linux-x86_64-debian-clang 0.4.2 4.14 45.08 49.22 OK
r-devel-linux-x86_64-debian-gcc 0.4.2 3.02 34.93 37.95 OK
r-devel-linux-x86_64-fedora-clang 0.4.2 56.59 OK
r-devel-linux-x86_64-fedora-gcc 0.4.2 52.94 OK
r-devel-windows-ix86+x86_64 0.4.2 8.00 81.00 89.00 OK
r-patched-linux-x86_64 0.4.2 2.93 38.32 41.25 OK
r-patched-solaris-x86 0.4.2 80.80 OK
r-release-linux-x86_64 0.4.2 3.03 37.83 40.86 OK
r-release-windows-ix86+x86_64 0.4.2 8.00 97.00 105.00 OK
r-release-osx-x86_64 0.4.2 OK
r-oldrel-windows-ix86+x86_64 0.4.2 12.00 73.00 85.00 OK
r-oldrel-osx-x86_64 0.2.1 NOTE

Check Details

Version: 0.2.1
Check: dependencies in R code
Result: NOTE
    'library' or 'require' call to ‘ROAuth’ in package code.
     Please use :: or requireNamespace() instead.
     See section 'Suggested packages' in the 'Writing R Extensions' manual.
Flavor: r-oldrel-osx-x86_64