CRAN Package Check Results for Package streamR

Last updated on 2017-07-25 03:49:52.

Flavor Version Tinstall Tcheck Ttotal Status Flags
r-devel-linux-x86_64-debian-clang 0.2.1 0.94 22.24 23.18 NOTE
r-devel-linux-x86_64-debian-gcc 0.2.1 0.98 21.75 22.73 NOTE
r-devel-linux-x86_64-fedora-clang 0.2.1 28.95 NOTE
r-devel-linux-x86_64-fedora-gcc 0.2.1 27.84 NOTE
r-devel-windows-ix86+x86_64 0.2.1 3.00 35.00 38.00 NOTE
r-patched-linux-x86_64 0.2.1 0.88 21.86 22.74 NOTE
r-patched-solaris-x86 0.2.1 47.30 NOTE
r-release-linux-x86_64 0.2.1 0.88 22.08 22.96 NOTE
r-release-windows-ix86+x86_64 0.2.1 3.00 46.00 49.00 NOTE
r-release-osx-x86_64 0.2.1 NOTE
r-oldrel-windows-ix86+x86_64 0.2.1 3.00 36.00 39.00 NOTE
r-oldrel-osx-x86_64 0.2.1 NOTE

Check Details

Version: 0.2.1
Check: dependencies in R code
Result: NOTE
    'library' or 'require' call to ‘ROAuth’ in package code.
     Please use :: or requireNamespace() instead.
     See section 'Suggested packages' in the 'Writing R Extensions' manual.
Flavors: r-devel-linux-x86_64-debian-clang, r-devel-linux-x86_64-debian-gcc, r-devel-linux-x86_64-fedora-clang, r-devel-linux-x86_64-fedora-gcc, r-devel-windows-ix86+x86_64, r-patched-linux-x86_64, r-patched-solaris-x86, r-release-linux-x86_64, r-release-windows-ix86+x86_64, r-release-osx-x86_64, r-oldrel-windows-ix86+x86_64, r-oldrel-osx-x86_64