CRAN Package Check Results for Package streamR

Last updated on 2015-02-01 23:49:07.

Flavor Version Tinstall Tcheck Ttotal Status Flags
r-devel-linux-x86_64-debian-clang 0.2.1 0.88 14.09 14.98 NOTE
r-devel-linux-x86_64-debian-gcc 0.2.1 0.92 13.39 14.31 NOTE
r-devel-linux-x86_64-fedora-clang 0.2.1 29.68 NOTE
r-devel-linux-x86_64-fedora-gcc 0.2.1 28.74 NOTE
r-devel-osx-x86_64-clang 0.2.1 37.04 NOTE
r-devel-windows-ix86+x86_64 0.2.1 4.00 28.00 32.00 NOTE
r-patched-linux-x86_64 0.2.1 1.11 16.76 17.86 OK
r-patched-solaris-sparc 0.2.1 222.10 OK
r-patched-solaris-x86 0.2.1 51.30 OK
r-release-linux-ix86 0.2.1 1.42 47.60 49.02 OK
r-release-linux-x86_64 0.2.1 1.08 17.07 18.16 OK
r-release-osx-x86_64-mavericks 0.2.1 OK
r-release-osx-x86_64-snowleopard 0.2.1 OK
r-release-windows-ix86+x86_64 0.2.1 4.00 30.00 34.00 OK
r-oldrel-windows-ix86+x86_64 0.2.1 4.00 28.00 32.00 OK

Check Details

Version: 0.2.1
Check: dependencies in R code
Result: NOTE
    'library' or 'require' call to ‘ROAuth’ in package code.
     Please use :: or requireNamespace() instead.
     See section 'Suggested packages' in the 'Writing R Extensions' manual.
Flavors: r-devel-linux-x86_64-debian-clang, r-devel-linux-x86_64-debian-gcc, r-devel-linux-x86_64-fedora-clang, r-devel-linux-x86_64-fedora-gcc, r-devel-osx-x86_64-clang, r-devel-windows-ix86+x86_64