CRAN Package Check Results for Package streamR

Last updated on 2016-08-27 12:47:47.

Flavor Version Tinstall Tcheck Ttotal Status Flags
r-devel-linux-x86_64-debian-clang 0.2.1 0.88 13.49 14.37 NOTE
r-devel-linux-x86_64-debian-gcc 0.2.1 1.31 17.29 18.60 NOTE
r-devel-linux-x86_64-fedora-clang 0.2.1 26.32 NOTE
r-devel-linux-x86_64-fedora-gcc 0.2.1 24.46 NOTE
r-devel-osx-x86_64-clang 0.2.1 23.18 NOTE
r-devel-windows-ix86+x86_64 0.2.1 3.00 32.00 35.00 NOTE
r-patched-linux-x86_64 0.2.1 0.88 13.35 14.22 NOTE
r-patched-solaris-sparc 0.2.1 164.10 NOTE
r-patched-solaris-x86 0.2.1 40.90 NOTE
r-release-linux-x86_64 0.2.1 0.93 13.51 14.45 NOTE
r-release-osx-x86_64-mavericks 0.2.1 NOTE
r-release-windows-ix86+x86_64 0.2.1 4.00 33.00 37.00 NOTE
r-oldrel-windows-ix86+x86_64 0.2.1 4.00 40.00 44.00 NOTE

Check Details

Version: 0.2.1
Check: dependencies in R code
Result: NOTE
    'library' or 'require' call to ‘ROAuth’ in package code.
     Please use :: or requireNamespace() instead.
     See section 'Suggested packages' in the 'Writing R Extensions' manual.
Flavors: r-devel-linux-x86_64-debian-clang, r-devel-linux-x86_64-debian-gcc, r-devel-linux-x86_64-fedora-clang, r-devel-linux-x86_64-fedora-gcc, r-devel-osx-x86_64-clang, r-devel-windows-ix86+x86_64, r-patched-linux-x86_64, r-patched-solaris-sparc, r-patched-solaris-x86, r-release-linux-x86_64, r-release-osx-x86_64-mavericks, r-release-windows-ix86+x86_64, r-oldrel-windows-ix86+x86_64