CRAN Package Check Results for Package streamR

Last updated on 2016-09-28 08:57:58.

Flavor Version Tinstall Tcheck Ttotal Status Flags
r-devel-linux-x86_64-debian-clang 0.2.1 0.82 13.53 14.34 NOTE
r-devel-linux-x86_64-debian-gcc 0.2.1 0.84 13.54 14.38 NOTE
r-devel-linux-x86_64-fedora-clang 0.2.1 25.21 NOTE
r-devel-linux-x86_64-fedora-gcc 0.2.1 24.30 NOTE
r-devel-macos-x86_64-clang 0.2.1 22.28 NOTE
r-devel-windows-ix86+x86_64 0.2.1 3.00 42.00 45.00 NOTE
r-patched-linux-x86_64 0.2.1 1.01 13.62 14.63 NOTE
r-patched-solaris-sparc 0.2.1 164.10 NOTE
r-patched-solaris-x86 0.2.1 43.20 NOTE
r-release-linux-x86_64 0.2.1 0.90 13.38 14.29 NOTE
r-release-osx-x86_64-mavericks 0.2.1 NOTE
r-release-windows-ix86+x86_64 0.2.1 4.00 31.00 35.00 NOTE
r-oldrel-windows-ix86+x86_64 0.2.1 6.00 42.00 48.00 NOTE

Check Details

Version: 0.2.1
Check: dependencies in R code
Result: NOTE
    'library' or 'require' call to ‘ROAuth’ in package code.
     Please use :: or requireNamespace() instead.
     See section 'Suggested packages' in the 'Writing R Extensions' manual.
Flavors: r-devel-linux-x86_64-debian-clang, r-devel-linux-x86_64-debian-gcc, r-devel-linux-x86_64-fedora-clang, r-devel-linux-x86_64-fedora-gcc, r-devel-macos-x86_64-clang, r-devel-windows-ix86+x86_64, r-patched-linux-x86_64, r-patched-solaris-sparc, r-patched-solaris-x86, r-release-linux-x86_64, r-release-osx-x86_64-mavericks, r-release-windows-ix86+x86_64, r-oldrel-windows-ix86+x86_64