CRAN Package Check Results for Package streamR

Last updated on 2015-05-25 18:47:11.

Flavor Version Tinstall Tcheck Ttotal Status Flags
r-devel-linux-x86_64-debian-clang 0.2.1 0.93 14.36 15.28 NOTE
r-devel-linux-x86_64-debian-gcc 0.2.1 0.95 14.34 15.29 NOTE
r-devel-linux-x86_64-fedora-clang 0.2.1 29.64 NOTE
r-devel-linux-x86_64-fedora-gcc 0.2.1 27.77 NOTE
r-devel-osx-x86_64-clang 0.2.1 31.26 NOTE
r-devel-windows-ix86+x86_64 0.2.1 3.00 23.00 26.00 NOTE
r-patched-linux-x86_64 0.2.1 0.86 13.75 14.61 NOTE
r-patched-solaris-sparc 0.2.1 184.70 NOTE
r-patched-solaris-x86 0.2.1 45.20 NOTE
r-release-linux-x86_64 0.2.1 0.86 13.95 14.82 NOTE
r-release-osx-x86_64-mavericks 0.2.1 NOTE
r-release-osx-x86_64-snowleopard 0.2.1 NOTE
r-release-windows-ix86+x86_64 0.2.1 3.00 24.00 27.00 NOTE
r-oldrel-windows-ix86+x86_64 0.2.1 4.00 28.00 32.00 NOTE

Check Details

Version: 0.2.1
Check: dependencies in R code
Result: NOTE
    'library' or 'require' call to ‘ROAuth’ in package code.
     Please use :: or requireNamespace() instead.
     See section 'Suggested packages' in the 'Writing R Extensions' manual.
Flavors: r-devel-linux-x86_64-debian-clang, r-devel-linux-x86_64-debian-gcc, r-devel-linux-x86_64-fedora-clang, r-devel-linux-x86_64-fedora-gcc, r-devel-osx-x86_64-clang, r-devel-windows-ix86+x86_64, r-patched-linux-x86_64, r-patched-solaris-sparc, r-patched-solaris-x86, r-release-linux-x86_64, r-release-osx-x86_64-mavericks, r-release-osx-x86_64-snowleopard, r-release-windows-ix86+x86_64, r-oldrel-windows-ix86+x86_64