CRAN Package Check Results for Package streamR

Last updated on 2016-04-28 21:47:46.

Flavor Version Tinstall Tcheck Ttotal Status Flags
r-devel-linux-x86_64-debian-gcc 0.2.1 0.96 13.42 14.38 NOTE
r-devel-linux-x86_64-fedora-clang 0.2.1 25.55 NOTE
r-devel-linux-x86_64-fedora-gcc 0.2.1 23.86 NOTE
r-devel-osx-x86_64-clang 0.2.1 28.61 NOTE
r-devel-windows-ix86+x86_64 0.2.1 3.00 43.00 46.00 NOTE
r-patched-linux-x86_64 0.2.1 0.88 13.51 14.39 NOTE
r-patched-solaris-sparc 0.2.1 161.60 NOTE
r-patched-solaris-x86 0.2.1 41.40 NOTE
r-release-linux-x86_64 0.2.1 1.02 15.11 16.13 NOTE
r-release-osx-x86_64-mavericks 0.2.1 NOTE
r-release-windows-ix86+x86_64 0.2.1 4.00 32.00 36.00 NOTE
r-oldrel-windows-ix86+x86_64 0.2.1 7.00 31.00 38.00 NOTE

Check Details

Version: 0.2.1
Check: dependencies in R code
Result: NOTE
    'library' or 'require' call to ‘ROAuth’ in package code.
     Please use :: or requireNamespace() instead.
     See section 'Suggested packages' in the 'Writing R Extensions' manual.
Flavors: r-devel-linux-x86_64-debian-gcc, r-devel-linux-x86_64-fedora-clang, r-devel-linux-x86_64-fedora-gcc, r-devel-osx-x86_64-clang, r-devel-windows-ix86+x86_64, r-patched-linux-x86_64, r-patched-solaris-sparc, r-patched-solaris-x86, r-release-linux-x86_64, r-release-osx-x86_64-mavericks, r-release-windows-ix86+x86_64, r-oldrel-windows-ix86+x86_64