CRAN Package Check Results for Package streamR

Last updated on 2015-07-30 22:50:11.

Flavor Version Tinstall Tcheck Ttotal Status Flags
r-devel-linux-x86_64-debian-clang 0.2.1 0.84 18.80 19.63 NOTE
r-devel-linux-x86_64-debian-gcc 0.2.1 0.84 14.02 14.86 NOTE
r-devel-linux-x86_64-fedora-clang 0.2.1 29.02 NOTE
r-devel-linux-x86_64-fedora-gcc 0.2.1 27.09 NOTE
r-devel-osx-x86_64-clang 0.2.1 26.07 NOTE
r-devel-windows-ix86+x86_64 0.2.1 4.00 25.00 29.00 NOTE
r-patched-linux-x86_64 0.2.1 0.88 14.08 14.96 NOTE
r-patched-solaris-sparc 0.2.1 178.80 NOTE
r-patched-solaris-x86 0.2.1 44.30 NOTE
r-release-linux-x86_64 0.2.1 0.86 13.76 14.62 NOTE
r-release-osx-x86_64-mavericks 0.2.1 NOTE
r-release-windows-ix86+x86_64 0.2.1 3.00 24.00 27.00 NOTE
r-oldrel-windows-ix86+x86_64 0.2.1 6.00 31.00 37.00 NOTE

Check Details

Version: 0.2.1
Check: dependencies in R code
Result: NOTE
    'library' or 'require' call to ‘ROAuth’ in package code.
     Please use :: or requireNamespace() instead.
     See section 'Suggested packages' in the 'Writing R Extensions' manual.
Flavors: r-devel-linux-x86_64-debian-clang, r-devel-linux-x86_64-debian-gcc, r-devel-linux-x86_64-fedora-clang, r-devel-linux-x86_64-fedora-gcc, r-devel-osx-x86_64-clang, r-devel-windows-ix86+x86_64, r-patched-linux-x86_64, r-patched-solaris-sparc, r-patched-solaris-x86, r-release-linux-x86_64, r-release-osx-x86_64-mavericks, r-release-windows-ix86+x86_64, r-oldrel-windows-ix86+x86_64