CRAN Package Check Results for Package streamR

Last updated on 2017-03-29 03:51:00.

Flavor Version Tinstall Tcheck Ttotal Status Flags
r-devel-linux-x86_64-debian-clang 0.2.1 0.92 16.29 17.21 NOTE
r-devel-linux-x86_64-debian-gcc 0.2.1 0.91 15.91 16.81 NOTE
r-devel-linux-x86_64-fedora-clang 0.2.1 28.47 NOTE --no-stop-on-test-error
r-devel-linux-x86_64-fedora-gcc 0.2.1 27.45 NOTE --no-stop-on-test-error
r-devel-macos-x86_64-clang 0.2.1 25.28 NOTE --no-stop-on-test-error
r-devel-windows-ix86+x86_64 0.2.1 2.00 45.00 47.00 NOTE
r-patched-linux-x86_64 0.2.1 1.08 16.15 17.23 NOTE
r-patched-solaris-sparc 0.2.1 179.50 NOTE
r-patched-solaris-x86 0.2.1 47.30 NOTE
r-release-linux-x86_64 0.2.1 0.86 14.10 14.97 NOTE
r-release-osx-x86_64-mavericks 0.2.1 NOTE
r-release-windows-ix86+x86_64 0.2.1 4.00 71.00 75.00 NOTE
r-oldrel-windows-ix86+x86_64 0.2.1 3.00 43.00 46.00 NOTE

Check Details

Version: 0.2.1
Check: dependencies in R code
Result: NOTE
    'library' or 'require' call to ‘ROAuth’ in package code.
     Please use :: or requireNamespace() instead.
     See section 'Suggested packages' in the 'Writing R Extensions' manual.
Flavors: r-devel-linux-x86_64-debian-clang, r-devel-linux-x86_64-debian-gcc, r-devel-windows-ix86+x86_64, r-patched-linux-x86_64, r-patched-solaris-sparc, r-patched-solaris-x86, r-release-linux-x86_64, r-release-osx-x86_64-mavericks, r-release-windows-ix86+x86_64, r-oldrel-windows-ix86+x86_64

Version: 0.2.1
Flags: --no-stop-on-test-error
Check: dependencies in R code
Result: NOTE
    'library' or 'require' call to ‘ROAuth’ in package code.
     Please use :: or requireNamespace() instead.
     See section 'Suggested packages' in the 'Writing R Extensions' manual.
Flavors: r-devel-linux-x86_64-fedora-clang, r-devel-linux-x86_64-fedora-gcc, r-devel-macos-x86_64-clang