CRAN Package Check Results for Package streamR

Last updated on 2017-05-25 17:48:28.

Flavor Version Tinstall Tcheck Ttotal Status Flags
r-devel-linux-x86_64-debian-clang 0.2.1 1.05 17.04 18.09 NOTE
r-devel-linux-x86_64-debian-gcc 0.2.1 0.91 16.17 17.09 NOTE
r-devel-linux-x86_64-fedora-clang 0.2.1 30.90 NOTE --no-stop-on-test-error
r-devel-linux-x86_64-fedora-gcc 0.2.1 27.41 NOTE --no-stop-on-test-error
r-devel-windows-ix86+x86_64 0.2.1 3.00 36.00 39.00 NOTE
r-patched-linux-x86_64 0.2.1 0.91 16.11 17.02 NOTE
r-patched-solaris-sparc 0.2.1 179.50 NOTE
r-patched-solaris-x86 0.2.1 46.50 NOTE
r-release-linux-x86_64 0.2.1 0.91 16.29 17.20 NOTE
r-release-windows-ix86+x86_64 0.2.1 7.00 207.00 214.00 NOTE
r-release-osx-x86_64 0.2.1 NOTE
r-oldrel-windows-ix86+x86_64 0.2.1 6.00 42.00 48.00 NOTE
r-oldrel-osx-x86_64 0.2.1 NOTE

Check Details

Version: 0.2.1
Check: dependencies in R code
Result: NOTE
    'library' or 'require' call to ‘ROAuth’ in package code.
     Please use :: or requireNamespace() instead.
     See section 'Suggested packages' in the 'Writing R Extensions' manual.
Flavors: r-devel-linux-x86_64-debian-clang, r-devel-linux-x86_64-debian-gcc, r-devel-windows-ix86+x86_64, r-patched-linux-x86_64, r-patched-solaris-sparc, r-patched-solaris-x86, r-release-linux-x86_64, r-release-windows-ix86+x86_64, r-release-osx-x86_64, r-oldrel-windows-ix86+x86_64, r-oldrel-osx-x86_64

Version: 0.2.1
Flags: --no-stop-on-test-error
Check: dependencies in R code
Result: NOTE
    'library' or 'require' call to ‘ROAuth’ in package code.
     Please use :: or requireNamespace() instead.
     See section 'Suggested packages' in the 'Writing R Extensions' manual.
Flavors: r-devel-linux-x86_64-fedora-clang, r-devel-linux-x86_64-fedora-gcc