CRAN Package Check Results for Package streamR

Last updated on 2015-03-31 17:50:10.

Flavor Version Tinstall Tcheck Ttotal Status Flags
r-devel-linux-x86_64-debian-clang 0.2.1 1.10 14.06 15.17 NOTE
r-devel-linux-x86_64-debian-gcc 0.2.1 0.92 13.63 14.55 NOTE
r-devel-linux-x86_64-fedora-clang 0.2.1 29.26 NOTE
r-devel-linux-x86_64-fedora-gcc 0.2.1 28.13 NOTE
r-devel-osx-x86_64-clang 0.2.1 36.44 NOTE
r-prerel-windows-ix86+x86_64 0.2.1 5.00 24.00 29.00 NOTE
r-prerel-linux-x86_64 0.2.1 0.88 13.66 14.54 NOTE
r-prerel-solaris-sparc 0.2.1 194.60 NOTE
r-prerel-solaris-x86 0.2.1 42.10 NOTE
r-release-linux-x86_64 0.2.1 1.12 16.42 17.54 NOTE
r-release-osx-x86_64-mavericks 0.2.1 OK
r-release-osx-x86_64-snowleopard 0.2.1 OK
r-release-windows-ix86+x86_64 0.2.1 4.00 28.00 32.00 NOTE
r-oldrel-windows-ix86+x86_64 0.2.1 6.00 30.00 36.00 OK

Check Details

Version: 0.2.1
Check: dependencies in R code
Result: NOTE
    'library' or 'require' call to ‘ROAuth’ in package code.
     Please use :: or requireNamespace() instead.
     See section 'Suggested packages' in the 'Writing R Extensions' manual.
Flavors: r-devel-linux-x86_64-debian-clang, r-devel-linux-x86_64-debian-gcc, r-devel-linux-x86_64-fedora-clang, r-devel-linux-x86_64-fedora-gcc, r-devel-osx-x86_64-clang, r-prerel-windows-ix86+x86_64, r-prerel-linux-x86_64, r-prerel-solaris-sparc, r-prerel-solaris-x86, r-release-linux-x86_64, r-release-windows-ix86+x86_64