CRAN Package Check Results for Package streamR

Last updated on 2017-01-17 11:50:45.

Flavor Version Tinstall Tcheck Ttotal Status Flags
r-devel-linux-x86_64-debian-clang 0.2.1 1.01 15.52 16.53 NOTE
r-devel-linux-x86_64-debian-gcc 0.2.1 0.96 15.20 16.16 NOTE
r-devel-linux-x86_64-fedora-clang 0.2.1 29.15 NOTE --no-stop-on-test-error
r-devel-linux-x86_64-fedora-gcc 0.2.1 27.15 NOTE --no-stop-on-test-error
r-devel-macos-x86_64-clang 0.2.1 24.92 NOTE --no-stop-on-test-error
r-devel-windows-ix86+x86_64 0.2.1 7.00 34.00 41.00 NOTE
r-patched-linux-x86_64 0.2.1 0.82 13.31 14.13 NOTE
r-patched-solaris-sparc 0.2.1 163.10 NOTE
r-patched-solaris-x86 0.2.1 41.70 NOTE
r-release-linux-x86_64 0.2.1 0.84 13.55 14.39 NOTE
r-release-osx-x86_64-mavericks 0.2.1 NOTE
r-release-windows-ix86+x86_64 0.2.1 4.00 42.00 46.00 NOTE
r-oldrel-windows-ix86+x86_64 0.2.1 3.00 44.00 47.00 NOTE

Check Details

Version: 0.2.1
Check: dependencies in R code
Result: NOTE
    'library' or 'require' call to ‘ROAuth’ in package code.
     Please use :: or requireNamespace() instead.
     See section 'Suggested packages' in the 'Writing R Extensions' manual.
Flavors: r-devel-linux-x86_64-debian-clang, r-devel-linux-x86_64-debian-gcc, r-devel-windows-ix86+x86_64, r-patched-linux-x86_64, r-patched-solaris-sparc, r-patched-solaris-x86, r-release-linux-x86_64, r-release-osx-x86_64-mavericks, r-release-windows-ix86+x86_64, r-oldrel-windows-ix86+x86_64

Version: 0.2.1
Flags: --no-stop-on-test-error
Check: dependencies in R code
Result: NOTE
    'library' or 'require' call to ‘ROAuth’ in package code.
     Please use :: or requireNamespace() instead.
     See section 'Suggested packages' in the 'Writing R Extensions' manual.
Flavors: r-devel-linux-x86_64-fedora-clang, r-devel-linux-x86_64-fedora-gcc, r-devel-macos-x86_64-clang