CRAN Package Check Results for Package streamR

Last updated on 2016-06-25 11:49:26.

Flavor Version Tinstall Tcheck Ttotal Status Flags
r-devel-linux-x86_64-debian-gcc 0.2.1 1.02 14.07 15.09 NOTE
r-devel-linux-x86_64-fedora-clang 0.2.1 26.04 NOTE
r-devel-linux-x86_64-fedora-gcc 0.2.1 24.40 NOTE
r-devel-osx-x86_64-clang 0.2.1 11.66 NOTE
r-devel-windows-ix86+x86_64 0.2.1 6.00 53.00 59.00 NOTE
r-patched-linux-x86_64 0.2.1 0.94 14.03 14.98 NOTE
r-patched-solaris-sparc 0.2.1 164.10 NOTE
r-patched-solaris-x86 0.2.1 41.90 NOTE
r-release-linux-x86_64 0.2.1 0.86 13.82 14.68 NOTE
r-release-osx-x86_64-mavericks 0.2.1 NOTE
r-release-windows-ix86+x86_64 0.2.1 5.00 33.00 38.00 NOTE
r-oldrel-windows-ix86+x86_64 0.2.1 6.00 33.00 39.00 NOTE

Check Details

Version: 0.2.1
Check: dependencies in R code
Result: NOTE
    'library' or 'require' call to ‘ROAuth’ in package code.
     Please use :: or requireNamespace() instead.
     See section 'Suggested packages' in the 'Writing R Extensions' manual.
Flavors: r-devel-linux-x86_64-debian-gcc, r-devel-linux-x86_64-fedora-clang, r-devel-linux-x86_64-fedora-gcc, r-devel-osx-x86_64-clang, r-devel-windows-ix86+x86_64, r-patched-linux-x86_64, r-patched-solaris-sparc, r-patched-solaris-x86, r-release-linux-x86_64, r-release-osx-x86_64-mavericks, r-release-windows-ix86+x86_64, r-oldrel-windows-ix86+x86_64