CRAN Package Check Results for Package streamR

Last updated on 2018-02-23 18:47:57 CET.

Flavor Version Tinstall Tcheck Ttotal Status Flags
r-devel-linux-x86_64-debian-clang 0.2.1 1.93 24.23 26.16 WARN
r-devel-linux-x86_64-debian-gcc 0.2.1 1.51 19.38 20.89 WARN
r-devel-linux-x86_64-fedora-clang 0.2.1 31.87 WARN
r-devel-linux-x86_64-fedora-gcc 0.2.1 29.15 WARN
r-devel-windows-ix86+x86_64 0.2.1 6.00 38.00 44.00 WARN
r-patched-linux-x86_64 0.2.1 1.27 23.83 25.10 NOTE
r-patched-solaris-x86 0.2.1 47.00 NOTE
r-release-linux-x86_64 0.2.1 1.35 23.75 25.10 NOTE
r-release-windows-ix86+x86_64 0.2.1 4.00 49.00 53.00 NOTE
r-release-osx-x86_64 0.2.1 NOTE
r-oldrel-windows-ix86+x86_64 0.2.1 4.00 36.00 40.00 NOTE
r-oldrel-osx-x86_64 0.2.1 NOTE

Check Details

Version: 0.2.1
Check: whether package can be installed
Result: WARN
    Found the following significant warnings:
     Note: break may be used in wrong context: no loop is visible
Flavors: r-devel-linux-x86_64-debian-clang, r-devel-linux-x86_64-debian-gcc, r-devel-linux-x86_64-fedora-clang, r-devel-linux-x86_64-fedora-gcc, r-devel-windows-ix86+x86_64

Version: 0.2.1
Check: dependencies in R code
Result: NOTE
    'library' or 'require' call to ‘ROAuth’ in package code.
     Please use :: or requireNamespace() instead.
     See section 'Suggested packages' in the 'Writing R Extensions' manual.
Flavors: r-devel-linux-x86_64-debian-clang, r-devel-linux-x86_64-debian-gcc, r-devel-linux-x86_64-fedora-clang, r-devel-linux-x86_64-fedora-gcc, r-devel-windows-ix86+x86_64, r-patched-linux-x86_64, r-patched-solaris-x86, r-release-linux-x86_64, r-release-windows-ix86+x86_64, r-release-osx-x86_64, r-oldrel-windows-ix86+x86_64, r-oldrel-osx-x86_64