CRAN Package Check Results for Package streamR

Last updated on 2017-11-23 00:47:54 CET.

Flavor Version Tinstall Tcheck Ttotal Status Flags
r-devel-linux-x86_64-debian-clang 0.2.1 0.88 23.69 24.57 NOTE
r-devel-linux-x86_64-debian-gcc 0.2.1 1.10 40.54 41.63 NOTE
r-devel-linux-x86_64-fedora-clang 0.2.1 26.71 NOTE
r-devel-linux-x86_64-fedora-gcc 0.2.1 46.87 NOTE
r-devel-windows-ix86+x86_64 0.2.1 3.00 34.00 37.00 NOTE
r-patched-linux-x86_64 0.2.1 0.92 16.41 17.33 NOTE
r-patched-solaris-x86 0.2.1 47.50 NOTE
r-release-linux-x86_64 0.2.1 0.94 16.28 17.21 NOTE
r-release-windows-ix86+x86_64 0.2.1 3.00 53.00 56.00 NOTE
r-release-osx-x86_64 0.2.1 NOTE
r-oldrel-windows-ix86+x86_64 0.2.1 3.00 55.00 58.00 NOTE
r-oldrel-osx-x86_64 0.2.1 NOTE

Check Details

Version: 0.2.1
Check: dependencies in R code
Result: NOTE
    'library' or 'require' call to ‘ROAuth’ in package code.
     Please use :: or requireNamespace() instead.
     See section 'Suggested packages' in the 'Writing R Extensions' manual.
Flavors: r-devel-linux-x86_64-debian-clang, r-devel-linux-x86_64-debian-gcc, r-devel-linux-x86_64-fedora-clang, r-devel-linux-x86_64-fedora-gcc, r-devel-windows-ix86+x86_64, r-patched-linux-x86_64, r-patched-solaris-x86, r-release-linux-x86_64, r-release-windows-ix86+x86_64, r-release-osx-x86_64, r-oldrel-windows-ix86+x86_64, r-oldrel-osx-x86_64