CRAN Package Check Results for Package stressr

Last updated on 2017-11-21 08:57:53 CET.

Flavor Version Tinstall Tcheck Ttotal Status Flags
r-devel-linux-x86_64-debian-clang 1.0.0 1.28 21.94 23.22 NOTE
r-devel-linux-x86_64-debian-gcc 1.0.0 1.32 52.93 54.26 NOTE
r-devel-linux-x86_64-fedora-clang 1.0.0 37.12 NOTE
r-devel-linux-x86_64-fedora-gcc 1.0.0 61.69 NOTE
r-devel-windows-ix86+x86_64 1.0.0 6.00 47.00 53.00 NOTE
r-patched-linux-x86_64 1.0.0 1.56 23.16 24.73 NOTE
r-patched-solaris-x86 1.0.0 60.60 NOTE
r-release-linux-x86_64 1.0.0 1.58 23.99 25.57 NOTE
r-release-windows-ix86+x86_64 1.0.0 4.00 43.00 47.00 NOTE
r-release-osx-x86_64 1.0.0 NOTE
r-oldrel-windows-ix86+x86_64 1.0.0 4.00 57.00 61.00 NOTE
r-oldrel-osx-x86_64 1.0.0 NOTE

Check Details

Version: 1.0.0
Check: DESCRIPTION meta-information
Result: NOTE
    Malformed Title field: should not end in a period.
Flavors: r-devel-linux-x86_64-debian-clang, r-devel-linux-x86_64-debian-gcc, r-devel-linux-x86_64-fedora-clang, r-devel-linux-x86_64-fedora-gcc, r-devel-windows-ix86+x86_64, r-patched-linux-x86_64, r-patched-solaris-x86, r-release-linux-x86_64, r-release-windows-ix86+x86_64, r-release-osx-x86_64, r-oldrel-windows-ix86+x86_64, r-oldrel-osx-x86_64