CRAN Package Check Results for Package stressr

Last updated on 2015-05-28 17:48:15.

Flavor Version Tinstall Tcheck Ttotal Status Flags
r-devel-linux-x86_64-debian-clang 1.0.0 1.36 18.99 20.35 NOTE
r-devel-linux-x86_64-debian-gcc 1.0.0 1.22 19.02 20.24 NOTE
r-devel-linux-x86_64-fedora-clang 1.0.0 40.48 NOTE
r-devel-linux-x86_64-fedora-gcc 1.0.0 37.84 NOTE
r-devel-osx-x86_64-clang 1.0.0 36.70 NOTE
r-devel-windows-ix86+x86_64 1.0.0 5.00 30.00 35.00 NOTE
r-patched-linux-x86_64 1.0.0 1.22 19.04 20.26 NOTE
r-patched-solaris-sparc 1.0.0 242.30 NOTE
r-patched-solaris-x86 1.0.0 57.80 NOTE
r-release-linux-x86_64 1.0.0 1.38 19.55 20.94 NOTE
r-release-osx-x86_64-mavericks 1.0.0 NOTE
r-release-osx-x86_64-snowleopard 1.0.0 ERROR
r-release-windows-ix86+x86_64 1.0.0 5.00 30.00 35.00 NOTE
r-oldrel-windows-ix86+x86_64 1.0.0 6.00 37.00 43.00 OK

Check Details

Version: 1.0.0
Check: DESCRIPTION meta-information
Result: NOTE
    Malformed Title field: should not end in a period.
Flavors: r-devel-linux-x86_64-debian-clang, r-devel-linux-x86_64-debian-gcc, r-devel-linux-x86_64-fedora-clang, r-devel-linux-x86_64-fedora-gcc, r-devel-osx-x86_64-clang, r-devel-windows-ix86+x86_64, r-patched-linux-x86_64, r-patched-solaris-sparc, r-patched-solaris-x86, r-release-linux-x86_64, r-release-osx-x86_64-mavericks, r-release-windows-ix86+x86_64

Version: 1.0.0
Check: package dependencies
Result: ERROR
    Packages required but not available: ‘xts’ ‘XML’ ‘latticeExtra’
    
    See section ‘The DESCRIPTION file’ in the ‘Writing R Extensions’
    manual.
Flavor: r-release-osx-x86_64-snowleopard