CRAN Package Check Results for Package stressr

Last updated on 2017-07-21 18:47:19.

Flavor Version Tinstall Tcheck Ttotal Status Flags
r-devel-linux-x86_64-debian-clang 1.0.0 1.43 30.35 31.78 NOTE
r-devel-linux-x86_64-debian-gcc 1.0.0 1.37 29.18 30.55 NOTE
r-devel-linux-x86_64-fedora-clang 1.0.0 41.29 NOTE
r-devel-linux-x86_64-fedora-gcc 1.0.0 39.52 NOTE
r-devel-windows-ix86+x86_64 1.0.0 9.00 59.00 68.00 NOTE
r-patched-linux-x86_64 1.0.0 1.52 30.36 31.89 NOTE
r-patched-solaris-x86 1.0.0 61.00 NOTE
r-release-linux-x86_64 1.0.0 1.54 29.16 30.69 NOTE
r-release-windows-ix86+x86_64 1.0.0 5.00 61.00 66.00 NOTE
r-release-osx-x86_64 1.0.0 NOTE
r-oldrel-windows-ix86+x86_64 1.0.0 4.00 58.00 62.00 NOTE
r-oldrel-osx-x86_64 1.0.0 NOTE

Check Details

Version: 1.0.0
Check: DESCRIPTION meta-information
Result: NOTE
    Malformed Title field: should not end in a period.
Flavors: r-devel-linux-x86_64-debian-clang, r-devel-linux-x86_64-debian-gcc, r-devel-linux-x86_64-fedora-clang, r-devel-linux-x86_64-fedora-gcc, r-devel-windows-ix86+x86_64, r-patched-linux-x86_64, r-patched-solaris-x86, r-release-linux-x86_64, r-release-windows-ix86+x86_64, r-release-osx-x86_64, r-oldrel-windows-ix86+x86_64, r-oldrel-osx-x86_64