CRAN Package Check Results for Package stressr

Last updated on 2016-07-01 05:48:41.

Flavor Version Tinstall Tcheck Ttotal Status Flags
r-devel-linux-x86_64-debian-gcc 1.0.0 1.51 19.27 20.78 NOTE
r-devel-linux-x86_64-fedora-clang 1.0.0 34.93 NOTE
r-devel-linux-x86_64-fedora-gcc 1.0.0 33.00 NOTE
r-devel-osx-x86_64-clang 1.0.0 28.56 NOTE
r-devel-windows-ix86+x86_64 1.0.0 4.00 37.00 41.00 NOTE
r-patched-linux-x86_64 1.0.0 1.38 20.14 21.51 NOTE
r-patched-solaris-sparc 1.0.0 211.40 NOTE
r-patched-solaris-x86 1.0.0 55.00 NOTE
r-release-linux-x86_64 1.0.0 1.24 19.45 20.69 NOTE
r-release-osx-x86_64-mavericks 1.0.0 NOTE
r-release-windows-ix86+x86_64 1.0.0 6.00 40.00 46.00 NOTE
r-oldrel-windows-ix86+x86_64 1.0.0 7.00 38.00 45.00 NOTE

Check Details

Version: 1.0.0
Check: DESCRIPTION meta-information
Result: NOTE
    Malformed Title field: should not end in a period.
Flavors: r-devel-linux-x86_64-debian-gcc, r-devel-linux-x86_64-fedora-clang, r-devel-linux-x86_64-fedora-gcc, r-devel-osx-x86_64-clang, r-devel-windows-ix86+x86_64, r-patched-linux-x86_64, r-patched-solaris-sparc, r-patched-solaris-x86, r-release-linux-x86_64, r-release-osx-x86_64-mavericks, r-release-windows-ix86+x86_64, r-oldrel-windows-ix86+x86_64