CRAN Package Check Results for Package stressr

Last updated on 2016-10-01 10:47:56.

Flavor Version Tinstall Tcheck Ttotal Status Flags
r-devel-linux-x86_64-debian-clang 1.0.0 1.31 18.90 20.21 NOTE
r-devel-linux-x86_64-debian-gcc 1.0.0 1.27 18.85 20.13 NOTE
r-devel-linux-x86_64-fedora-clang 1.0.0 37.53 NOTE
r-devel-linux-x86_64-fedora-gcc 1.0.0 33.41 NOTE
r-devel-macos-x86_64-clang 1.0.0 27.68 NOTE
r-devel-windows-ix86+x86_64 1.0.0 4.00 50.00 54.00 NOTE
r-patched-linux-x86_64 1.0.0 1.46 17.76 19.21 NOTE
r-patched-solaris-sparc 1.0.0 211.40 NOTE
r-patched-solaris-x86 1.0.0 48.80 NOTE
r-release-linux-x86_64 1.0.0 1.19 17.98 19.17 NOTE
r-release-osx-x86_64-mavericks 1.0.0 NOTE
r-release-windows-ix86+x86_64 1.0.0 4.00 39.00 43.00 NOTE
r-oldrel-windows-ix86+x86_64 1.0.0 9.00 52.00 61.00 NOTE

Check Details

Version: 1.0.0
Check: DESCRIPTION meta-information
Result: NOTE
    Malformed Title field: should not end in a period.
Flavors: r-devel-linux-x86_64-debian-clang, r-devel-linux-x86_64-debian-gcc, r-devel-linux-x86_64-fedora-clang, r-devel-linux-x86_64-fedora-gcc, r-devel-macos-x86_64-clang, r-devel-windows-ix86+x86_64, r-patched-linux-x86_64, r-patched-solaris-sparc, r-patched-solaris-x86, r-release-linux-x86_64, r-release-osx-x86_64-mavericks, r-release-windows-ix86+x86_64, r-oldrel-windows-ix86+x86_64