CRAN Package Check Results for Package stressr

Last updated on 2017-03-30 20:47:31.

Flavor Version Tinstall Tcheck Ttotal Status Flags
r-devel-linux-x86_64-debian-clang 1.0.0 1.45 23.42 24.87 NOTE
r-devel-linux-x86_64-debian-gcc 1.0.0 1.57 23.34 24.91 NOTE
r-devel-linux-x86_64-fedora-clang 1.0.0 40.31 NOTE --no-stop-on-test-error
r-devel-linux-x86_64-fedora-gcc 1.0.0 39.42 NOTE --no-stop-on-test-error
r-devel-macos-x86_64-clang 1.0.0 32.63 NOTE --no-stop-on-test-error
r-devel-windows-ix86+x86_64 1.0.0 5.00 54.00 59.00 NOTE
r-patched-linux-x86_64 1.0.0 1.51 22.99 24.50 NOTE
r-patched-solaris-sparc 1.0.0 241.90 NOTE
r-release-linux-x86_64 1.0.0 1.46 18.12 19.58 NOTE
r-release-osx-x86_64-mavericks 1.0.0 NOTE
r-release-windows-ix86+x86_64 1.0.0 11.00 39.00 50.00 NOTE
r-oldrel-windows-ix86+x86_64 1.0.0 8.00 54.00 62.00 NOTE

Check Details

Version: 1.0.0
Check: DESCRIPTION meta-information
Result: NOTE
    Malformed Title field: should not end in a period.
Flavors: r-devel-linux-x86_64-debian-clang, r-devel-linux-x86_64-debian-gcc, r-devel-windows-ix86+x86_64, r-patched-linux-x86_64, r-patched-solaris-sparc, r-release-linux-x86_64, r-release-osx-x86_64-mavericks, r-release-windows-ix86+x86_64, r-oldrel-windows-ix86+x86_64

Version: 1.0.0
Flags: --no-stop-on-test-error
Check: DESCRIPTION meta-information
Result: NOTE
    Malformed Title field: should not end in a period.
Flavors: r-devel-linux-x86_64-fedora-clang, r-devel-linux-x86_64-fedora-gcc, r-devel-macos-x86_64-clang