CRAN Package Check Results for Package stressr

Last updated on 2015-07-28 23:47:53.

Flavor Version Tinstall Tcheck Ttotal Status Flags
r-devel-linux-x86_64-debian-clang 1.0.0 1.28 18.75 20.03 NOTE
r-devel-linux-x86_64-debian-gcc 1.0.0 1.24 18.19 19.42 NOTE
r-devel-linux-x86_64-fedora-clang 1.0.0 38.63 NOTE
r-devel-linux-x86_64-fedora-gcc 1.0.0 36.45 NOTE
r-devel-osx-x86_64-clang 1.0.0 30.57 NOTE
r-devel-windows-ix86+x86_64 1.0.0 4.00 30.00 34.00 NOTE
r-patched-linux-x86_64 1.0.0 1.31 18.76 20.06 NOTE
r-patched-solaris-sparc 1.0.0 240.90 NOTE
r-patched-solaris-x86 1.0.0 58.90 NOTE
r-release-linux-x86_64 1.0.0 1.30 18.73 20.04 NOTE
r-release-osx-x86_64-mavericks 1.0.0 NOTE
r-release-windows-ix86+x86_64 1.0.0 7.00 31.00 38.00 NOTE
r-oldrel-windows-ix86+x86_64 1.0.0 6.00 38.00 44.00 OK

Check Details

Version: 1.0.0
Check: DESCRIPTION meta-information
Result: NOTE
    Malformed Title field: should not end in a period.
Flavors: r-devel-linux-x86_64-debian-clang, r-devel-linux-x86_64-debian-gcc, r-devel-linux-x86_64-fedora-clang, r-devel-linux-x86_64-fedora-gcc, r-devel-osx-x86_64-clang, r-devel-windows-ix86+x86_64, r-patched-linux-x86_64, r-patched-solaris-sparc, r-patched-solaris-x86, r-release-linux-x86_64, r-release-osx-x86_64-mavericks, r-release-windows-ix86+x86_64