CRAN Package Check Results for Package stressr

Last updated on 2016-12-03 12:48:41.

Flavor Version Tinstall Tcheck Ttotal Status Flags
r-devel-linux-x86_64-debian-clang 1.0.0 1.58 22.46 24.04 NOTE
r-devel-linux-x86_64-debian-gcc 1.0.0 1.57 22.51 24.08 NOTE
r-devel-linux-x86_64-fedora-clang 1.0.0 42.12 NOTE
r-devel-linux-x86_64-fedora-gcc 1.0.0 41.32 NOTE
r-devel-macos-x86_64-clang 1.0.0 34.23 NOTE
r-devel-windows-ix86+x86_64 1.0.0 5.00 43.00 48.00 NOTE
r-patched-linux-x86_64 1.0.0 1.26 17.85 19.11 NOTE
r-patched-solaris-sparc 1.0.0 211.40 NOTE
r-patched-solaris-x86 1.0.0 52.10 NOTE
r-release-linux-x86_64 1.0.0 1.25 17.85 19.10 NOTE
r-release-osx-x86_64-mavericks 1.0.0 NOTE
r-release-windows-ix86+x86_64 1.0.0 7.00 47.00 54.00 NOTE
r-oldrel-windows-ix86+x86_64 1.0.0 6.00 37.00 43.00 NOTE

Check Details

Version: 1.0.0
Check: DESCRIPTION meta-information
Result: NOTE
    Malformed Title field: should not end in a period.
Flavors: r-devel-linux-x86_64-debian-clang, r-devel-linux-x86_64-debian-gcc, r-devel-linux-x86_64-fedora-clang, r-devel-linux-x86_64-fedora-gcc, r-devel-macos-x86_64-clang, r-devel-windows-ix86+x86_64, r-patched-linux-x86_64, r-patched-solaris-sparc, r-patched-solaris-x86, r-release-linux-x86_64, r-release-osx-x86_64-mavericks, r-release-windows-ix86+x86_64, r-oldrel-windows-ix86+x86_64