CRAN Package Check Results for Package stressr

Last updated on 2018-04-25 02:47:32 CEST.

Flavor Version Tinstall Tcheck Ttotal Status Flags
r-devel-linux-x86_64-debian-clang 1.0.0 2.30 32.15 34.45 NOTE
r-devel-linux-x86_64-debian-gcc 1.0.0 1.81 25.69 27.50 NOTE
r-devel-linux-x86_64-fedora-clang 1.0.0 40.16 NOTE
r-devel-linux-x86_64-fedora-gcc 1.0.0 39.02 NOTE
r-devel-windows-ix86+x86_64 1.0.0 6.00 43.00 49.00 NOTE
r-patched-linux-x86_64 1.0.0 1.79 31.42 33.21 NOTE
r-patched-solaris-x86 1.0.0 67.90 NOTE
r-release-linux-x86_64 1.0.0 2.29 31.32 33.61 NOTE
r-release-windows-ix86+x86_64 1.0.0 6.00 43.00 49.00 NOTE
r-release-osx-x86_64 1.0.0 NOTE
r-oldrel-windows-ix86+x86_64 1.0.0 5.00 61.00 66.00 NOTE
r-oldrel-osx-x86_64 1.0.0 NOTE

Check Details

Version: 1.0.0
Check: DESCRIPTION meta-information
Result: NOTE
    Malformed Title field: should not end in a period.
Flavors: r-devel-linux-x86_64-debian-clang, r-devel-linux-x86_64-debian-gcc, r-devel-linux-x86_64-fedora-clang, r-devel-linux-x86_64-fedora-gcc, r-devel-windows-ix86+x86_64, r-patched-linux-x86_64, r-patched-solaris-x86, r-release-linux-x86_64, r-release-windows-ix86+x86_64, r-release-osx-x86_64, r-oldrel-windows-ix86+x86_64, r-oldrel-osx-x86_64