CRAN Package Check Results for Package stressr

Last updated on 2017-09-19 23:48:25.

Flavor Version Tinstall Tcheck Ttotal Status Flags
r-devel-linux-x86_64-debian-clang 1.0.0 1.76 22.92 24.68 NOTE
r-devel-linux-x86_64-debian-gcc 1.0.0 1.60 23.10 24.70 NOTE
r-devel-linux-x86_64-fedora-clang 1.0.0 43.73 NOTE
r-devel-linux-x86_64-fedora-gcc 1.0.0 41.12 NOTE
r-devel-windows-ix86+x86_64 1.0.0 4.00 64.00 68.00 NOTE
r-patched-linux-x86_64 1.0.0 1.50 24.10 25.60 NOTE
r-patched-solaris-x86 1.0.0 60.70 NOTE
r-release-linux-x86_64 1.0.0 1.49 23.29 24.78 NOTE
r-release-windows-ix86+x86_64 1.0.0 4.00 47.00 51.00 NOTE
r-release-osx-x86_64 1.0.0 NOTE
r-oldrel-windows-ix86+x86_64 1.0.0 4.00 38.00 42.00 NOTE
r-oldrel-osx-x86_64 1.0.0 NOTE

Check Details

Version: 1.0.0
Check: DESCRIPTION meta-information
Result: NOTE
    Malformed Title field: should not end in a period.
Flavors: r-devel-linux-x86_64-debian-clang, r-devel-linux-x86_64-debian-gcc, r-devel-linux-x86_64-fedora-clang, r-devel-linux-x86_64-fedora-gcc, r-devel-windows-ix86+x86_64, r-patched-linux-x86_64, r-patched-solaris-x86, r-release-linux-x86_64, r-release-windows-ix86+x86_64, r-release-osx-x86_64, r-oldrel-windows-ix86+x86_64, r-oldrel-osx-x86_64