CRAN Package Check Results for Package stressr

Last updated on 2017-02-19 14:52:25.

Flavor Version Tinstall Tcheck Ttotal Status Flags
r-devel-linux-x86_64-debian-clang 1.0.0 1.37 22.82 24.20 NOTE
r-devel-linux-x86_64-debian-gcc 1.0.0 1.42 22.26 23.68 NOTE
r-devel-linux-x86_64-fedora-clang 1.0.0 40.01 NOTE --no-stop-on-test-error
r-devel-linux-x86_64-fedora-gcc 1.0.0 38.35 NOTE --no-stop-on-test-error
r-devel-macos-x86_64-clang 1.0.0 32.98 NOTE --no-stop-on-test-error
r-devel-windows-ix86+x86_64 1.0.0 5.00 59.00 64.00 NOTE
r-patched-linux-x86_64 1.0.0 1.35 18.06 19.41 NOTE
r-patched-solaris-sparc 1.0.0 213.10 NOTE
r-patched-solaris-x86 1.0.0 52.10 NOTE
r-release-linux-x86_64 1.0.0 1.26 17.78 19.04 NOTE
r-release-osx-x86_64-mavericks 1.0.0 NOTE
r-release-windows-ix86+x86_64 1.0.0 4.00 39.00 43.00 NOTE
r-oldrel-windows-ix86+x86_64 1.0.0 8.00 49.00 57.00 NOTE

Check Details

Version: 1.0.0
Check: DESCRIPTION meta-information
Result: NOTE
    Malformed Title field: should not end in a period.
Flavors: r-devel-linux-x86_64-debian-clang, r-devel-linux-x86_64-debian-gcc, r-devel-windows-ix86+x86_64, r-patched-linux-x86_64, r-patched-solaris-sparc, r-patched-solaris-x86, r-release-linux-x86_64, r-release-osx-x86_64-mavericks, r-release-windows-ix86+x86_64, r-oldrel-windows-ix86+x86_64

Version: 1.0.0
Flags: --no-stop-on-test-error
Check: DESCRIPTION meta-information
Result: NOTE
    Malformed Title field: should not end in a period.
Flavors: r-devel-linux-x86_64-fedora-clang, r-devel-linux-x86_64-fedora-gcc, r-devel-macos-x86_64-clang