CRAN Package Check Results for Package stressr

Last updated on 2017-05-27 20:46:37.

Flavor Version Tinstall Tcheck Ttotal Status Flags
r-devel-linux-x86_64-debian-clang 1.0.0 1.79 24.25 26.04 NOTE
r-devel-linux-x86_64-debian-gcc 1.0.0 1.70 24.06 25.76 NOTE
r-devel-linux-x86_64-fedora-clang 1.0.0 42.80 NOTE
r-devel-linux-x86_64-fedora-gcc 1.0.0 39.88 NOTE
r-devel-windows-ix86+x86_64 1.0.0 5.00 46.00 51.00 NOTE
r-patched-linux-x86_64 1.0.0 1.73 23.74 25.47 NOTE
r-patched-solaris-sparc 1.0.0 241.90 NOTE
r-patched-solaris-x86 1.0.0 59.30 NOTE
r-release-linux-x86_64 1.0.0 1.60 23.90 25.50 NOTE
r-release-windows-ix86+x86_64 1.0.0 4.00 43.00 47.00 NOTE
r-release-osx-x86_64 1.0.0 NOTE
r-oldrel-windows-ix86+x86_64 1.0.0 7.00 40.00 47.00 NOTE
r-oldrel-osx-x86_64 1.0.0 NOTE

Check Details

Version: 1.0.0
Check: DESCRIPTION meta-information
Result: NOTE
    Malformed Title field: should not end in a period.
Flavors: r-devel-linux-x86_64-debian-clang, r-devel-linux-x86_64-debian-gcc, r-devel-linux-x86_64-fedora-clang, r-devel-linux-x86_64-fedora-gcc, r-devel-windows-ix86+x86_64, r-patched-linux-x86_64, r-patched-solaris-sparc, r-patched-solaris-x86, r-release-linux-x86_64, r-release-windows-ix86+x86_64, r-release-osx-x86_64, r-oldrel-windows-ix86+x86_64, r-oldrel-osx-x86_64