CRAN Package Check Results for Package stressr

Last updated on 2016-08-27 06:47:52.

Flavor Version Tinstall Tcheck Ttotal Status Flags
r-devel-linux-x86_64-debian-clang 1.0.0 1.27 17.88 19.15 NOTE
r-devel-linux-x86_64-debian-gcc 1.0.0 1.78 23.02 24.80 NOTE
r-devel-linux-x86_64-fedora-clang 1.0.0 35.17 NOTE
r-devel-linux-x86_64-fedora-gcc 1.0.0 33.19 NOTE
r-devel-osx-x86_64-clang 1.0.0 29.03 NOTE
r-devel-windows-ix86+x86_64 1.0.0 5.00 39.00 44.00 NOTE
r-patched-linux-x86_64 1.0.0 1.30 17.79 19.10 NOTE
r-patched-solaris-sparc 1.0.0 211.40 NOTE
r-patched-solaris-x86 1.0.0 52.00 NOTE
r-release-linux-x86_64 1.0.0 1.31 17.98 19.29 NOTE
r-release-osx-x86_64-mavericks 1.0.0 NOTE
r-release-windows-ix86+x86_64 1.0.0 7.00 38.00 45.00 NOTE
r-oldrel-windows-ix86+x86_64 1.0.0 5.00 53.00 58.00 NOTE

Check Details

Version: 1.0.0
Check: DESCRIPTION meta-information
Result: NOTE
    Malformed Title field: should not end in a period.
Flavors: r-devel-linux-x86_64-debian-clang, r-devel-linux-x86_64-debian-gcc, r-devel-linux-x86_64-fedora-clang, r-devel-linux-x86_64-fedora-gcc, r-devel-osx-x86_64-clang, r-devel-windows-ix86+x86_64, r-patched-linux-x86_64, r-patched-solaris-sparc, r-patched-solaris-x86, r-release-linux-x86_64, r-release-osx-x86_64-mavericks, r-release-windows-ix86+x86_64, r-oldrel-windows-ix86+x86_64