CRAN Package Check Results for Package stressr

Last updated on 2015-09-04 06:48:24.

Flavor Version Tinstall Tcheck Ttotal Status Flags
r-devel-linux-x86_64-debian-clang 1.0.0 1.27 18.28 19.55 NOTE
r-devel-linux-x86_64-debian-gcc 1.0.0 1.17 17.96 19.13 NOTE
r-devel-linux-x86_64-fedora-clang 1.0.0 38.57 NOTE
r-devel-linux-x86_64-fedora-gcc 1.0.0 35.49 NOTE
r-devel-osx-x86_64-clang 1.0.0 28.77 NOTE
r-devel-windows-ix86+x86_64 1.0.0 5.00 32.00 37.00 NOTE
r-patched-linux-x86_64 1.0.0 1.29 18.71 20.00 NOTE
r-patched-solaris-sparc 1.0.0 240.90 NOTE
r-patched-solaris-x86 1.0.0 57.70 NOTE
r-release-linux-x86_64 1.0.0 1.39 19.10 20.49 NOTE
r-release-osx-x86_64-mavericks 1.0.0 NOTE
r-release-windows-ix86+x86_64 1.0.0 6.00 35.00 41.00 NOTE
r-oldrel-windows-ix86+x86_64 1.0.0 10.00 40.00 50.00 OK

Check Details

Version: 1.0.0
Check: DESCRIPTION meta-information
Result: NOTE
    Malformed Title field: should not end in a period.
Flavors: r-devel-linux-x86_64-debian-clang, r-devel-linux-x86_64-debian-gcc, r-devel-linux-x86_64-fedora-clang, r-devel-linux-x86_64-fedora-gcc, r-devel-osx-x86_64-clang, r-devel-windows-ix86+x86_64, r-patched-linux-x86_64, r-patched-solaris-sparc, r-patched-solaris-x86, r-release-linux-x86_64, r-release-osx-x86_64-mavericks, r-release-windows-ix86+x86_64