CRAN Package Check Results for Package stressr

Last updated on 2015-04-21 02:48:47.

Flavor Version Tinstall Tcheck Ttotal Status Flags
r-devel-linux-x86_64-debian-clang 1.0.0 1.40 18.96 20.37 NOTE
r-devel-linux-x86_64-debian-gcc 1.0.0 1.56 19.46 21.02 NOTE
r-devel-linux-x86_64-fedora-clang 1.0.0 41.69 NOTE
r-devel-linux-x86_64-fedora-gcc 1.0.0 38.24 NOTE
r-devel-osx-x86_64-clang 1.0.0 38.14 NOTE
r-devel-windows-ix86+x86_64 1.0.0 7.00 41.00 48.00 NOTE
r-patched-linux-x86_64 1.0.0 1.26 19.40 20.67 NOTE
r-patched-solaris-sparc 1.0.0 236.70 NOTE
r-patched-solaris-x86 1.0.0 56.20 NOTE
r-release-linux-x86_64 1.0.0 1.24 20.45 21.68 NOTE
r-release-osx-x86_64-mavericks 1.0.0 NOTE
r-release-osx-x86_64-snowleopard 1.0.0 ERROR
r-release-windows-ix86+x86_64 1.0.0 4.00 26.00 30.00 NOTE
r-oldrel-windows-ix86+x86_64 1.0.0 5.00 35.00 40.00 OK

Check Details

Version: 1.0.0
Check: DESCRIPTION meta-information
Result: NOTE
    Malformed Title field: should not end in a period.
Flavors: r-devel-linux-x86_64-debian-clang, r-devel-linux-x86_64-debian-gcc, r-devel-linux-x86_64-fedora-clang, r-devel-linux-x86_64-fedora-gcc, r-devel-osx-x86_64-clang, r-devel-windows-ix86+x86_64, r-patched-linux-x86_64, r-patched-solaris-sparc, r-patched-solaris-x86, r-release-linux-x86_64, r-release-osx-x86_64-mavericks, r-release-windows-ix86+x86_64

Version: 1.0.0
Check: package dependencies
Result: ERROR
    Packages required but not available: ‘xts’ ‘XML’ ‘latticeExtra’
    
    See section ‘The DESCRIPTION file’ in the ‘Writing R Extensions’
    manual.
Flavor: r-release-osx-x86_64-snowleopard