CRAN Package Check Results for Package stressr

Last updated on 2022-09-29 02:49:54 CEST.

Flavor Version Tinstall Tcheck Ttotal Status Flags
r-devel-linux-x86_64-debian-clang 1.0.0 5.15 47.15 52.30 NOTE
r-devel-linux-x86_64-debian-gcc 1.0.0 4.02 36.24 40.26 NOTE
r-devel-linux-x86_64-fedora-clang 1.0.0 75.86 NOTE
r-devel-linux-x86_64-fedora-gcc 1.0.0 71.13 NOTE
r-devel-windows-x86_64 1.0.0 16.00 76.00 92.00 NOTE
r-patched-linux-x86_64 1.0.0 5.25 45.86 51.11 NOTE
r-release-linux-x86_64 1.0.0 3.71 46.05 49.76 NOTE
r-release-macos-arm64 1.0.0 23.00 NOTE
r-release-macos-x86_64 1.0.0 32.00 NOTE
r-release-windows-x86_64 1.0.0 18.00 78.00 96.00 NOTE
r-oldrel-macos-arm64 1.0.0 25.00 NOTE
r-oldrel-macos-x86_64 1.0.0 38.00 NOTE
r-oldrel-windows-ix86+x86_64 1.0.0 10.00 76.00 86.00 NOTE

Check Details

Version: 1.0.0
Check: DESCRIPTION meta-information
Result: NOTE
    Malformed Title field: should not end in a period.
Flavors: r-devel-linux-x86_64-debian-clang, r-devel-linux-x86_64-debian-gcc, r-devel-linux-x86_64-fedora-clang, r-devel-linux-x86_64-fedora-gcc, r-devel-windows-x86_64, r-patched-linux-x86_64, r-release-linux-x86_64, r-release-macos-arm64, r-release-macos-x86_64, r-release-windows-x86_64, r-oldrel-macos-arm64, r-oldrel-macos-x86_64, r-oldrel-windows-ix86+x86_64