CRAN Package Check Results for Package stressr

Last updated on 2015-06-30 18:47:36.

Flavor Version Tinstall Tcheck Ttotal Status Flags
r-devel-linux-x86_64-debian-clang 1.0.0 1.21 19.58 20.79 NOTE
r-devel-linux-x86_64-debian-gcc 1.0.0 1.29 18.40 19.70 NOTE
r-devel-linux-x86_64-fedora-clang 1.0.0 39.33 NOTE
r-devel-linux-x86_64-fedora-gcc 1.0.0 36.75 NOTE
r-devel-osx-x86_64-clang 1.0.0 31.57 NOTE
r-devel-windows-ix86+x86_64 1.0.0 4.00 30.00 34.00 NOTE
r-patched-linux-x86_64 1.0.0 1.22 18.30 19.51 NOTE
r-patched-solaris-sparc 1.0.0 242.30 NOTE
r-patched-solaris-x86 1.0.0 54.00 NOTE
r-release-linux-x86_64 1.0.0 1.30 18.84 20.15 NOTE
r-release-osx-x86_64-mavericks 1.0.0 NOTE
r-release-windows-ix86+x86_64 1.0.0 6.00 32.00 38.00 NOTE
r-oldrel-windows-ix86+x86_64 1.0.0 6.00 37.00 43.00 OK

Check Details

Version: 1.0.0
Check: DESCRIPTION meta-information
Result: NOTE
    Malformed Title field: should not end in a period.
Flavors: r-devel-linux-x86_64-debian-clang, r-devel-linux-x86_64-debian-gcc, r-devel-linux-x86_64-fedora-clang, r-devel-linux-x86_64-fedora-gcc, r-devel-osx-x86_64-clang, r-devel-windows-ix86+x86_64, r-patched-linux-x86_64, r-patched-solaris-sparc, r-patched-solaris-x86, r-release-linux-x86_64, r-release-osx-x86_64-mavericks, r-release-windows-ix86+x86_64