CRAN Package Check Results for Package stressr

Last updated on 2015-03-30 07:48:41.

Flavor Version Tinstall Tcheck Ttotal Status Flags
r-devel-linux-x86_64-debian-clang 1.0.0 1.26 19.43 20.68 NOTE
r-devel-linux-x86_64-debian-gcc 1.0.0 1.26 19.47 20.74 NOTE
r-devel-linux-x86_64-fedora-clang 1.0.0 40.38 NOTE
r-devel-linux-x86_64-fedora-gcc 1.0.0 38.79 NOTE
r-devel-osx-x86_64-clang 1.0.0 41.19 NOTE
r-prerel-windows-ix86+x86_64 1.0.0 5.00 33.00 38.00 NOTE
r-prerel-linux-x86_64 1.0.0 1.45 19.68 21.14 NOTE
r-prerel-solaris-sparc 1.0.0 236.70 NOTE
r-prerel-solaris-x86 1.0.0 57.20 NOTE
r-release-linux-x86_64 1.0.0 1.60 24.09 25.69 OK
r-release-osx-x86_64-mavericks 1.0.0 OK
r-release-osx-x86_64-snowleopard 1.0.0 OK
r-release-windows-ix86+x86_64 1.0.0 6.00 37.00 43.00 OK
r-oldrel-windows-ix86+x86_64 1.0.0 7.00 61.00 68.00 OK

Check Details

Version: 1.0.0
Check: DESCRIPTION meta-information
Result: NOTE
    Malformed Title field: should not end in a period.
Flavors: r-devel-linux-x86_64-debian-clang, r-devel-linux-x86_64-debian-gcc, r-devel-linux-x86_64-fedora-clang, r-devel-linux-x86_64-fedora-gcc, r-devel-osx-x86_64-clang, r-prerel-windows-ix86+x86_64, r-prerel-linux-x86_64, r-prerel-solaris-sparc, r-prerel-solaris-x86