CRAN Package Check Results for Package stressr

Last updated on 2016-02-14 17:50:34.

Flavor Version Tinstall Tcheck Ttotal Status Flags
r-devel-linux-x86_64-debian-gcc 1.0.0 1.23 16.78 18.01 NOTE
r-devel-linux-x86_64-fedora-clang 1.0.0 34.18 NOTE
r-devel-linux-x86_64-fedora-gcc 1.0.0 33.75 NOTE
r-devel-osx-x86_64-clang 1.0.0 35.24 NOTE
r-devel-windows-ix86+x86_64 1.0.0 6.00 44.00 50.00 NOTE
r-patched-linux-x86_64 1.0.0 1.43 18.55 19.98 NOTE
r-patched-solaris-sparc 1.0.0 231.40 NOTE
r-patched-solaris-x86 1.0.0 54.70 NOTE
r-release-linux-x86_64 1.0.0 1.55 18.50 20.05 NOTE
r-release-osx-x86_64-mavericks 1.0.0 NOTE
r-release-windows-ix86+x86_64 1.0.0 6.00 35.00 41.00 NOTE
r-oldrel-windows-ix86+x86_64 1.0.0 8.00 58.00 66.00 OK

Check Details

Version: 1.0.0
Check: DESCRIPTION meta-information
Result: NOTE
    Malformed Title field: should not end in a period.
Flavors: r-devel-linux-x86_64-debian-gcc, r-devel-linux-x86_64-fedora-clang, r-devel-linux-x86_64-fedora-gcc, r-devel-osx-x86_64-clang, r-devel-windows-ix86+x86_64, r-patched-linux-x86_64, r-patched-solaris-sparc, r-patched-solaris-x86, r-release-linux-x86_64, r-release-osx-x86_64-mavericks, r-release-windows-ix86+x86_64