CRAN Package Check Results for Package stringdist

Last updated on 2014-04-25 05:47:26.

Flavor Version Tinstall Tcheck Ttotal Status Flags
r-devel-linux-x86_64-debian-clang 0.7.2 1.59 10.60 12.19 OK
r-devel-linux-x86_64-debian-gcc 0.7.2 2.01 10.57 12.58 OK
r-devel-linux-x86_64-fedora-clang 0.7.2 23.97 OK
r-devel-linux-x86_64-fedora-gcc 0.7.2 23.57 OK
r-devel-osx-x86_64-clang 0.7.2 26.90 OK
r-devel-osx-x86_64-gcc 0.7.2 OK
r-devel-windows-ix86+x86_64 0.7.2 14.00 20.00 34.00 OK
r-patched-linux-x86_64 0.7.2 2.00 10.70 12.71 OK
r-patched-solaris-sparc 0.7.2 169.90 OK
r-patched-solaris-x86 0.7.2 36.90 OK
r-release-linux-ix86 0.7.2 4.00 24.00 28.00 OK
r-release-linux-x86_64 0.7.2 2.02 10.56 12.58 OK
r-release-osx-x86_64-mavericks 0.7.2 WARN
r-release-osx-x86_64-snowleopard 0.7.2 OK
r-release-windows-ix86+x86_64 0.7.2 26.00 22.00 48.00 OK
r-oldrel-windows-ix86+x86_64 0.7.2 15.00 24.00 39.00 OK

Check Details

Version: 0.7.2
Check: PDF version of manual
Result: WARNING
    LaTeX errors when creating PDF version.
    This typically indicates Rd problems.
    LaTeX errors found:
    ! LaTeX Error: File `upquote.sty' not found.
    
    Type X to quit or <RETURN> to proceed,
    or enter new name. (Default extension: sty)
    
    389ce94/Rd2.tex:8: ==> Fatal error occurred, no output PDF file produced!
Flavor: r-release-osx-x86_64-mavericks