CRAN Package Check Results for Package stringdist

Last updated on 2014-08-20 21:47:38.

Flavor Version Tinstall Tcheck Ttotal Status Flags
r-devel-linux-x86_64-debian-clang 0.8.0 1.60 10.04 11.64 NOTE
r-devel-linux-x86_64-debian-gcc 0.8.0 2.16 11.11 13.26 NOTE
r-devel-linux-x86_64-fedora-clang 0.8.0 24.00 NOTE
r-devel-linux-x86_64-fedora-gcc 0.8.0 23.87 NOTE
r-devel-osx-x86_64-clang 0.8.0 26.54 NOTE
r-devel-windows-ix86+x86_64 0.8.0 14.00 23.00 37.00 NOTE
r-patched-linux-x86_64 0.8.0 2.15 10.51 12.66 NOTE
r-patched-solaris-sparc 0.8.0 154.00 NOTE
r-patched-solaris-x86 0.8.0 37.10 NOTE
r-release-linux-ix86 0.8.0 3.15 17.06 20.21 OK
r-release-linux-x86_64 0.8.0 2.20 10.62 12.82 OK
r-release-osx-x86_64-mavericks 0.8.0 OK
r-release-osx-x86_64-snowleopard 0.8.0 OK
r-release-windows-ix86+x86_64 0.8.0 12.00 29.00 41.00 OK
r-oldrel-windows-ix86+x86_64 0.8.0 12.00 30.00 42.00 OK

Check Details

Version: 0.8.0
Check: dependencies in R code
Result: NOTE
    Package in Depends field not imported from: ‘parallel’
     These packages need to be imported from (in the NAMESPACE file)
     for when this namespace is loaded but not attached.
    See the information on DESCRIPTION files in the chapter ‘Creating R
    packages’ of the ‘Writing R Extensions’ manual.
Flavors: r-devel-linux-x86_64-debian-clang, r-devel-linux-x86_64-debian-gcc, r-devel-linux-x86_64-fedora-clang, r-devel-linux-x86_64-fedora-gcc, r-devel-osx-x86_64-clang, r-devel-windows-ix86+x86_64, r-patched-linux-x86_64, r-patched-solaris-sparc, r-patched-solaris-x86

Version: 0.8.0
Check: R code for possible problems
Result: NOTE
    stringdistmatrix: no visible global function definition for
     ‘makeCluster’
    stringdistmatrix: no visible global function definition for ‘parSapply’
    stringdistmatrix: no visible global function definition for
     ‘stopCluster’
Flavors: r-devel-linux-x86_64-fedora-clang, r-devel-linux-x86_64-fedora-gcc, r-devel-osx-x86_64-clang