CRAN Package Check Results for Package stringdist

Last updated on 2017-04-23 15:48:51.

Flavor Version Tinstall Tcheck Ttotal Status Flags
r-devel-linux-x86_64-debian-clang 0.9.4.4 2.73 15.35 18.08 NOTE
r-devel-linux-x86_64-debian-gcc 0.9.4.4 2.52 14.97 17.49 NOTE
r-devel-linux-x86_64-fedora-clang 0.9.4.4 31.89 NOTE --no-stop-on-test-error
r-devel-linux-x86_64-fedora-gcc 0.9.4.4 27.88 NOTE --no-stop-on-test-error
r-devel-windows-ix86+x86_64 0.9.4.4 31.00 39.00 70.00 OK
r-patched-linux-x86_64 0.9.4.4 2.54 14.33 16.87 NOTE
r-patched-solaris-sparc 0.9.4.4 178.20 OK
r-patched-solaris-x86 0.9.4.4 42.30 OK
r-release-linux-x86_64 0.9.4.4 2.38 14.83 17.21 NOTE
r-release-windows-ix86+x86_64 0.9.4.4 22.00 36.00 58.00 OK
r-release-osx-x86_64 0.9.4.4 OK
r-oldrel-windows-ix86+x86_64 0.9.4.4 20.00 38.00 58.00 OK
r-oldrel-osx-x86_64 0.9.4.4 OK

Check Details

Version: 0.9.4.4
Check: compiled code
Result: NOTE
    File ‘stringdist/libs/stringdist.so’:
     Found no calls to: ‘R_registerRoutines’, ‘R_useDynamicSymbols’
    
    It is good practice to register native routines and to disable symbol
    search.
    
    See ‘Writing portable packages’ in the ‘Writing R Extensions’ manual.
Flavors: r-devel-linux-x86_64-debian-clang, r-devel-linux-x86_64-debian-gcc, r-patched-linux-x86_64, r-release-linux-x86_64

Version: 0.9.4.4
Flags: --no-stop-on-test-error
Check: compiled code
Result: NOTE
    File ‘stringdist/libs/stringdist.so’:
     Found no calls to: ‘R_registerRoutines’, ‘R_useDynamicSymbols’
    
    It is good practice to register native routines and to disable symbol
    search.
    
    See ‘Writing portable packages’ in the ‘Writing R Extensions’ manual.
Flavors: r-devel-linux-x86_64-fedora-clang, r-devel-linux-x86_64-fedora-gcc