CRAN Package Check Results for Package stringdist

Last updated on 2017-03-23 06:48:33.

Flavor Version Tinstall Tcheck Ttotal Status Flags
r-devel-linux-x86_64-debian-clang 0.9.4.4 2.72 14.94 17.66 NOTE
r-devel-linux-x86_64-debian-gcc 0.9.4.4 2.64 15.27 17.91 NOTE
r-devel-linux-x86_64-fedora-clang 0.9.4.4 30.24 NOTE --no-stop-on-test-error
r-devel-linux-x86_64-fedora-gcc 0.9.4.4 28.18 NOTE --no-stop-on-test-error
r-devel-macos-x86_64-clang 0.9.4.4 25.77 NOTE --no-stop-on-test-error
r-devel-windows-ix86+x86_64 0.9.4.4 21.00 36.00 57.00 OK
r-patched-linux-x86_64 0.9.4.4 2.45 12.37 14.82 OK
r-patched-solaris-sparc 0.9.4.4 178.20 OK
r-patched-solaris-x86 0.9.4.4 45.80 OK
r-release-linux-x86_64 0.9.4.4 2.37 12.20 14.57 OK
r-release-osx-x86_64-mavericks 0.9.4.4 OK
r-release-windows-ix86+x86_64 0.9.4.4 44.00 40.00 84.00 OK
r-oldrel-windows-ix86+x86_64 0.9.4.4 26.00 44.00 70.00 OK

Check Details

Version: 0.9.4.4
Check: compiled code
Result: NOTE
    File ‘stringdist/libs/stringdist.so’:
     Found no calls to: ‘R_registerRoutines’, ‘R_useDynamicSymbols’
    
    It is good practice to register native routines and to disable symbol
    search.
    
    See ‘Writing portable packages’ in the ‘Writing R Extensions’ manual.
Flavors: r-devel-linux-x86_64-debian-clang, r-devel-linux-x86_64-debian-gcc

Version: 0.9.4.4
Flags: --no-stop-on-test-error
Check: compiled code
Result: NOTE
    File ‘stringdist/libs/stringdist.so’:
     Found no calls to: ‘R_registerRoutines’, ‘R_useDynamicSymbols’
    
    It is good practice to register native routines and to disable symbol
    search.
    
    See ‘Writing portable packages’ in the ‘Writing R Extensions’ manual.
Flavors: r-devel-linux-x86_64-fedora-clang, r-devel-linux-x86_64-fedora-gcc, r-devel-macos-x86_64-clang