CRAN Package Check Results for Package stringdist

Last updated on 2017-07-25 07:47:13.

Flavor Version Tinstall Tcheck Ttotal Status Flags
r-devel-linux-x86_64-debian-clang 0.9.4.4 2.78 21.90 24.68 NOTE
r-devel-linux-x86_64-debian-gcc 0.9.4.4 2.70 21.33 24.03 NOTE
r-devel-linux-x86_64-fedora-clang 0.9.4.4 31.63 NOTE
r-devel-linux-x86_64-fedora-gcc 0.9.4.4 28.47 NOTE
r-devel-windows-ix86+x86_64 0.9.4.4 31.00 64.00 95.00 OK
r-patched-linux-x86_64 0.9.4.4 2.59 21.26 23.85 NOTE
r-patched-solaris-x86 0.9.4.4 42.80 OK
r-release-linux-x86_64 0.9.4.4 2.70 21.45 24.15 NOTE
r-release-windows-ix86+x86_64 0.9.4.4 23.00 52.00 75.00 OK
r-release-osx-x86_64 0.9.4.4 OK
r-oldrel-windows-ix86+x86_64 0.9.4.4 20.00 39.00 59.00 OK
r-oldrel-osx-x86_64 0.9.4.4 OK

Check Details

Version: 0.9.4.4
Check: compiled code
Result: NOTE
    File ‘stringdist/libs/stringdist.so’:
     Found no calls to: ‘R_registerRoutines’, ‘R_useDynamicSymbols’
    
    It is good practice to register native routines and to disable symbol
    search.
    
    See ‘Writing portable packages’ in the ‘Writing R Extensions’ manual.
Flavors: r-devel-linux-x86_64-debian-clang, r-devel-linux-x86_64-debian-gcc, r-devel-linux-x86_64-fedora-clang, r-devel-linux-x86_64-fedora-gcc, r-patched-linux-x86_64, r-release-linux-x86_64