CRAN Package Check Results for Package stringdist

Last updated on 2018-05-20 13:46:53 CEST.

Flavor Version Tinstall Tcheck Ttotal Status Flags
r-devel-linux-x86_64-debian-clang 0.9.4.7 4.44 25.89 30.33 OK
r-devel-linux-x86_64-debian-gcc 0.9.4.7 3.49 18.83 22.32 OK
r-devel-linux-x86_64-fedora-clang 0.9.4.7 34.99 OK
r-devel-linux-x86_64-fedora-gcc 0.9.4.7 31.56 OK
r-devel-windows-ix86+x86_64 0.9.4.7 29.00 65.00 94.00 ERROR
r-patched-linux-x86_64 0.9.4.7 4.35 22.66 27.01 OK
r-patched-solaris-x86 0.9.4.7 51.00 OK
r-release-linux-x86_64 0.9.4.7 4.25 22.65 26.90 OK
r-release-windows-ix86+x86_64 0.9.4.7 20.00 50.00 70.00 ERROR
r-release-osx-x86_64 0.9.4.7 OK
r-oldrel-windows-ix86+x86_64 0.9.4.7 19.00 46.00 65.00 OK
r-oldrel-osx-x86_64 0.9.4.7 OK

Check Details

Version: 0.9.4.7
Check: running tests for arch ‘i386’
Result: ERROR
     Running 'testthat.R' [2s]
    Running the tests in 'tests/testthat.R' failed.
    Complete output:
     > library(testthat)
     > test_check("stringdist")
     Loading required package: stringdist
     -- 1. Failure: elementary seq_sim test (@testStringsim.R#62) ------------------
     seq_sim(list(1:3, 2:4), list(1:3)) not equal to stringsim(c("abc", "bcd"), "abc").
     2/2 mismatches (average diff: 0.333)
     [1] 0.667 - 1.000 == -0.333
     [2] 0.667 - 0.333 == 0.333
    
     Warning: stack imbalance in '{', 39 then 40
     == testthat results ===========================================================
     OK: 417 SKIPPED: 1 FAILED: 1
     1. Failure: elementary seq_sim test (@testStringsim.R#62)
    
     Error: testthat unit tests failed
     Execution halted
Flavor: r-devel-windows-ix86+x86_64

Version: 0.9.4.7
Check: running tests for arch ‘x64’
Result: ERROR
     Running 'testthat.R' [2s]
    Running the tests in 'tests/testthat.R' failed.
    Complete output:
     > library(testthat)
     > test_check("stringdist")
     Loading required package: stringdist
     -- 1. Failure: elementary seq_sim test (@testStringsim.R#62) ------------------
     seq_sim(list(1:3, 2:4), list(1:3)) not equal to stringsim(c("abc", "bcd"), "abc").
     1/2 mismatches
     [1] 0.333 - 1 == -0.667
    
     == testthat results ===========================================================
     OK: 417 SKIPPED: 1 FAILED: 1
     1. Failure: elementary seq_sim test (@testStringsim.R#62)
    
     Error: testthat unit tests failed
     Execution halted
Flavor: r-release-windows-ix86+x86_64