CRAN Package Check Results for Package stringdist

Last updated on 2017-02-21 23:51:14.

Flavor Version Tinstall Tcheck Ttotal Status Flags
r-devel-linux-x86_64-debian-clang 0.9.4.4 2.68 15.11 17.79 NOTE
r-devel-linux-x86_64-debian-gcc 0.9.4.4 2.58 14.48 17.05 NOTE
r-devel-linux-x86_64-fedora-clang 0.9.4.4 30.28 NOTE --no-stop-on-test-error
r-devel-linux-x86_64-fedora-gcc 0.9.4.4 27.99 NOTE --no-stop-on-test-error
r-devel-macos-x86_64-clang 0.9.4.4 26.27 NOTE --no-stop-on-test-error
r-devel-windows-ix86+x86_64 0.9.4.4 26.00 93.00 119.00 OK
r-patched-linux-x86_64 0.9.4.4 2.52 11.89 14.41 OK
r-patched-solaris-sparc 0.9.4.4 155.40 OK
r-patched-solaris-x86 0.9.4.4 36.90 OK
r-release-linux-x86_64 0.9.4.4 2.35 11.68 14.03 OK
r-release-osx-x86_64-mavericks 0.9.4.4 OK
r-release-windows-ix86+x86_64 0.9.4.4 42.00 50.00 92.00 OK
r-oldrel-windows-ix86+x86_64 0.9.4.4 37.00 49.00 86.00 OK

Check Details

Version: 0.9.4.4
Check: compiled code
Result: NOTE
    File ‘stringdist/libs/stringdist.so’:
     Found no calls to: ‘R_registerRoutines’, ‘R_useDynamicSymbols’
    
    It is good practice to register native routines and to disable symbol
    search.
    
    See ‘Writing portable packages’ in the ‘Writing R Extensions’ manual.
Flavors: r-devel-linux-x86_64-debian-clang, r-devel-linux-x86_64-debian-gcc

Version: 0.9.4.4
Flags: --no-stop-on-test-error
Check: compiled code
Result: NOTE
    File ‘stringdist/libs/stringdist.so’:
     Found no calls to: ‘R_registerRoutines’, ‘R_useDynamicSymbols’
    
    It is good practice to register native routines and to disable symbol
    search.
    
    See ‘Writing portable packages’ in the ‘Writing R Extensions’ manual.
Flavors: r-devel-linux-x86_64-fedora-clang, r-devel-linux-x86_64-fedora-gcc, r-devel-macos-x86_64-clang