CRAN Package Check Results for Package stringfish

Last updated on 2022-08-13 07:11:47 CEST.

Flavor Version Tinstall Tcheck Ttotal Status Flags
r-devel-linux-x86_64-debian-clang 0.15.7 22.88 149.40 172.28 NOTE
r-devel-linux-x86_64-debian-gcc 0.15.7 22.89 105.41 128.30 NOTE
r-devel-linux-x86_64-fedora-clang 0.15.7 230.89 NOTE
r-devel-linux-x86_64-fedora-gcc 0.15.7 233.23 NOTE
r-devel-windows-x86_64 0.15.7 106.00 202.00 308.00 NOTE
r-patched-linux-x86_64 0.15.7 22.15 144.37 166.52 NOTE
r-release-linux-x86_64 0.15.7 24.88 141.67 166.55 NOTE
r-release-macos-arm64 0.15.7 62.00 NOTE
r-release-macos-x86_64 0.15.7 92.00 NOTE
r-release-windows-x86_64 0.15.7 89.00 234.00 323.00 NOTE
r-oldrel-macos-arm64 0.15.7 58.00 NOTE
r-oldrel-macos-x86_64 0.15.7 88.00 NOTE
r-oldrel-windows-ix86+x86_64 0.15.7 154.00 367.00 521.00 NOTE

Check Details

Version: 0.15.7
Check: for GNU extensions in Makefiles
Result: NOTE
    GNU make is a SystemRequirements.
Flavors: r-devel-linux-x86_64-debian-clang, r-devel-linux-x86_64-debian-gcc, r-devel-linux-x86_64-fedora-clang, r-devel-linux-x86_64-fedora-gcc, r-devel-windows-x86_64, r-patched-linux-x86_64, r-release-linux-x86_64, r-release-macos-arm64, r-release-macos-x86_64, r-release-windows-x86_64, r-oldrel-macos-arm64, r-oldrel-macos-x86_64, r-oldrel-windows-ix86+x86_64