CRAN Package Check Results for Package stringr

Last updated on 2017-04-26 09:48:04.

Flavor Version Tinstall Tcheck Ttotal Status Flags
r-devel-linux-x86_64-debian-clang 1.2.0 0.86 21.22 22.09 OK
r-devel-linux-x86_64-debian-gcc 1.2.0 1.10 19.82 20.92 OK
r-devel-linux-x86_64-fedora-clang 1.2.0 36.42 NOTE --no-stop-on-test-error
r-devel-linux-x86_64-fedora-gcc 1.2.0 34.41 NOTE --no-stop-on-test-error
r-devel-windows-ix86+x86_64 1.2.0 6.00 47.00 53.00 OK
r-patched-linux-x86_64 1.2.0 1.02 20.06 21.09 OK
r-patched-solaris-sparc 1.2.0 210.30 NOTE
r-patched-solaris-x86 1.2.0 51.70 NOTE
r-release-linux-x86_64 1.2.0 0.98 19.17 20.14 OK
r-release-windows-ix86+x86_64 1.2.0 3.00 38.00 41.00 OK
r-release-osx-x86_64 1.2.0 NOTE
r-oldrel-windows-ix86+x86_64 1.2.0 5.00 50.00 55.00 OK
r-oldrel-osx-x86_64 1.2.0 NOTE

Check Details

Version: 1.2.0
Flags: --no-stop-on-test-error
Check: data for non-ASCII characters
Result: NOTE
     Note: found 3 marked UTF-8 strings
Flavors: r-devel-linux-x86_64-fedora-clang, r-devel-linux-x86_64-fedora-gcc

Version: 1.2.0
Check: data for non-ASCII characters
Result: NOTE
     Note: found 3 marked UTF-8 strings
Flavors: r-patched-solaris-sparc, r-patched-solaris-x86, r-release-osx-x86_64, r-oldrel-osx-x86_64