CRAN Package Check Results for Package stringr

Last updated on 2016-09-28 04:49:01.

Flavor Version Tinstall Tcheck Ttotal Status Flags
r-devel-linux-x86_64-debian-clang 1.1.0 0.86 13.79 14.65 OK
r-devel-linux-x86_64-debian-gcc 1.1.0 0.84 13.63 14.47 OK
r-devel-linux-x86_64-fedora-clang 1.1.0 25.22 NOTE
r-devel-linux-x86_64-fedora-gcc 1.1.0 24.42 NOTE
r-devel-macos-x86_64-clang 1.1.0 23.19 NOTE
r-devel-windows-ix86+x86_64 1.1.0 5.00 51.00 56.00 OK
r-patched-linux-x86_64 1.1.0 0.82 13.75 14.57 OK
r-patched-solaris-sparc 1.1.0 160.30 NOTE
r-patched-solaris-x86 1.1.0 39.40 NOTE
r-release-linux-x86_64 1.1.0 0.79 13.93 14.72 OK
r-release-osx-x86_64-mavericks 1.1.0 NOTE
r-release-windows-ix86+x86_64 1.1.0 5.00 31.00 36.00 OK
r-oldrel-windows-ix86+x86_64 1.1.0 6.00 41.00 47.00 NOTE

Check Details

Version: 1.1.0
Check: data for non-ASCII characters
Result: NOTE
     Note: found 3 marked UTF-8 strings
Flavors: r-devel-linux-x86_64-fedora-clang, r-devel-linux-x86_64-fedora-gcc, r-devel-macos-x86_64-clang, r-patched-solaris-sparc, r-patched-solaris-x86, r-release-osx-x86_64-mavericks, r-oldrel-windows-ix86+x86_64