CRAN Package Check Results for Package stringr

Last updated on 2017-09-20 19:47:39.

Flavor Version Tinstall Tcheck Ttotal Status Flags
r-devel-linux-x86_64-debian-clang 1.2.0 0.94 22.16 23.10 OK
r-devel-linux-x86_64-debian-gcc 1.2.0 1.02 20.70 21.71 OK
r-devel-linux-x86_64-fedora-clang 1.2.0 37.88 NOTE
r-devel-linux-x86_64-fedora-gcc 1.2.0 35.30 NOTE
r-devel-windows-ix86+x86_64 1.2.0 4.00 63.00 67.00 OK
r-patched-linux-x86_64 1.2.0 0.88 20.62 21.50 OK
r-patched-solaris-x86 1.2.0 52.00 NOTE
r-release-linux-x86_64 1.2.0 0.90 20.76 21.65 OK
r-release-windows-ix86+x86_64 1.2.0 4.00 43.00 47.00 OK
r-release-osx-x86_64 1.2.0 NOTE
r-oldrel-windows-ix86+x86_64 1.2.0 3.00 39.00 42.00 OK
r-oldrel-osx-x86_64 1.2.0 NOTE

Check Details

Version: 1.2.0
Check: data for non-ASCII characters
Result: NOTE
     Note: found 3 marked UTF-8 strings
Flavors: r-devel-linux-x86_64-fedora-clang, r-devel-linux-x86_64-fedora-gcc, r-patched-solaris-x86, r-release-osx-x86_64, r-oldrel-osx-x86_64