CRAN Package Check Results for Package stringr

Last updated on 2017-05-30 08:49:00.

Flavor Version Tinstall Tcheck Ttotal Status Flags
r-devel-linux-x86_64-debian-clang 1.2.0 0.88 20.93 21.80 OK
r-devel-linux-x86_64-debian-gcc 1.2.0 0.91 20.91 21.82 OK
r-devel-linux-x86_64-fedora-clang 1.2.0 37.46 NOTE
r-devel-linux-x86_64-fedora-gcc 1.2.0 34.43 NOTE
r-devel-windows-ix86+x86_64 1.2.0 3.00 51.00 54.00 OK
r-patched-linux-x86_64 1.2.0 0.94 19.54 20.48 OK
r-patched-solaris-sparc 1.2.0 210.30 NOTE
r-patched-solaris-x86 1.2.0 51.30 NOTE
r-release-linux-x86_64 1.2.0 0.97 20.02 20.99 OK
r-release-windows-ix86+x86_64 1.2.0 5.00 61.00 66.00 OK
r-release-osx-x86_64 1.2.0 NOTE
r-oldrel-windows-ix86+x86_64 1.2.0 4.00 35.00 39.00 OK
r-oldrel-osx-x86_64 1.2.0 NOTE

Check Details

Version: 1.2.0
Check: data for non-ASCII characters
Result: NOTE
     Note: found 3 marked UTF-8 strings
Flavors: r-devel-linux-x86_64-fedora-clang, r-devel-linux-x86_64-fedora-gcc, r-patched-solaris-sparc, r-patched-solaris-x86, r-release-osx-x86_64, r-oldrel-osx-x86_64