CRAN Package Check Results for Package stringr

Last updated on 2016-12-08 15:48:46.

Flavor Version Tinstall Tcheck Ttotal Status Flags
r-devel-linux-x86_64-debian-clang 1.1.0 0.92 18.77 19.69 OK
r-devel-linux-x86_64-debian-gcc 1.1.0 0.96 17.45 18.41 OK
r-devel-linux-x86_64-fedora-clang 1.1.0 32.73 NOTE --no-stop-on-test-error
r-devel-linux-x86_64-fedora-gcc 1.1.0 31.80 NOTE --no-stop-on-test-error
r-devel-macos-x86_64-clang 1.1.0 29.23 NOTE --no-stop-on-test-error
r-devel-windows-ix86+x86_64 1.1.0 3.00 55.00 58.00 OK
r-patched-linux-x86_64 1.1.0 0.91 14.03 14.94 OK
r-patched-solaris-sparc 1.1.0 156.10 NOTE
r-patched-solaris-x86 1.1.0 40.80 NOTE
r-release-linux-x86_64 1.1.0 0.76 14.16 14.92 OK
r-release-osx-x86_64-mavericks 1.1.0 NOTE
r-release-windows-ix86+x86_64 1.1.0 3.00 45.00 48.00 OK
r-oldrel-windows-ix86+x86_64 1.1.0 4.00 46.00 50.00 NOTE

Check Details

Version: 1.1.0
Flags: --no-stop-on-test-error
Check: data for non-ASCII characters
Result: NOTE
     Note: found 3 marked UTF-8 strings
Flavors: r-devel-linux-x86_64-fedora-clang, r-devel-linux-x86_64-fedora-gcc, r-devel-macos-x86_64-clang

Version: 1.1.0
Check: data for non-ASCII characters
Result: NOTE
     Note: found 3 marked UTF-8 strings
Flavors: r-patched-solaris-sparc, r-patched-solaris-x86, r-release-osx-x86_64-mavericks, r-oldrel-windows-ix86+x86_64