CRAN Package Check Results for Package stringr

Last updated on 2016-08-26 23:49:11.

Flavor Version Tinstall Tcheck Ttotal Status Flags
r-devel-linux-x86_64-debian-clang 1.1.0 0.81 13.52 14.33 OK
r-devel-linux-x86_64-debian-gcc 1.1.0 1.07 17.82 18.89 OK
r-devel-linux-x86_64-fedora-clang 1.1.0 24.99 NOTE
r-devel-linux-x86_64-fedora-gcc 1.1.0 24.22 NOTE
r-devel-osx-x86_64-clang 1.1.0 23.26 NOTE
r-devel-windows-ix86+x86_64 1.1.0 5.00 34.00 39.00 OK
r-patched-linux-x86_64 1.1.0 0.85 13.67 14.53 OK
r-patched-solaris-sparc 1.1.0 160.30 NOTE
r-patched-solaris-x86 1.1.0 39.60 NOTE
r-release-linux-x86_64 1.1.0 1.20 13.95 15.15 OK
r-release-osx-x86_64-mavericks 1.1.0 NOTE
r-release-windows-ix86+x86_64 1.1.0 6.00 36.00 42.00 OK
r-oldrel-windows-ix86+x86_64 1.1.0 4.00 36.00 40.00 NOTE

Check Details

Version: 1.1.0
Check: data for non-ASCII characters
Result: NOTE
     Note: found 3 marked UTF-8 strings
Flavors: r-devel-linux-x86_64-fedora-clang, r-devel-linux-x86_64-fedora-gcc, r-devel-osx-x86_64-clang, r-patched-solaris-sparc, r-patched-solaris-x86, r-release-osx-x86_64-mavericks, r-oldrel-windows-ix86+x86_64