CRAN Package Check Results for Package stringr

Last updated on 2015-02-28 05:48:15.

Flavor Version Tinstall Tcheck Ttotal Status Flags
r-devel-linux-x86_64-debian-clang 0.6.2 0.66 10.64 11.31 NOTE
r-devel-linux-x86_64-debian-gcc 0.6.2 0.70 10.27 10.97 NOTE
r-devel-linux-x86_64-fedora-clang 0.6.2 22.07 NOTE
r-devel-linux-x86_64-fedora-gcc 0.6.2 20.81 NOTE
r-devel-osx-x86_64-clang 0.6.2 24.90 NOTE
r-devel-windows-ix86+x86_64 0.6.2 4.00 19.00 23.00 NOTE
r-patched-linux-x86_64 0.6.2 0.70 11.38 12.09 OK
r-patched-solaris-sparc 0.6.2 139.20 OK
r-release-linux-ix86 0.6.2 0.99 17.61 18.60 OK
r-release-linux-x86_64 0.6.2 1.09 11.41 12.50 OK
r-release-osx-x86_64-mavericks 0.6.2 OK
r-release-windows-ix86+x86_64 0.6.2 4.00 21.00 25.00 OK
r-oldrel-windows-ix86+x86_64 0.6.2 5.00 35.00 40.00 OK

Check Details

Version: 0.6.2
Check: DESCRIPTION meta-information
Result: NOTE
    Malformed Title field: should not end in a period.
Flavors: r-devel-linux-x86_64-debian-clang, r-devel-linux-x86_64-debian-gcc, r-devel-linux-x86_64-fedora-clang, r-devel-linux-x86_64-fedora-gcc, r-devel-osx-x86_64-clang, r-devel-windows-ix86+x86_64