CRAN Package Check Results for Package stringr

Last updated on 2017-02-27 23:04:01.

Flavor Version Tinstall Tcheck Ttotal Status Flags
r-devel-linux-x86_64-debian-clang 1.2.0 0.79 21.12 21.91 OK
r-devel-linux-x86_64-debian-gcc 1.2.0 0.94 19.72 20.65 OK
r-devel-linux-x86_64-fedora-clang 1.2.0 38.62 NOTE --no-stop-on-test-error
r-devel-linux-x86_64-fedora-gcc 1.2.0 33.66 NOTE --no-stop-on-test-error
r-devel-macos-x86_64-clang 1.2.0 32.12 NOTE --no-stop-on-test-error
r-devel-windows-ix86+x86_64 1.2.0 4.00 57.00 61.00 OK
r-patched-linux-x86_64 1.2.0 0.81 15.60 16.41 OK
r-patched-solaris-sparc 1.2.0 166.70 NOTE
r-patched-solaris-x86 1.2.0 41.80 NOTE
r-release-linux-x86_64 1.2.0 0.82 15.75 16.57 OK
r-release-osx-x86_64-mavericks 1.2.0 NOTE
r-release-windows-ix86+x86_64 1.2.0 6.00 51.00 57.00 OK
r-oldrel-windows-ix86+x86_64 1.2.0 4.00 47.00 51.00 NOTE

Check Details

Version: 1.2.0
Flags: --no-stop-on-test-error
Check: data for non-ASCII characters
Result: NOTE
     Note: found 3 marked UTF-8 strings
Flavors: r-devel-linux-x86_64-fedora-clang, r-devel-linux-x86_64-fedora-gcc, r-devel-macos-x86_64-clang

Version: 1.2.0
Check: data for non-ASCII characters
Result: NOTE
     Note: found 3 marked UTF-8 strings
Flavors: r-patched-solaris-sparc, r-patched-solaris-x86, r-release-osx-x86_64-mavericks, r-oldrel-windows-ix86+x86_64