CRAN Package Check Results for Package stringr

Last updated on 2015-04-19 03:49:53.

Flavor Version Tinstall Tcheck Ttotal Status Flags
r-devel-linux-x86_64-debian-clang 0.6.2 0.84 10.80 11.63 NOTE
r-devel-linux-x86_64-debian-gcc 0.6.2 0.83 10.45 11.28 NOTE
r-devel-linux-x86_64-fedora-clang 0.6.2 22.47 NOTE
r-devel-linux-x86_64-fedora-gcc 0.6.2 20.37 NOTE
r-devel-osx-x86_64-clang 0.6.2 23.31 NOTE
r-patched-linux-x86_64 0.6.2 0.71 10.76 11.46 NOTE
r-patched-solaris-sparc 0.6.2 143.80 NOTE
r-patched-solaris-x86 0.6.2 32.30 NOTE
r-release-linux-x86_64 0.6.2 0.81 9.81 10.62 NOTE
r-release-osx-x86_64-mavericks 0.6.2 NOTE
r-release-osx-x86_64-snowleopard 0.6.2 NOTE
r-release-windows-ix86+x86_64 0.6.2 3.00 21.00 24.00 NOTE
r-oldrel-windows-ix86+x86_64 0.6.2 4.00 24.00 28.00 OK

Check Details

Version: 0.6.2
Check: DESCRIPTION meta-information
Result: NOTE
    Malformed Title field: should not end in a period.
Flavors: r-devel-linux-x86_64-debian-clang, r-devel-linux-x86_64-debian-gcc, r-devel-linux-x86_64-fedora-clang, r-devel-linux-x86_64-fedora-gcc, r-devel-osx-x86_64-clang, r-patched-linux-x86_64, r-patched-solaris-sparc, r-patched-solaris-x86, r-release-linux-x86_64, r-release-osx-x86_64-mavericks, r-release-osx-x86_64-snowleopard, r-release-windows-ix86+x86_64