CRAN Package Check Results for Package stringr

Last updated on 2015-03-29 11:51:29.

Flavor Version Tinstall Tcheck Ttotal Status Flags
r-devel-linux-x86_64-debian-clang 0.6.2 0.66 10.97 11.63 NOTE
r-devel-linux-x86_64-debian-gcc 0.6.2 0.66 10.55 11.22 NOTE
r-devel-linux-x86_64-fedora-clang 0.6.2 22.07 NOTE
r-devel-linux-x86_64-fedora-gcc 0.6.2 20.50 NOTE
r-devel-osx-x86_64-clang 0.6.2 26.42 NOTE
r-prerel-windows-ix86+x86_64 0.6.2 6.00 19.00 25.00 NOTE
r-prerel-linux-x86_64 0.6.2 1.04 10.58 11.62 NOTE
r-prerel-solaris-sparc 0.6.2 143.80 NOTE
r-prerel-solaris-x86 0.6.2 34.20 NOTE
r-release-linux-x86_64 0.6.2 0.82 11.73 12.55 OK
r-release-osx-x86_64-mavericks 0.6.2 OK
r-release-windows-ix86+x86_64 0.6.2 4.00 20.00 24.00 OK
r-oldrel-windows-ix86+x86_64 0.6.2 4.00 34.00 38.00 OK

Check Details

Version: 0.6.2
Check: DESCRIPTION meta-information
Result: NOTE
    Malformed Title field: should not end in a period.
Flavors: r-devel-linux-x86_64-debian-clang, r-devel-linux-x86_64-debian-gcc, r-devel-linux-x86_64-fedora-clang, r-devel-linux-x86_64-fedora-gcc, r-devel-osx-x86_64-clang, r-prerel-windows-ix86+x86_64, r-prerel-linux-x86_64, r-prerel-solaris-sparc, r-prerel-solaris-x86