CRAN Package Check Results for Package stringr

Last updated on 2017-01-20 17:52:31.

Flavor Version Tinstall Tcheck Ttotal Status Flags
r-devel-linux-x86_64-debian-clang 1.1.0 0.86 19.09 19.95 OK
r-devel-linux-x86_64-debian-gcc 1.1.0 0.83 18.29 19.12 OK
r-devel-linux-x86_64-fedora-clang 1.1.0 31.84 NOTE --no-stop-on-test-error
r-devel-linux-x86_64-fedora-gcc 1.1.0 29.94 NOTE --no-stop-on-test-error
r-devel-macos-x86_64-clang 1.1.0 27.92 NOTE --no-stop-on-test-error
r-devel-windows-ix86+x86_64 1.1.0 7.00 40.00 47.00 OK
r-patched-linux-x86_64 1.1.0 0.80 14.62 15.42 OK
r-patched-solaris-sparc 1.1.0 162.80 NOTE
r-patched-solaris-x86 1.1.0 40.90 NOTE
r-release-linux-x86_64 1.1.0 0.84 14.38 15.23 OK
r-release-osx-x86_64-mavericks 1.1.0 NOTE
r-release-windows-ix86+x86_64 1.1.0 4.00 32.00 36.00 OK
r-oldrel-windows-ix86+x86_64 1.1.0 6.00 49.00 55.00 NOTE

Check Details

Version: 1.1.0
Flags: --no-stop-on-test-error
Check: data for non-ASCII characters
Result: NOTE
     Note: found 3 marked UTF-8 strings
Flavors: r-devel-linux-x86_64-fedora-clang, r-devel-linux-x86_64-fedora-gcc, r-devel-macos-x86_64-clang

Version: 1.1.0
Check: data for non-ASCII characters
Result: NOTE
     Note: found 3 marked UTF-8 strings
Flavors: r-patched-solaris-sparc, r-patched-solaris-x86, r-release-osx-x86_64-mavericks, r-oldrel-windows-ix86+x86_64