CRAN Package Check Results for Package stringr

Last updated on 2018-04-26 00:47:47 CEST.

Flavor Version Tinstall Tcheck Ttotal Status Flags
r-devel-linux-x86_64-debian-clang 1.3.0 1.92 25.94 27.86 OK
r-devel-linux-x86_64-debian-gcc 1.3.0 1.30 22.40 23.70 OK
r-devel-linux-x86_64-fedora-clang 1.3.0 35.60 NOTE
r-devel-linux-x86_64-fedora-gcc 1.3.0 33.98 NOTE
r-devel-windows-ix86+x86_64 1.3.0 5.00 40.00 45.00 OK
r-patched-linux-x86_64 1.3.0 1.31 27.97 29.28 OK
r-patched-solaris-x86 1.3.0 59.20 NOTE
r-release-linux-x86_64 1.3.0 1.26 27.93 29.19 OK
r-release-windows-ix86+x86_64 1.3.0 5.00 40.00 45.00 OK
r-release-osx-x86_64 1.3.0 NOTE
r-oldrel-windows-ix86+x86_64 1.3.0 4.00 42.00 46.00 OK
r-oldrel-osx-x86_64 1.3.0 NOTE

Check Details

Version: 1.3.0
Check: data for non-ASCII characters
Result: NOTE
     Note: found 3 marked UTF-8 strings
Flavors: r-devel-linux-x86_64-fedora-clang, r-devel-linux-x86_64-fedora-gcc, r-patched-solaris-x86, r-release-osx-x86_64, r-oldrel-osx-x86_64