CRAN Package Check Results for Package stringr

Last updated on 2018-02-20 17:48:03 CET.

Flavor Version Tinstall Tcheck Ttotal Status Flags
r-devel-linux-x86_64-debian-clang 1.3.0 1.73 28.91 30.64 OK
r-devel-linux-x86_64-debian-gcc 1.3.0 1.55 22.64 24.19 OK
r-devel-linux-x86_64-fedora-clang 1.3.0 36.41 NOTE
r-devel-linux-x86_64-fedora-gcc 1.3.0 34.02 NOTE
r-devel-windows-ix86+x86_64 1.3.0 6.00 43.00 49.00 OK
r-patched-linux-x86_64 1.2.0 1.38 31.38 32.76 OK
r-patched-solaris-x86 1.3.0 47.40 NOTE
r-release-linux-x86_64 1.2.0 1.24 30.77 32.01 OK
r-release-windows-ix86+x86_64 1.3.0 5.00 48.00 53.00 OK
r-release-osx-x86_64 1.3.0 NOTE
r-oldrel-windows-ix86+x86_64 1.3.0 4.00 41.00 45.00 OK
r-oldrel-osx-x86_64 1.2.0 NOTE

Check Details

Version: 1.3.0
Check: data for non-ASCII characters
Result: NOTE
     Note: found 3 marked UTF-8 strings
Flavors: r-devel-linux-x86_64-fedora-clang, r-devel-linux-x86_64-fedora-gcc, r-patched-solaris-x86, r-release-osx-x86_64

Version: 1.2.0
Check: data for non-ASCII characters
Result: NOTE
     Note: found 3 marked UTF-8 strings
Flavor: r-oldrel-osx-x86_64