CRAN Package Check Results for Package strucchange

Last updated on 2015-08-30 23:48:01.

Flavor Version Tinstall Tcheck Ttotal Status Flags
r-devel-linux-x86_64-debian-clang 1.5-1 1.43 51.26 52.69 NOTE
r-devel-linux-x86_64-debian-gcc 1.5-1 1.34 51.33 52.66 NOTE
r-devel-linux-x86_64-fedora-clang 1.5-1 98.66 NOTE
r-devel-linux-x86_64-fedora-gcc 1.5-1 89.16 NOTE
r-devel-osx-x86_64-clang 1.5-1 70.49 NOTE
r-devel-windows-ix86+x86_64 1.5-1 9.00 81.00 90.00 NOTE
r-patched-linux-x86_64 1.5-1 1.53 53.06 54.58 NOTE
r-patched-solaris-sparc 1.5-1 594.70 NOTE
r-patched-solaris-x86 1.5-1 116.20 NOTE
r-release-linux-x86_64 1.5-1 1.41 51.38 52.79 NOTE
r-release-osx-x86_64-mavericks 1.5-1 NOTE
r-release-windows-ix86+x86_64 1.5-1 6.00 79.00 85.00 NOTE
r-oldrel-windows-ix86+x86_64 1.5-1 8.00 96.00 104.00 NOTE

Check Details

Version: 1.5-1
Check: R code for possible problems
Result: NOTE
    breakpoints.formula: no visible global function definition for
     ‘%dopar%’
    breakpoints.formula: no visible binding for global variable ‘i’
    efpFunctional: multiple local function definitions for ‘plotProcess’
     with different formal arguments
    mefp.efp: multiple local function definitions for ‘computeEmpProc’ with
     different formal arguments
    sctest.default: no visible global function definition for ‘tail’
    Undefined global functions or variables:
     %dopar% i tail
    Consider adding
     importFrom("utils", "tail")
    to your NAMESPACE.
Flavors: r-devel-linux-x86_64-debian-clang, r-devel-linux-x86_64-debian-gcc, r-devel-linux-x86_64-fedora-clang, r-devel-linux-x86_64-fedora-gcc, r-devel-windows-ix86+x86_64

Version: 1.5-1
Check: R code for possible problems
Result: NOTE
    breakpoints.formula: no visible global function definition for
     ‘%dopar%’
    breakpoints.formula: no visible binding for global variable ‘i’
    efpFunctional: multiple local function definitions for ‘plotProcess’
     with different formal arguments
    mefp.efp: multiple local function definitions for ‘computeEmpProc’ with
     different formal arguments
    Undefined global functions or variables:
     %dopar% i
Flavor: r-devel-osx-x86_64-clang

Version: 1.5-1
Check: R code for possible problems
Result: NOTE
    breakpoints.formula: no visible global function definition for
     ‘%dopar%’
    breakpoints.formula: no visible binding for global variable ‘i’
    efpFunctional: multiple local function definitions for ‘plotProcess’
     with different formal arguments
    mefp.efp: multiple local function definitions for ‘computeEmpProc’ with
     different formal arguments
Flavors: r-patched-linux-x86_64, r-patched-solaris-sparc, r-patched-solaris-x86, r-release-linux-x86_64, r-release-osx-x86_64-mavericks, r-release-windows-ix86+x86_64, r-oldrel-windows-ix86+x86_64