CRAN Package Check Results for Package strucchange

Last updated on 2015-06-03 15:46:39.

Flavor Version Tinstall Tcheck Ttotal Status Flags
r-devel-linux-x86_64-debian-clang 1.5-0 1.46 56.11 57.57 NOTE
r-devel-linux-x86_64-debian-gcc 1.5-0 1.40 52.96 54.36 NOTE
r-devel-linux-x86_64-fedora-clang 1.5-0 105.52 NOTE
r-devel-linux-x86_64-fedora-gcc 1.5-0 91.36 NOTE
r-devel-osx-x86_64-clang 1.5-0 89.08 NOTE
r-devel-windows-ix86+x86_64 1.5-0 8.00 75.00 83.00 NOTE
r-patched-linux-x86_64 1.5-0 1.43 53.99 55.42 NOTE
r-patched-solaris-sparc 1.5-0 617.60 NOTE
r-patched-solaris-x86 1.5-0 118.40 NOTE
r-release-linux-x86_64 1.5-0 1.42 57.20 58.63 NOTE
r-release-osx-x86_64-mavericks 1.5-0 NOTE
r-release-windows-ix86+x86_64 1.5-0 5.00 78.00 83.00 NOTE
r-oldrel-windows-ix86+x86_64 1.5-0 6.00 86.00 92.00 NOTE

Check Details

Version: 1.5-0
Check: dependencies in R code
Result: NOTE
    'library' or 'require' calls in package code:
     ‘e1071’ ‘foreach’ ‘mvtnorm’
     Please use :: or requireNamespace() instead.
     See section 'Suggested packages' in the 'Writing R Extensions' manual.
Flavors: r-devel-linux-x86_64-debian-clang, r-devel-linux-x86_64-debian-gcc, r-devel-linux-x86_64-fedora-clang, r-devel-linux-x86_64-fedora-gcc, r-devel-osx-x86_64-clang, r-devel-windows-ix86+x86_64, r-patched-linux-x86_64, r-patched-solaris-sparc, r-patched-solaris-x86, r-release-linux-x86_64, r-release-osx-x86_64-mavericks, r-release-windows-ix86+x86_64, r-oldrel-windows-ix86+x86_64

Version: 1.5-0
Check: S3 generic/method consistency
Result: NOTE
    Found the following apparent S3 methods exported but not registered:
     recresid.default
    See section ‘Registering S3 methods’ in the ‘Writing R Extensions’
    manual.
Flavors: r-devel-linux-x86_64-debian-clang, r-devel-linux-x86_64-debian-gcc, r-devel-linux-x86_64-fedora-clang, r-devel-linux-x86_64-fedora-gcc, r-devel-osx-x86_64-clang, r-patched-linux-x86_64, r-patched-solaris-sparc, r-patched-solaris-x86, r-release-linux-x86_64

Version: 1.5-0
Check: R code for possible problems
Result: NOTE
    breakpoints.formula: no visible global function definition for
     ‘%dopar%’
    breakpoints.formula: no visible global function definition for
     ‘foreach’
    breakpoints.formula: no visible binding for global variable ‘i’
    efpFunctional: multiple local function definitions for ‘plotProcess’
     with different formal arguments
    mefp.efp: multiple local function definitions for ‘computeEmpProc’ with
     different formal arguments
    ordwmax: no visible global function definition for ‘GenzBretz’
    ordwmax : computePval: no visible global function definition for
     ‘pmvnorm’
    ordwmax : computeCritval: no visible global function definition for
     ‘qmvnorm’
Flavors: r-devel-linux-x86_64-debian-clang, r-devel-linux-x86_64-debian-gcc, r-devel-linux-x86_64-fedora-clang, r-devel-linux-x86_64-fedora-gcc, r-devel-osx-x86_64-clang, r-devel-windows-ix86+x86_64, r-patched-linux-x86_64, r-patched-solaris-sparc, r-patched-solaris-x86, r-release-linux-x86_64, r-release-osx-x86_64-mavericks, r-release-windows-ix86+x86_64, r-oldrel-windows-ix86+x86_64