CRAN Package Check Results for Package strucchange

Last updated on 2014-04-17 05:47:19.

Flavor Version Tinstall Tcheck Ttotal Status Flags
r-devel-linux-x86_64-debian-clang 1.5-0 1.64 57.12 58.76 NOTE
r-devel-linux-x86_64-debian-gcc 1.5-0 1.71 57.41 59.12 NOTE
r-devel-linux-x86_64-fedora-clang 1.5-0 120.86 NOTE
r-devel-linux-x86_64-fedora-gcc 1.5-0 111.14 NOTE
r-devel-macosx-x86_64-clang 1.5-0 106.07 NOTE
r-devel-macosx-x86_64-gcc 1.5-0 ERROR
r-devel-windows-ix86+x86_64 1.5-0 5.00 80.00 85.00 NOTE
r-patched-linux-x86_64 1.5-0 1.82 56.91 58.73 NOTE
r-patched-solaris-sparc 1.5-0 670.60 NOTE
r-patched-solaris-x86 1.5-0 135.50 NOTE
r-release-linux-ix86 1.5-0 4.00 91.00 95.00 NOTE
r-release-linux-x86_64 1.5-0 1.60 56.69 58.29 NOTE
r-release-macosx-x86_64 1.5-0 NOTE
r-release-windows-ix86+x86_64 1.5-0 5.00 84.00 89.00 NOTE
r-oldrel-windows-ix86+x86_64 1.5-0 5.00 85.00 90.00 NOTE

Check Details

Version: 1.5-0
Check: R code for possible problems
Result: NOTE
    breakpoints.formula: no visible binding for global variable ‘i’
    efpFunctional: multiple local function definitions for ‘plotProcess’
     with different formal arguments
    mefp.efp: multiple local function definitions for ‘computeEmpProc’ with
     different formal arguments
Flavors: r-devel-linux-x86_64-debian-clang, r-devel-linux-x86_64-debian-gcc, r-devel-linux-x86_64-fedora-clang, r-devel-linux-x86_64-fedora-gcc, r-devel-macosx-x86_64-clang, r-devel-windows-ix86+x86_64, r-patched-linux-x86_64, r-patched-solaris-sparc, r-patched-solaris-x86, r-release-linux-ix86, r-release-linux-x86_64, r-release-macosx-x86_64, r-release-windows-ix86+x86_64, r-oldrel-windows-ix86+x86_64

Version: 1.5-0
Check: package dependencies
Result: ERROR
    Packages required but not available: ‘zoo’ ‘sandwich’
    
    Packages suggested but not available for checking:
     ‘car’ ‘dynlm’ ‘lmtest’ ‘tseries’
    
    See the information on DESCRIPTION files in the chapter ‘Creating R
    packages’ of the ‘Writing R Extensions’ manual.
Flavor: r-devel-macosx-x86_64-gcc