CRAN Package Check Results for Package strucchange

Last updated on 2014-07-31 22:47:21.

Flavor Version Tinstall Tcheck Ttotal Status Flags
r-devel-linux-x86_64-debian-clang 1.5-0 1.78 53.90 55.68 NOTE
r-devel-linux-x86_64-debian-gcc 1.5-0 1.66 54.27 55.94 NOTE
r-devel-linux-x86_64-fedora-clang 1.5-0 118.79 NOTE
r-devel-linux-x86_64-fedora-gcc 1.5-0 104.50 NOTE
r-devel-osx-x86_64-clang 1.5-0 101.29 NOTE
r-devel-windows-ix86+x86_64 1.5-0 5.00 85.00 90.00 NOTE
r-patched-linux-x86_64 1.5-0 1.52 54.81 56.34 NOTE
r-patched-solaris-sparc 1.5-0 660.40 NOTE
r-patched-solaris-x86 1.5-0 133.70 NOTE
r-release-linux-ix86 1.5-0 2.18 69.65 71.83 NOTE
r-release-linux-x86_64 1.5-0 1.76 54.52 56.28 NOTE
r-release-osx-x86_64-mavericks 1.5-0 NOTE
r-release-osx-x86_64-snowleopard 1.5-0 NOTE
r-release-windows-ix86+x86_64 1.5-0 7.00 113.00 120.00 NOTE
r-oldrel-windows-ix86+x86_64 1.5-0 8.00 114.00 122.00 NOTE

Check Details

Version: 1.5-0
Check: R code for possible problems
Result: NOTE
    breakpoints.formula: no visible binding for global variable i
    efpFunctional: multiple local function definitions for plotProcess
     with different formal arguments
    mefp.efp: multiple local function definitions for computeEmpProc with
     different formal arguments
Flavors: r-devel-linux-x86_64-debian-clang, r-devel-linux-x86_64-debian-gcc, r-devel-linux-x86_64-fedora-clang, r-devel-linux-x86_64-fedora-gcc, r-devel-osx-x86_64-clang, r-devel-windows-ix86+x86_64, r-patched-linux-x86_64, r-patched-solaris-sparc, r-patched-solaris-x86, r-release-linux-ix86, r-release-linux-x86_64, r-release-osx-x86_64-mavericks, r-release-osx-x86_64-snowleopard, r-release-windows-ix86+x86_64, r-oldrel-windows-ix86+x86_64

Version: 1.5-0
Check: re-building of vignette outputs
Result: NOTE
    Error in re-building vignettes:
     ...
    Loading required package: zoo
    
    Attaching package: zoo
    
    The following objects are masked from package:base :
    
     as.Date, as.Date.numeric
    
    Loading required package: sandwich
    Error in texi2dvi(file = file, pdf = TRUE, clean = clean, quiet = quiet, :
     Running 'texi2dvi' on 'strucchange-intro.tex' failed.
    LaTeX errors:
    ! LaTeX Error: File `a4wide.sty' not found.
    
    Type X to quit or <RETURN> to proceed,
    or enter new name. (Default extension: sty)
    
    vign_test/strucchange/vignettes/strucchange-intro.tex:3: ==> Fatal error occur
    red, no output PDF file produced!
    Calls: buildVignettes -> texi2pdf -> texi2dvi
    Execution halted
Flavor: r-release-osx-x86_64-mavericks