CRAN Package Check Results for Package strucchange

Last updated on 2016-06-24 23:47:48.

Flavor Version Tinstall Tcheck Ttotal Status Flags
r-devel-linux-x86_64-debian-gcc 1.5-1 1.42 53.96 55.39 NOTE
r-devel-linux-x86_64-fedora-clang 1.5-1 99.75 NOTE
r-devel-linux-x86_64-fedora-gcc 1.5-1 89.87 NOTE
r-devel-osx-x86_64-clang 1.5-1 40.26 NOTE
r-devel-windows-ix86+x86_64 1.5-1 6.00 139.00 145.00 NOTE
r-patched-linux-x86_64 1.5-1 1.42 52.69 54.11 NOTE
r-patched-solaris-x86 1.5-1 113.60 NOTE
r-release-linux-x86_64 1.5-1 1.52 53.48 54.99 NOTE
r-release-osx-x86_64-mavericks 1.5-1 NOTE
r-release-windows-ix86+x86_64 1.5-1 6.00 97.00 103.00 NOTE
r-oldrel-windows-ix86+x86_64 1.5-1 8.00 105.00 113.00 NOTE

Check Details

Version: 1.5-1
Check: R code for possible problems
Result: NOTE
    breakpoints.formula: no visible global function definition for
     ‘%dopar%’
    breakpoints.formula: no visible binding for global variable ‘i’
    efpFunctional: multiple local function definitions for ‘plotProcess’
     with different formal arguments
    mefp.efp: multiple local function definitions for ‘computeEmpProc’ with
     different formal arguments
    sctest.default: no visible global function definition for ‘tail’
    Undefined global functions or variables:
     %dopar% i tail
    Consider adding
     importFrom("utils", "tail")
    to your NAMESPACE file.
Flavors: r-devel-linux-x86_64-debian-gcc, r-devel-linux-x86_64-fedora-clang, r-devel-linux-x86_64-fedora-gcc, r-devel-osx-x86_64-clang, r-devel-windows-ix86+x86_64, r-patched-linux-x86_64, r-patched-solaris-sparc, r-patched-solaris-x86, r-release-linux-x86_64, r-release-osx-x86_64-mavericks, r-release-windows-ix86+x86_64

Version: 1.5-1
Check: R code for possible problems
Result: NOTE
    breakpoints.formula: no visible global function definition for
     '%dopar%'
    breakpoints.formula: no visible binding for global variable 'i'
    efpFunctional: multiple local function definitions for 'plotProcess'
     with different formal arguments
    mefp.efp: multiple local function definitions for 'computeEmpProc' with
     different formal arguments
Flavor: r-oldrel-windows-ix86+x86_64