CRAN Package Check Results for Package strucchange

Last updated on 2017-01-21 10:48:52.

Flavor Version Tinstall Tcheck Ttotal Status Flags
r-devel-linux-x86_64-debian-clang 1.5-1 1.74 59.69 61.43 NOTE
r-devel-linux-x86_64-debian-gcc 1.5-1 1.73 60.27 62.00 NOTE
r-devel-linux-x86_64-fedora-clang 1.5-1 112.56 NOTE --no-stop-on-test-error
r-devel-linux-x86_64-fedora-gcc 1.5-1 101.41 NOTE --no-stop-on-test-error
r-devel-macos-x86_64-clang 1.5-1 88.02 NOTE --no-stop-on-test-error
r-devel-windows-ix86+x86_64 1.5-1 9.00 133.00 142.00 NOTE
r-patched-linux-x86_64 1.5-1 1.43 51.75 53.18 NOTE
r-patched-solaris-sparc 1.5-1 593.50 NOTE
r-patched-solaris-x86 1.5-1 111.00 NOTE
r-release-linux-x86_64 1.5-1 1.34 54.24 55.58 NOTE
r-release-osx-x86_64-mavericks 1.5-1 NOTE
r-release-windows-ix86+x86_64 1.5-1 7.00 133.00 140.00 NOTE
r-oldrel-windows-ix86+x86_64 1.5-1 7.00 121.00 128.00 NOTE

Check Details

Version: 1.5-1
Check: R code for possible problems
Result: NOTE
    breakpoints.formula: no visible global function definition for
     ‘%dopar%’
    breakpoints.formula: no visible binding for global variable ‘i’
    efpFunctional: multiple local function definitions for ‘plotProcess’
     with different formal arguments
    mefp.efp: multiple local function definitions for ‘computeEmpProc’ with
     different formal arguments
    sctest.default: no visible global function definition for ‘tail’
    Undefined global functions or variables:
     %dopar% i tail
    Consider adding
     importFrom("utils", "tail")
    to your NAMESPACE file.
Flavors: r-devel-linux-x86_64-debian-clang, r-devel-linux-x86_64-debian-gcc, r-devel-windows-ix86+x86_64, r-patched-linux-x86_64, r-patched-solaris-sparc, r-patched-solaris-x86, r-release-linux-x86_64, r-release-osx-x86_64-mavericks, r-release-windows-ix86+x86_64

Version: 1.5-1
Flags: --no-stop-on-test-error
Check: R code for possible problems
Result: NOTE
    breakpoints.formula: no visible global function definition for
     ‘%dopar%’
    breakpoints.formula: no visible binding for global variable ‘i’
    efpFunctional: multiple local function definitions for ‘plotProcess’
     with different formal arguments
    mefp.efp: multiple local function definitions for ‘computeEmpProc’ with
     different formal arguments
    sctest.default: no visible global function definition for ‘tail’
    Undefined global functions or variables:
     %dopar% i tail
    Consider adding
     importFrom("utils", "tail")
    to your NAMESPACE file.
Flavors: r-devel-linux-x86_64-fedora-clang, r-devel-linux-x86_64-fedora-gcc, r-devel-macos-x86_64-clang

Version: 1.5-1
Check: R code for possible problems
Result: NOTE
    breakpoints.formula: no visible global function definition for
     '%dopar%'
    breakpoints.formula: no visible binding for global variable 'i'
    efpFunctional: multiple local function definitions for 'plotProcess'
     with different formal arguments
    mefp.efp: multiple local function definitions for 'computeEmpProc' with
     different formal arguments
Flavor: r-oldrel-windows-ix86+x86_64