CRAN Package Check Results for Package strucchange

Last updated on 2016-05-29 03:48:36.

Flavor Version Tinstall Tcheck Ttotal Status Flags
r-devel-linux-x86_64-debian-gcc 1.5-1 1.39 51.34 52.73 NOTE
r-devel-linux-x86_64-fedora-clang 1.5-1 97.74 NOTE
r-devel-linux-x86_64-fedora-gcc 1.5-1 87.11 NOTE
r-devel-osx-x86_64-clang 1.5-1 107.04 NOTE
r-devel-windows-ix86+x86_64 1.5-1 5.00 98.00 103.00 NOTE
r-patched-linux-x86_64 1.5-1 1.51 51.80 53.31 NOTE
r-patched-solaris-sparc 1.5-1 593.50 NOTE
r-patched-solaris-x86 1.5-1 117.10 NOTE
r-release-linux-x86_64 1.5-1 1.33 50.94 52.28 NOTE
r-release-osx-x86_64-mavericks 1.5-1 NOTE
r-release-windows-ix86+x86_64 1.5-1 6.00 101.00 107.00 NOTE
r-oldrel-windows-ix86+x86_64 1.5-1 4.00 104.00 108.00 NOTE

Check Details

Version: 1.5-1
Check: R code for possible problems
Result: NOTE
    breakpoints.formula: no visible global function definition for
     ‘%dopar%’
    breakpoints.formula: no visible binding for global variable ‘i’
    efpFunctional: multiple local function definitions for ‘plotProcess’
     with different formal arguments
    mefp.efp: multiple local function definitions for ‘computeEmpProc’ with
     different formal arguments
    sctest.default: no visible global function definition for ‘tail’
    Undefined global functions or variables:
     %dopar% i tail
    Consider adding
     importFrom("utils", "tail")
    to your NAMESPACE file.
Flavors: r-devel-linux-x86_64-debian-gcc, r-devel-linux-x86_64-fedora-clang, r-devel-linux-x86_64-fedora-gcc, r-devel-osx-x86_64-clang, r-devel-windows-ix86+x86_64, r-patched-linux-x86_64, r-patched-solaris-sparc, r-patched-solaris-x86, r-release-linux-x86_64, r-release-osx-x86_64-mavericks, r-release-windows-ix86+x86_64

Version: 1.5-1
Check: R code for possible problems
Result: NOTE
    breakpoints.formula: no visible global function definition for
     '%dopar%'
    breakpoints.formula: no visible binding for global variable 'i'
    efpFunctional: multiple local function definitions for 'plotProcess'
     with different formal arguments
    mefp.efp: multiple local function definitions for 'computeEmpProc' with
     different formal arguments
Flavor: r-oldrel-windows-ix86+x86_64