CRAN Package Check Results for Package strucchange

Last updated on 2016-08-26 11:47:39.

Flavor Version Tinstall Tcheck Ttotal Status Flags
r-devel-linux-x86_64-debian-clang 1.5-1 1.43 55.52 56.95 NOTE
r-devel-linux-x86_64-debian-gcc 1.5-1 2.06 66.95 69.01 NOTE
r-devel-linux-x86_64-fedora-clang 1.5-1 100.07 NOTE
r-devel-linux-x86_64-fedora-gcc 1.5-1 87.21 NOTE
r-devel-osx-x86_64-clang 1.5-1 79.88 NOTE
r-devel-windows-ix86+x86_64 1.5-1 7.00 105.00 112.00 NOTE
r-patched-linux-x86_64 1.5-1 3.37 51.97 55.34 NOTE
r-patched-solaris-sparc 1.5-1 589.50 NOTE
r-patched-solaris-x86 1.5-1 115.30 NOTE
r-release-linux-x86_64 1.5-1 1.66 53.00 54.66 NOTE
r-release-osx-x86_64-mavericks 1.5-1 NOTE
r-release-windows-ix86+x86_64 1.5-1 5.00 96.00 101.00 NOTE
r-oldrel-windows-ix86+x86_64 1.5-1 5.00 96.00 101.00 NOTE

Check Details

Version: 1.5-1
Check: R code for possible problems
Result: NOTE
    breakpoints.formula: no visible global function definition for
     ‘%dopar%’
    breakpoints.formula: no visible binding for global variable ‘i’
    efpFunctional: multiple local function definitions for ‘plotProcess’
     with different formal arguments
    mefp.efp: multiple local function definitions for ‘computeEmpProc’ with
     different formal arguments
    sctest.default: no visible global function definition for ‘tail’
    Undefined global functions or variables:
     %dopar% i tail
    Consider adding
     importFrom("utils", "tail")
    to your NAMESPACE file.
Flavors: r-devel-linux-x86_64-debian-clang, r-devel-linux-x86_64-debian-gcc, r-devel-linux-x86_64-fedora-clang, r-devel-linux-x86_64-fedora-gcc, r-devel-osx-x86_64-clang, r-devel-windows-ix86+x86_64, r-patched-linux-x86_64, r-patched-solaris-sparc, r-patched-solaris-x86, r-release-linux-x86_64, r-release-osx-x86_64-mavericks, r-release-windows-ix86+x86_64

Version: 1.5-1
Check: R code for possible problems
Result: NOTE
    breakpoints.formula: no visible global function definition for
     '%dopar%'
    breakpoints.formula: no visible binding for global variable 'i'
    efpFunctional: multiple local function definitions for 'plotProcess'
     with different formal arguments
    mefp.efp: multiple local function definitions for 'computeEmpProc' with
     different formal arguments
Flavor: r-oldrel-windows-ix86+x86_64