CRAN Package Check Results for Package strucchange

Last updated on 2016-09-26 03:55:16.

Flavor Version Tinstall Tcheck Ttotal Status Flags
r-devel-linux-x86_64-debian-clang 1.5-1 1.28 54.83 56.11 NOTE
r-devel-linux-x86_64-debian-gcc 1.5-1 1.28 52.82 54.10 NOTE
r-devel-linux-x86_64-fedora-clang 1.5-1 99.11 NOTE
r-devel-linux-x86_64-fedora-gcc 1.5-1 90.25 NOTE
r-devel-macos-x86_64-clang 1.5-1 78.19 NOTE
r-devel-windows-ix86+x86_64 1.5-1 6.00 129.00 135.00 NOTE
r-patched-linux-x86_64 1.5-1 1.40 51.38 52.78 NOTE
r-patched-solaris-sparc 1.5-1 589.50 NOTE
r-patched-solaris-x86 1.5-1 108.20 NOTE
r-release-linux-x86_64 1.5-1 1.36 53.31 54.67 NOTE
r-release-osx-x86_64-mavericks 1.5-1 NOTE
r-release-windows-ix86+x86_64 1.5-1 13.00 123.00 136.00 NOTE
r-oldrel-windows-ix86+x86_64 1.5-1 7.00 115.00 122.00 NOTE

Check Details

Version: 1.5-1
Check: R code for possible problems
Result: NOTE
    breakpoints.formula: no visible global function definition for
     ‘%dopar%’
    breakpoints.formula: no visible binding for global variable ‘i’
    efpFunctional: multiple local function definitions for ‘plotProcess’
     with different formal arguments
    mefp.efp: multiple local function definitions for ‘computeEmpProc’ with
     different formal arguments
    sctest.default: no visible global function definition for ‘tail’
    Undefined global functions or variables:
     %dopar% i tail
    Consider adding
     importFrom("utils", "tail")
    to your NAMESPACE file.
Flavors: r-devel-linux-x86_64-debian-clang, r-devel-linux-x86_64-debian-gcc, r-devel-linux-x86_64-fedora-clang, r-devel-linux-x86_64-fedora-gcc, r-devel-macos-x86_64-clang, r-devel-windows-ix86+x86_64, r-patched-linux-x86_64, r-patched-solaris-sparc, r-patched-solaris-x86, r-release-linux-x86_64, r-release-osx-x86_64-mavericks, r-release-windows-ix86+x86_64

Version: 1.5-1
Check: R code for possible problems
Result: NOTE
    breakpoints.formula: no visible global function definition for
     '%dopar%'
    breakpoints.formula: no visible binding for global variable 'i'
    efpFunctional: multiple local function definitions for 'plotProcess'
     with different formal arguments
    mefp.efp: multiple local function definitions for 'computeEmpProc' with
     different formal arguments
Flavor: r-oldrel-windows-ix86+x86_64