CRAN Package Check Results for Package strucchange

Last updated on 2016-04-30 11:49:18.

Flavor Version Tinstall Tcheck Ttotal Status Flags
r-devel-linux-x86_64-debian-gcc 1.5-1 1.35 52.52 53.87 NOTE
r-devel-linux-x86_64-fedora-clang 1.5-1 98.57 NOTE
r-devel-linux-x86_64-fedora-gcc 1.5-1 87.11 NOTE
r-devel-osx-x86_64-clang 1.5-1 99.82 NOTE
r-devel-windows-ix86+x86_64 1.5-1 5.00 95.00 100.00 NOTE
r-patched-linux-x86_64 1.5-1 1.46 51.22 52.68 NOTE
r-patched-solaris-sparc 1.5-1 587.60 NOTE
r-patched-solaris-x86 1.5-1 115.00 NOTE
r-release-linux-x86_64 1.5-1 1.53 56.70 58.23 NOTE
r-release-osx-x86_64-mavericks 1.5-1 NOTE
r-release-windows-ix86+x86_64 1.5-1 6.00 87.00 93.00 NOTE
r-oldrel-windows-ix86+x86_64 1.5-1 8.00 93.00 101.00 NOTE

Check Details

Version: 1.5-1
Check: R code for possible problems
Result: NOTE
    breakpoints.formula: no visible global function definition for
     ‘%dopar%’
    breakpoints.formula: no visible binding for global variable ‘i’
    efpFunctional: multiple local function definitions for ‘plotProcess’
     with different formal arguments
    mefp.efp: multiple local function definitions for ‘computeEmpProc’ with
     different formal arguments
    sctest.default: no visible global function definition for ‘tail’
    Undefined global functions or variables:
     %dopar% i tail
    Consider adding
     importFrom("utils", "tail")
    to your NAMESPACE file.
Flavors: r-devel-linux-x86_64-debian-gcc, r-devel-linux-x86_64-fedora-clang, r-devel-linux-x86_64-fedora-gcc, r-devel-osx-x86_64-clang, r-devel-windows-ix86+x86_64, r-patched-linux-x86_64, r-patched-solaris-sparc, r-patched-solaris-x86

Version: 1.5-1
Check: R code for possible problems
Result: NOTE
    breakpoints.formula: no visible global function definition for
     ‘%dopar%’
    breakpoints.formula: no visible binding for global variable ‘i’
    efpFunctional: multiple local function definitions for ‘plotProcess’
     with different formal arguments
    mefp.efp: multiple local function definitions for ‘computeEmpProc’ with
     different formal arguments
Flavors: r-release-linux-x86_64, r-release-osx-x86_64-mavericks, r-release-windows-ix86+x86_64, r-oldrel-windows-ix86+x86_64