CRAN Package Check Results for Package strucchange

Last updated on 2016-02-14 10:47:01.

Flavor Version Tinstall Tcheck Ttotal Status Flags
r-devel-linux-x86_64-debian-gcc 1.5-1 1.44 51.98 53.42 NOTE
r-devel-linux-x86_64-fedora-clang 1.5-1 97.70 NOTE
r-devel-linux-x86_64-fedora-gcc 1.5-1 86.60 NOTE
r-devel-osx-x86_64-clang 1.5-1 106.68 NOTE
r-devel-windows-ix86+x86_64 1.5-1 8.00 106.00 114.00 NOTE
r-patched-linux-x86_64 1.5-1 1.44 52.13 53.57 NOTE
r-patched-solaris-sparc 1.5-1 581.70 NOTE
r-patched-solaris-x86 1.5-1 110.40 NOTE
r-release-linux-x86_64 1.5-1 1.48 51.53 53.01 NOTE
r-release-osx-x86_64-mavericks 1.5-1 NOTE
r-release-windows-ix86+x86_64 1.5-1 8.00 80.00 88.00 NOTE
r-oldrel-windows-ix86+x86_64 1.5-1 8.00 127.00 135.00 NOTE

Check Details

Version: 1.5-1
Check: R code for possible problems
Result: NOTE
    breakpoints.formula: no visible global function definition for
     ‘%dopar%’
    breakpoints.formula: no visible binding for global variable ‘i’
    efpFunctional: multiple local function definitions for ‘plotProcess’
     with different formal arguments
    mefp.efp: multiple local function definitions for ‘computeEmpProc’ with
     different formal arguments
    sctest.default: no visible global function definition for ‘tail’
    Undefined global functions or variables:
     %dopar% i tail
    Consider adding
     importFrom("utils", "tail")
    to your NAMESPACE file.
Flavors: r-devel-linux-x86_64-debian-gcc, r-devel-linux-x86_64-fedora-clang, r-devel-linux-x86_64-fedora-gcc, r-devel-osx-x86_64-clang, r-devel-windows-ix86+x86_64

Version: 1.5-1
Check: R code for possible problems
Result: NOTE
    breakpoints.formula: no visible global function definition for
     ‘%dopar%’
    breakpoints.formula: no visible binding for global variable ‘i’
    efpFunctional: multiple local function definitions for ‘plotProcess’
     with different formal arguments
    mefp.efp: multiple local function definitions for ‘computeEmpProc’ with
     different formal arguments
Flavors: r-patched-linux-x86_64, r-patched-solaris-sparc, r-patched-solaris-x86, r-release-linux-x86_64, r-release-osx-x86_64-mavericks, r-release-windows-ix86+x86_64, r-oldrel-windows-ix86+x86_64