CRAN Package Check Results for Package strucchange

Last updated on 2016-07-26 21:50:02.

Flavor Version Tinstall Tcheck Ttotal Status Flags
r-devel-linux-x86_64-debian-clang 1.5-1 1.48 60.89 62.36 NOTE
r-devel-linux-x86_64-debian-gcc 1.5-1 1.48 59.57 61.05 NOTE
r-devel-linux-x86_64-fedora-clang 1.5-1 98.33 NOTE
r-devel-linux-x86_64-fedora-gcc 1.5-1 86.47 NOTE
r-devel-osx-x86_64-clang 1.5-1 78.88 NOTE
r-devel-windows-ix86+x86_64 1.5-1 6.00 134.00 140.00 NOTE
r-patched-linux-x86_64 1.5-1 1.88 59.10 60.99 NOTE
r-patched-solaris-sparc 1.5-1 589.50 NOTE
r-patched-solaris-x86 1.5-1 109.90 NOTE
r-release-linux-x86_64 1.5-1 1.59 59.80 61.39 NOTE
r-release-osx-x86_64-mavericks 1.5-1 NOTE
r-release-windows-ix86+x86_64 1.5-1 6.00 119.00 125.00 NOTE
r-oldrel-windows-ix86+x86_64 1.5-1 6.00 121.00 127.00 NOTE

Check Details

Version: 1.5-1
Check: R code for possible problems
Result: NOTE
    breakpoints.formula: no visible global function definition for
     ‘%dopar%’
    breakpoints.formula: no visible binding for global variable ‘i’
    efpFunctional: multiple local function definitions for ‘plotProcess’
     with different formal arguments
    mefp.efp: multiple local function definitions for ‘computeEmpProc’ with
     different formal arguments
    sctest.default: no visible global function definition for ‘tail’
    Undefined global functions or variables:
     %dopar% i tail
    Consider adding
     importFrom("utils", "tail")
    to your NAMESPACE file.
Flavors: r-devel-linux-x86_64-debian-clang, r-devel-linux-x86_64-debian-gcc, r-devel-linux-x86_64-fedora-clang, r-devel-linux-x86_64-fedora-gcc, r-devel-osx-x86_64-clang, r-devel-windows-ix86+x86_64, r-patched-linux-x86_64, r-patched-solaris-sparc, r-patched-solaris-x86, r-release-linux-x86_64, r-release-osx-x86_64-mavericks, r-release-windows-ix86+x86_64

Version: 1.5-1
Check: R code for possible problems
Result: NOTE
    breakpoints.formula: no visible global function definition for
     '%dopar%'
    breakpoints.formula: no visible binding for global variable 'i'
    efpFunctional: multiple local function definitions for 'plotProcess'
     with different formal arguments
    mefp.efp: multiple local function definitions for 'computeEmpProc' with
     different formal arguments
Flavor: r-oldrel-windows-ix86+x86_64