CRAN Package Check Results for Package strucchange

Last updated on 2022-01-27 04:05:38 CET.

Flavor Version Tinstall Tcheck Ttotal Status Flags
r-devel-linux-x86_64-debian-clang 1.5-2 10.51 111.54 122.05 NOTE
r-devel-linux-x86_64-debian-gcc 1.5-2 7.91 82.24 90.15 NOTE
r-devel-linux-x86_64-fedora-clang 1.5-2 147.80 NOTE
r-devel-linux-x86_64-fedora-gcc 1.5-2 132.46 NOTE
r-devel-windows-x86_64-new-UL 1.5-2 152.00 155.00 307.00 NOTE
r-devel-windows-x86_64-new-TK 1.5-2 NOTE
r-patched-linux-x86_64 1.5-2 10.04 110.84 120.88 NOTE
r-release-linux-x86_64 1.5-2 8.26 107.01 115.27 NOTE
r-release-macos-arm64 1.5-2 NOTE
r-release-macos-x86_64 1.5-2 NOTE
r-release-windows-ix86+x86_64 1.5-2 19.00 172.00 191.00 NOTE
r-oldrel-macos-x86_64 1.5-2 NOTE
r-oldrel-windows-ix86+x86_64 1.5-2 19.00 175.00 194.00 NOTE

Additional issues

rchk

Check Details

Version: 1.5-2
Check: R code for possible problems
Result: NOTE
    efpFunctional: multiple local function definitions for 'plotProcess'
     with different formal arguments
    mefp.efp: multiple local function definitions for 'computeEmpProc' with
     different formal arguments
Flavors: r-devel-linux-x86_64-debian-clang, r-devel-linux-x86_64-debian-gcc, r-devel-linux-x86_64-fedora-clang, r-devel-linux-x86_64-fedora-gcc, r-devel-windows-x86_64-new-UL, r-devel-windows-x86_64-new-TK, r-patched-linux-x86_64, r-release-linux-x86_64, r-release-macos-arm64, r-release-macos-x86_64, r-release-windows-ix86+x86_64, r-oldrel-macos-x86_64, r-oldrel-windows-ix86+x86_64

Version: 1.5-2
Check: package dependencies
Result: NOTE
    Packages suggested but not available for checking: 'car', 'dynlm'
Flavor: r-devel-windows-x86_64-new-TK