CRAN Package Check Results for Package strucchange

Last updated on 2017-03-27 06:48:40.

Flavor Version Tinstall Tcheck Ttotal Status Flags
r-devel-linux-x86_64-debian-clang 1.5-1 1.78 63.22 65.00 NOTE
r-devel-linux-x86_64-debian-gcc 1.5-1 1.86 58.71 60.56 NOTE
r-devel-linux-x86_64-fedora-clang 1.5-1 111.54 NOTE --no-stop-on-test-error
r-devel-linux-x86_64-fedora-gcc 1.5-1 104.28 NOTE --no-stop-on-test-error
r-devel-macos-x86_64-clang 1.5-1 88.06 NOTE --no-stop-on-test-error
r-devel-windows-ix86+x86_64 1.5-1 6.00 160.00 166.00 NOTE
r-patched-linux-x86_64 1.5-1 1.96 58.17 60.13 NOTE
r-patched-solaris-sparc 1.5-1 666.40 NOTE
r-patched-solaris-x86 1.5-1 130.40 NOTE
r-release-linux-x86_64 1.5-1 1.34 52.60 53.94 NOTE
r-release-osx-x86_64-mavericks 1.5-1 NOTE
r-release-windows-ix86+x86_64 1.5-1 8.00 94.00 102.00 NOTE
r-oldrel-windows-ix86+x86_64 1.5-1 5.00 98.00 103.00 NOTE

Check Details

Version: 1.5-1
Check: R code for possible problems
Result: NOTE
    breakpoints.formula: no visible global function definition for
     ‘%dopar%’
    breakpoints.formula: no visible binding for global variable ‘i’
    efpFunctional: multiple local function definitions for ‘plotProcess’
     with different formal arguments
    mefp.efp: multiple local function definitions for ‘computeEmpProc’ with
     different formal arguments
    sctest.default: no visible global function definition for ‘tail’
    Undefined global functions or variables:
     %dopar% i tail
    Consider adding
     importFrom("utils", "tail")
    to your NAMESPACE file.
Flavors: r-devel-linux-x86_64-debian-clang, r-devel-linux-x86_64-debian-gcc, r-devel-windows-ix86+x86_64, r-patched-linux-x86_64, r-patched-solaris-sparc, r-patched-solaris-x86, r-release-linux-x86_64, r-release-osx-x86_64-mavericks, r-release-windows-ix86+x86_64

Version: 1.5-1
Flags: --no-stop-on-test-error
Check: R code for possible problems
Result: NOTE
    breakpoints.formula: no visible global function definition for
     ‘%dopar%’
    breakpoints.formula: no visible binding for global variable ‘i’
    efpFunctional: multiple local function definitions for ‘plotProcess’
     with different formal arguments
    mefp.efp: multiple local function definitions for ‘computeEmpProc’ with
     different formal arguments
    sctest.default: no visible global function definition for ‘tail’
    Undefined global functions or variables:
     %dopar% i tail
    Consider adding
     importFrom("utils", "tail")
    to your NAMESPACE file.
Flavors: r-devel-linux-x86_64-fedora-clang, r-devel-linux-x86_64-fedora-gcc, r-devel-macos-x86_64-clang

Version: 1.5-1
Check: R code for possible problems
Result: NOTE
    breakpoints.formula: no visible global function definition for
     '%dopar%'
    breakpoints.formula: no visible binding for global variable 'i'
    efpFunctional: multiple local function definitions for 'plotProcess'
     with different formal arguments
    mefp.efp: multiple local function definitions for 'computeEmpProc' with
     different formal arguments
Flavor: r-oldrel-windows-ix86+x86_64