CRAN Package Check Results for Package strucchange

Last updated on 2016-12-04 12:48:10.

Flavor Version Tinstall Tcheck Ttotal Status Flags
r-devel-linux-x86_64-debian-clang 1.5-1 1.81 63.05 64.86 NOTE
r-devel-linux-x86_64-debian-gcc 1.5-1 2.02 60.82 62.84 NOTE
r-devel-linux-x86_64-fedora-clang 1.5-1 116.61 NOTE --no-stop-on-test-error
r-devel-linux-x86_64-fedora-gcc 1.5-1 108.83 NOTE --no-stop-on-test-error
r-devel-macos-x86_64-clang 1.5-1 88.78 NOTE
r-devel-windows-ix86+x86_64 1.5-1 5.00 97.00 102.00 NOTE
r-patched-linux-x86_64 1.5-1 1.42 54.41 55.83 NOTE
r-patched-solaris-sparc 1.5-1 589.50 NOTE
r-patched-solaris-x86 1.5-1 115.20 NOTE
r-release-linux-x86_64 1.5-1 1.29 52.41 53.70 NOTE
r-release-osx-x86_64-mavericks 1.5-1 NOTE
r-release-windows-ix86+x86_64 1.5-1 6.00 133.00 139.00 NOTE
r-oldrel-windows-ix86+x86_64 1.5-1 5.00 101.00 106.00 NOTE

Check Details

Version: 1.5-1
Check: R code for possible problems
Result: NOTE
    breakpoints.formula: no visible global function definition for
     ‘%dopar%’
    breakpoints.formula: no visible binding for global variable ‘i’
    efpFunctional: multiple local function definitions for ‘plotProcess’
     with different formal arguments
    mefp.efp: multiple local function definitions for ‘computeEmpProc’ with
     different formal arguments
    sctest.default: no visible global function definition for ‘tail’
    Undefined global functions or variables:
     %dopar% i tail
    Consider adding
     importFrom("utils", "tail")
    to your NAMESPACE file.
Flavors: r-devel-linux-x86_64-debian-clang, r-devel-linux-x86_64-debian-gcc, r-devel-macos-x86_64-clang, r-devel-windows-ix86+x86_64, r-patched-linux-x86_64, r-patched-solaris-sparc, r-patched-solaris-x86, r-release-linux-x86_64, r-release-osx-x86_64-mavericks, r-release-windows-ix86+x86_64

Version: 1.5-1
Flags: --no-stop-on-test-error
Check: R code for possible problems
Result: NOTE
    breakpoints.formula: no visible global function definition for
     ‘%dopar%’
    breakpoints.formula: no visible binding for global variable ‘i’
    efpFunctional: multiple local function definitions for ‘plotProcess’
     with different formal arguments
    mefp.efp: multiple local function definitions for ‘computeEmpProc’ with
     different formal arguments
    sctest.default: no visible global function definition for ‘tail’
    Undefined global functions or variables:
     %dopar% i tail
    Consider adding
     importFrom("utils", "tail")
    to your NAMESPACE file.
Flavors: r-devel-linux-x86_64-fedora-clang, r-devel-linux-x86_64-fedora-gcc

Version: 1.5-1
Check: R code for possible problems
Result: NOTE
    breakpoints.formula: no visible global function definition for
     '%dopar%'
    breakpoints.formula: no visible binding for global variable 'i'
    efpFunctional: multiple local function definitions for 'plotProcess'
     with different formal arguments
    mefp.efp: multiple local function definitions for 'computeEmpProc' with
     different formal arguments
Flavor: r-oldrel-windows-ix86+x86_64