CRAN Package Check Results for Package structSSI

Last updated on 2016-12-03 12:48:41.

Flavor Version Tinstall Tcheck Ttotal Status Flags
r-devel-linux-x86_64-debian-clang 1.1.1 3.82 63.95 67.77 NOTE
r-devel-linux-x86_64-debian-gcc 1.1.1 4.03 61.20 65.23 NOTE
r-devel-linux-x86_64-fedora-clang 1.1.1 146.07 NOTE
r-devel-linux-x86_64-fedora-gcc 1.1.1 147.21 NOTE
r-devel-macos-x86_64-clang 1.1.1 108.43 NOTE
r-devel-windows-ix86+x86_64 1.1.1 11.00 109.00 120.00 NOTE
r-patched-linux-x86_64 1.1.1 3.80 54.62 58.42 NOTE
r-patched-solaris-sparc 1.1.1 756.80 NOTE
r-patched-solaris-x86 1.1.1 185.90 NOTE
r-release-linux-x86_64 1.1.1 3.55 55.12 58.67 NOTE
r-release-osx-x86_64-mavericks 1.1.1 NOTE
r-release-windows-ix86+x86_64 1.1.1 17.00 150.00 167.00 NOTE
r-oldrel-windows-ix86+x86_64 1.1.1 16.00 97.00 113.00 NOTE

Check Details

Version: 1.1.1
Check: R code for possible problems
Result: NOTE
    PlotHypTree: no visible global function definition for ‘browseURL’
    treePValues: no visible global function definition for ‘lm’
    treePValues: no visible global function definition for ‘pf’
    plot,GBH-ANY: no visible binding for global variable ‘sorted.hyp’
    plot,GBH-ANY: no visible binding for global variable ‘pval’
    plot,GBH-ANY: no visible binding for global variable ‘group’
    plot,GBH-ANY: no visible binding for global variable ‘type’
    Undefined global functions or variables:
     browseURL group lm pf pval sorted.hyp type
    Consider adding
     importFrom("stats", "lm", "pf")
     importFrom("utils", "browseURL")
    to your NAMESPACE file.
Flavors: r-devel-linux-x86_64-debian-clang, r-devel-linux-x86_64-debian-gcc, r-devel-linux-x86_64-fedora-clang, r-devel-linux-x86_64-fedora-gcc, r-devel-macos-x86_64-clang, r-devel-windows-ix86+x86_64, r-patched-linux-x86_64, r-patched-solaris-sparc, r-patched-solaris-x86, r-release-linux-x86_64, r-release-osx-x86_64-mavericks, r-release-windows-ix86+x86_64

Version: 1.1.1
Check: R code for possible problems
Result: NOTE
    plot,GBH-ANY : .local: no visible binding for global variable
     'sorted.hyp'
    plot,GBH-ANY : .local: no visible binding for global variable 'pval'
    plot,GBH-ANY : .local: no visible binding for global variable 'group'
    plot,GBH-ANY : .local: no visible binding for global variable 'type'
Flavor: r-oldrel-windows-ix86+x86_64