CRAN Package Check Results for Package structSSI

Last updated on 2016-06-28 06:47:23.

Flavor Version Tinstall Tcheck Ttotal Status Flags
r-devel-linux-x86_64-debian-gcc 1.1.1 4.13 56.65 60.78 NOTE
r-devel-linux-x86_64-fedora-clang 1.1.1 121.18 NOTE
r-devel-linux-x86_64-fedora-gcc 1.1.1 118.14 NOTE
r-devel-osx-x86_64-clang 1.1.1 92.17 NOTE
r-devel-windows-ix86+x86_64 1.1.1 18.00 143.00 161.00 NOTE
r-patched-linux-x86_64 1.1.1 4.45 58.02 62.47 NOTE
r-patched-solaris-sparc 1.1.1 726.80 NOTE
r-patched-solaris-x86 1.1.1 177.70 NOTE
r-release-linux-x86_64 1.1.1 3.90 56.14 60.03 NOTE
r-release-osx-x86_64-mavericks 1.1.1 NOTE
r-release-windows-ix86+x86_64 1.1.1 14.00 145.00 159.00 NOTE
r-oldrel-windows-ix86+x86_64 1.1.1 12.00 148.00 160.00 NOTE

Check Details

Version: 1.1.1
Check: R code for possible problems
Result: NOTE
    PlotHypTree: no visible global function definition for ‘browseURL’
    treePValues: no visible global function definition for ‘lm’
    treePValues: no visible global function definition for ‘pf’
    plot,GBH-ANY: no visible binding for global variable ‘sorted.hyp’
    plot,GBH-ANY: no visible binding for global variable ‘pval’
    plot,GBH-ANY: no visible binding for global variable ‘group’
    plot,GBH-ANY: no visible binding for global variable ‘type’
    Undefined global functions or variables:
     browseURL group lm pf pval sorted.hyp type
    Consider adding
     importFrom("stats", "lm", "pf")
     importFrom("utils", "browseURL")
    to your NAMESPACE file.
Flavors: r-devel-linux-x86_64-debian-gcc, r-devel-linux-x86_64-fedora-clang, r-devel-linux-x86_64-fedora-gcc, r-devel-osx-x86_64-clang, r-devel-windows-ix86+x86_64, r-patched-linux-x86_64, r-patched-solaris-sparc, r-patched-solaris-x86, r-release-linux-x86_64, r-release-osx-x86_64-mavericks, r-release-windows-ix86+x86_64

Version: 1.1.1
Check: R code for possible problems
Result: NOTE
    plot,GBH-ANY : .local: no visible binding for global variable
     'sorted.hyp'
    plot,GBH-ANY : .local: no visible binding for global variable 'pval'
    plot,GBH-ANY : .local: no visible binding for global variable 'group'
    plot,GBH-ANY : .local: no visible binding for global variable 'type'
Flavor: r-oldrel-windows-ix86+x86_64