CRAN Package Check Results for Package structSSI

Last updated on 2015-05-04 00:47:15.

Flavor Version Tinstall Tcheck Ttotal Status Flags
r-devel-linux-x86_64-debian-clang 1.1 2.77 43.80 46.57 OK
r-devel-linux-x86_64-debian-gcc 1.1 2.21 41.12 43.33 OK
r-devel-linux-x86_64-fedora-clang 1.1 91.96 OK
r-devel-linux-x86_64-fedora-gcc 1.1 84.42 OK
r-devel-osx-x86_64-clang 1.1 71.91 OK
r-devel-windows-ix86+x86_64 1.1 7.00 68.00 75.00 OK
r-patched-linux-x86_64 1.1 2.19 41.29 43.48 OK
r-patched-solaris-sparc 1.1 459.50 OK
r-patched-solaris-x86 1.1 135.60 OK
r-release-linux-x86_64 1.1 2.08 41.54 43.62 OK
r-release-osx-x86_64-mavericks 1.1 ERROR
r-release-osx-x86_64-snowleopard 1.1 ERROR
r-release-windows-ix86+x86_64 1.1 7.00 70.00 77.00 OK
r-oldrel-windows-ix86+x86_64 1.1 11.00 100.00 111.00 OK

Check Details

Version: 1.1
Check: package namespace information
Result: OK
    
Flavor: r-release-osx-x86_64-mavericks

Version: 1.1
Check: package dependencies
Result: NOTE
    Package suggested but not available for checking: ‘phyloseq’
Flavor: r-release-osx-x86_64-mavericks

Version: 1.1
Check: if this is a source package
Result: OK
    
Flavor: r-release-osx-x86_64-mavericks

Version: 1.1
Check: if there is a namespace
Result: OK
    
Flavor: r-release-osx-x86_64-mavericks

Version: 1.1
Check: for executable files
Result: OK
    
Flavor: r-release-osx-x86_64-mavericks

Version: 1.1
Check: for hidden files and directories
Result: OK
    
Flavor: r-release-osx-x86_64-mavericks

Version: 1.1
Check: for portable file names
Result: OK
    
Flavor: r-release-osx-x86_64-mavericks

Version: 1.1
Check: for sufficient/correct file permissions
Result: OK
    
Flavor: r-release-osx-x86_64-mavericks

Version: 1.1
Check: whether package can be installed
Result: OK
    
Flavor: r-release-osx-x86_64-mavericks

Version: 1.1
Check: installed package size
Result: OK
    
Flavor: r-release-osx-x86_64-mavericks

Version: 1.1
Check: package directory
Result: OK
    
Flavor: r-release-osx-x86_64-mavericks

Version: 1.1
Check: DESCRIPTION meta-information
Result: OK
    
Flavor: r-release-osx-x86_64-mavericks

Version: 1.1
Check: top-level files
Result: OK
    
Flavor: r-release-osx-x86_64-mavericks

Version: 1.1
Check: for left-over files
Result: OK
    
Flavor: r-release-osx-x86_64-mavericks

Version: 1.1
Check: index information
Result: OK
    
Flavor: r-release-osx-x86_64-mavericks

Version: 1.1
Check: package subdirectories
Result: OK
    
Flavor: r-release-osx-x86_64-mavericks

Version: 1.1
Check: R files for non-ASCII characters
Result: OK
    
Flavor: r-release-osx-x86_64-mavericks

Version: 1.1
Check: R files for syntax errors
Result: OK
    
Flavor: r-release-osx-x86_64-mavericks

Version: 1.1
Check: whether the package can be loaded
Result: OK
    
Flavor: r-release-osx-x86_64-mavericks

Version: 1.1
Check: whether the package can be loaded with stated dependencies
Result: OK
    
Flavor: r-release-osx-x86_64-mavericks

Version: 1.1
Check: whether the package can be unloaded cleanly
Result: OK
    
Flavor: r-release-osx-x86_64-mavericks

Version: 1.1
Check: whether the namespace can be loaded with stated dependencies
Result: OK
    
Flavor: r-release-osx-x86_64-mavericks

Version: 1.1
Check: whether the namespace can be unloaded cleanly
Result: OK
    
Flavor: r-release-osx-x86_64-mavericks

Version: 1.1
Check: loading without being on the library search path
Result: OK
    
Flavor: r-release-osx-x86_64-mavericks

Version: 1.1
Check: dependencies in R code
Result: OK
    
Flavor: r-release-osx-x86_64-mavericks

Version: 1.1
Check: S3 generic/method consistency
Result: OK
    
Flavor: r-release-osx-x86_64-mavericks

Version: 1.1
Check: replacement functions
Result: OK
    
Flavor: r-release-osx-x86_64-mavericks

Version: 1.1
Check: foreign function calls
Result: OK
    
Flavor: r-release-osx-x86_64-mavericks

Version: 1.1
Check: R code for possible problems
Result: OK
    
Flavor: r-release-osx-x86_64-mavericks

Version: 1.1
Check: Rd files
Result: OK
    
Flavor: r-release-osx-x86_64-mavericks

Version: 1.1
Check: Rd metadata
Result: OK
    
Flavor: r-release-osx-x86_64-mavericks

Version: 1.1
Check: Rd cross-references
Result: OK
    
Flavor: r-release-osx-x86_64-mavericks

Version: 1.1
Check: for missing documentation entries
Result: OK
    
Flavor: r-release-osx-x86_64-mavericks

Version: 1.1
Check: for code/documentation mismatches
Result: OK
    
Flavor: r-release-osx-x86_64-mavericks

Version: 1.1
Check: Rd \usage sections
Result: OK
    
Flavor: r-release-osx-x86_64-mavericks

Version: 1.1
Check: Rd contents
Result: OK
    
Flavor: r-release-osx-x86_64-mavericks

Version: 1.1
Check: for unstated dependencies in examples
Result: OK
    
Flavor: r-release-osx-x86_64-mavericks

Version: 1.1
Check: contents of ‘data’ directory
Result: OK
    
Flavor: r-release-osx-x86_64-mavericks

Version: 1.1
Check: data for non-ASCII characters
Result: NOTE
     Error in .requirePackage(package) :
     unable to find required package 'phyloseq'
     Calls: <Anonymous> ... .extendsForS3 -> extends -> getClassDef -> .requirePackage
     Execution halted
Flavor: r-release-osx-x86_64-mavericks

Version: 1.1
Check: data for ASCII and uncompressed saves
Result: OK
    
Flavor: r-release-osx-x86_64-mavericks

Version: 1.1
Check: examples
Result: ERROR
    Running examples in ‘structSSI-Ex.R’ failed
    The error most likely occurred in:
    
    > ### Name: treePValues
    > ### Title: Create tree of p-values for phyloseq data
    > ### Aliases: treePValues
    >
    > ### ** Examples
    >
    > library('phyloseq')
    Error in library("phyloseq") : there is no package called ‘phyloseq’
    Execution halted
    The file /var/folders/8q/c881c7rn7_x34vj58f4ywhvm0000h3/T//RtmprsK9fn/hyp_tree20150429144605.html does not exist.
Flavor: r-release-osx-x86_64-mavericks

Version: 1.1
Check: for unstated dependencies in ‘tests’
Result: OK
    
Flavor: r-release-osx-x86_64-mavericks

Version: 1.1
Check: tests
Result: OK
     Running ‘testGBHProcedures.R’ [1s/1s]
     Running ‘testHierarchicalMethods.R’ [1s/1s]
Flavor: r-release-osx-x86_64-mavericks

Version: 1.1
Check: PDF version of manual
Result: OK
    * DONE
Flavor: r-release-osx-x86_64-mavericks

Version: 1.1
Check: package dependencies
Result: ERROR
    Packages required but not available: ‘multtest’ ‘igraph’ ‘ggplot2’
    
    Package suggested but not available for checking: ‘phyloseq’
    
    See section ‘The DESCRIPTION file’ in the ‘Writing R Extensions’
    manual.
Flavor: r-release-osx-x86_64-snowleopard