CRAN Package Check Results for Package structSSI

Last updated on 2017-03-30 20:47:31.

Flavor Version Tinstall Tcheck Ttotal Status Flags
r-devel-linux-x86_64-debian-clang 1.1.1 4.24 64.95 69.18 NOTE
r-devel-linux-x86_64-debian-gcc 1.1.1 4.16 62.07 66.23 NOTE
r-devel-linux-x86_64-fedora-clang 1.1.1 144.99 NOTE --no-stop-on-test-error
r-devel-linux-x86_64-fedora-gcc 1.1.1 142.70 NOTE --no-stop-on-test-error
r-devel-macos-x86_64-clang 1.1.1 107.72 NOTE --no-stop-on-test-error
r-devel-windows-ix86+x86_64 1.1.1 12.00 153.00 165.00 NOTE
r-patched-linux-x86_64 1.1.1 4.14 62.67 66.81 NOTE
r-patched-solaris-sparc 1.1.1 828.70 NOTE
r-release-linux-x86_64 1.1.1 4.03 55.50 59.52 NOTE
r-release-osx-x86_64-mavericks 1.1.1 NOTE
r-release-windows-ix86+x86_64 1.1.1 25.00 106.00 131.00 NOTE
r-oldrel-windows-ix86+x86_64 1.1.1 11.00 110.00 121.00 NOTE

Check Details

Version: 1.1.1
Check: R code for possible problems
Result: NOTE
    PlotHypTree: no visible global function definition for ‘browseURL’
    treePValues: no visible global function definition for ‘lm’
    treePValues: no visible global function definition for ‘pf’
    plot,GBH-ANY: no visible binding for global variable ‘sorted.hyp’
    plot,GBH-ANY: no visible binding for global variable ‘pval’
    plot,GBH-ANY: no visible binding for global variable ‘group’
    plot,GBH-ANY: no visible binding for global variable ‘type’
    Undefined global functions or variables:
     browseURL group lm pf pval sorted.hyp type
    Consider adding
     importFrom("stats", "lm", "pf")
     importFrom("utils", "browseURL")
    to your NAMESPACE file.
Flavors: r-devel-linux-x86_64-debian-clang, r-devel-linux-x86_64-debian-gcc, r-devel-windows-ix86+x86_64, r-patched-linux-x86_64, r-patched-solaris-sparc, r-release-linux-x86_64, r-release-osx-x86_64-mavericks, r-release-windows-ix86+x86_64

Version: 1.1.1
Flags: --no-stop-on-test-error
Check: R code for possible problems
Result: NOTE
    PlotHypTree: no visible global function definition for ‘browseURL’
    treePValues: no visible global function definition for ‘lm’
    treePValues: no visible global function definition for ‘pf’
    plot,GBH-ANY: no visible binding for global variable ‘sorted.hyp’
    plot,GBH-ANY: no visible binding for global variable ‘pval’
    plot,GBH-ANY: no visible binding for global variable ‘group’
    plot,GBH-ANY: no visible binding for global variable ‘type’
    Undefined global functions or variables:
     browseURL group lm pf pval sorted.hyp type
    Consider adding
     importFrom("stats", "lm", "pf")
     importFrom("utils", "browseURL")
    to your NAMESPACE file.
Flavors: r-devel-linux-x86_64-fedora-clang, r-devel-linux-x86_64-fedora-gcc, r-devel-macos-x86_64-clang

Version: 1.1.1
Check: R code for possible problems
Result: NOTE
    plot,GBH-ANY : .local: no visible binding for global variable
     'sorted.hyp'
    plot,GBH-ANY : .local: no visible binding for global variable 'pval'
    plot,GBH-ANY : .local: no visible binding for global variable 'group'
    plot,GBH-ANY : .local: no visible binding for global variable 'type'
Flavor: r-oldrel-windows-ix86+x86_64