CRAN Package Check Results for Package structSSI

Last updated on 2014-08-31 11:47:18.

Flavor Version Tinstall Tcheck Ttotal Status Flags
r-devel-linux-x86_64-debian-clang 1.0.5 5.34 68.77 74.12 OK
r-devel-linux-x86_64-debian-gcc 1.0.5 5.24 67.77 73.00 OK
r-devel-linux-x86_64-fedora-clang 1.0.5 190.95 OK
r-devel-linux-x86_64-fedora-gcc 1.0.5 177.94 OK
r-devel-osx-x86_64-clang 1.0.5 135.24 OK
r-devel-windows-ix86+x86_64 1.0.5 16.00 99.00 115.00 OK
r-patched-linux-x86_64 1.0.5 5.71 76.57 82.28 OK
r-patched-solaris-sparc 1.0.5 1029.80 OK
r-patched-solaris-x86 1.0.5 269.00 OK
r-release-linux-ix86 1.0.5 6.42 93.19 99.61 OK
r-release-linux-x86_64 1.0.5 5.57 75.75 81.32 OK
r-release-osx-x86_64-mavericks 1.0.5 ERROR
r-release-osx-x86_64-snowleopard 1.0.5 OK
r-release-windows-ix86+x86_64 1.0.5 15.00 115.00 130.00 OK
r-oldrel-windows-ix86+x86_64 1.0.5 14.00 101.00 115.00 OK

Check Details

Version: 1.0.5
Check: package dependencies
Result: NOTE
    Package suggested but not available for checking: ‘phyloseq’
Flavor: r-release-osx-x86_64-mavericks

Version: 1.0.5
Check: examples
Result: ERROR
    Running examples in ‘structSSI-Ex.R’ failed
    The error most likely occurred in:
    
    > ### Name: treePValues
    > ### Title: Create tree of p-values for phyloseq data
    > ### Aliases: treePValues
    >
    > ### ** Examples
    >
    > ## Load data from the phyloseq package
    > library('igraph')
    > library('ape')
    
    Attaching package: ‘ape’
    
    The following object is masked from ‘package:igraph’:
    
     edges
    
    > library('phyloseq')
    Error in library("phyloseq") : there is no package called ‘phyloseq’
    Execution halted
Flavor: r-release-osx-x86_64-mavericks