CRAN Package Check Results for Package structSSI

Last updated on 2015-07-06 14:48:56.

Flavor Version Tinstall Tcheck Ttotal Status Flags
r-devel-linux-x86_64-debian-clang 1.1.1 2.12 43.54 45.66 NOTE
r-devel-linux-x86_64-debian-gcc 1.1.1 2.05 42.32 44.38 NOTE
r-devel-linux-x86_64-fedora-clang 1.1.1 93.36 NOTE
r-devel-linux-x86_64-fedora-gcc 1.1.1 89.44 NOTE
r-devel-osx-x86_64-clang 1.1.1 67.59 NOTE
r-devel-windows-ix86+x86_64 1.1.1 8.00 66.00 74.00 NOTE
r-patched-linux-x86_64 1.1.1 2.11 44.56 46.67 OK
r-patched-solaris-sparc 1.1.1 572.60 OK
r-patched-solaris-x86 1.1.1 147.80 OK
r-release-linux-x86_64 1.1.1 2.18 44.82 47.00 OK
r-release-osx-x86_64-mavericks 1.1.1 NOTE
r-release-windows-ix86+x86_64 1.1.1 10.00 75.00 85.00 OK
r-oldrel-windows-ix86+x86_64 1.1.1 14.00 117.00 131.00 OK

Check Details

Version: 1.1.1
Check: R code for possible problems
Result: NOTE
    PlotHypTree: no visible global function definition for ‘browseURL’
    treePValues: no visible global function definition for ‘lm’
    treePValues: no visible global function definition for ‘pf’
    plot,GBH-ANY: no visible binding for global variable ‘sorted.hyp’
    plot,GBH-ANY: no visible binding for global variable ‘pval’
    plot,GBH-ANY: no visible binding for global variable ‘group’
    plot,GBH-ANY: no visible binding for global variable ‘type’
    Undefined global functions or variables:
     browseURL group lm pf pval sorted.hyp type
Flavors: r-devel-linux-x86_64-debian-clang, r-devel-linux-x86_64-debian-gcc, r-devel-linux-x86_64-fedora-clang, r-devel-linux-x86_64-fedora-gcc, r-devel-windows-ix86+x86_64

Version: 1.1.1
Check: R code for possible problems
Result: NOTE
    plot,GBH-ANY: no visible binding for global variable ‘sorted.hyp’
    plot,GBH-ANY: no visible binding for global variable ‘pval’
    plot,GBH-ANY: no visible binding for global variable ‘group’
    plot,GBH-ANY: no visible binding for global variable ‘type’
    Undefined global functions or variables:
     group pval sorted.hyp type
Flavor: r-devel-osx-x86_64-clang

Version: 1.1.1
Check: package dependencies
Result: NOTE
    Package suggested but not available for checking: ‘phyloseq’
Flavor: r-release-osx-x86_64-mavericks

Version: 1.1.1
Check: data for non-ASCII characters
Result: NOTE
     Error in .requirePackage(package) :
     unable to find required package 'phyloseq'
     Calls: <Anonymous> ... .extendsForS3 -> extends -> getClassDef -> .requirePackage
     Execution halted
Flavor: r-release-osx-x86_64-mavericks