CRAN Package Check Results for Package structSSI

Last updated on 2014-09-16 19:48:45.

Flavor Version Tinstall Tcheck Ttotal Status Flags
r-devel-linux-x86_64-debian-clang 1.1 3.43 57.22 60.65 OK
r-devel-linux-x86_64-debian-gcc 1.1 2.97 54.14 57.12 OK
r-devel-linux-x86_64-fedora-clang 1.1 81.33 OK
r-devel-linux-x86_64-fedora-gcc 1.1 121.49 OK
r-devel-osx-x86_64-clang 1.1 106.86 OK
r-devel-windows-ix86+x86_64 1.1 10.00 95.00 105.00 OK
r-patched-linux-x86_64 1.1 3.11 60.20 63.31 NOTE
r-patched-solaris-sparc 1.1 704.70 NOTE
r-patched-solaris-x86 1.1 194.70 NOTE
r-release-linux-ix86 1.1 3.80 76.33 80.13 NOTE
r-release-linux-x86_64 1.1 3.13 60.58 63.71 NOTE
r-release-osx-x86_64-mavericks 1.1 ERROR
r-release-osx-x86_64-snowleopard 1.1 NOTE
r-release-windows-ix86+x86_64 1.1 10.00 97.00 107.00 NOTE
r-oldrel-windows-ix86+x86_64 1.1 10.00 87.00 97.00 NOTE

Check Details

Version: 1.1
Check: data for non-ASCII characters
Result: NOTE
     Note: the specification for S3 class "AsIs" in package 'BiocGenerics' seems equivalent to one from package 'RJSONIO': not turning on duplicate class definitions for this class.
     Note: the specification for S3 class "connection" in package 'BiocGenerics' seems equivalent to one from package 'RJSONIO': not turning on duplicate class definitions for this class.
     Note: the specification for S3 class "file" in package 'BiocGenerics' seems equivalent to one from package 'RJSONIO': not turning on duplicate class definitions for this class.
     Note: the specification for S3 class "pipe" in package 'BiocGenerics' seems equivalent to one from package 'RJSONIO': not turning on duplicate class definitions for this class.
     Note: the specification for S3 class "textConnection" in package 'BiocGenerics' seems equivalent to one from package 'RJSONIO': not turning on duplicate class definitions for this class.
Flavors: r-patched-linux-x86_64, r-patched-solaris-sparc, r-patched-solaris-x86, r-release-linux-ix86, r-release-linux-x86_64, r-release-osx-x86_64-snowleopard, r-release-windows-ix86+x86_64, r-oldrel-windows-ix86+x86_64

Version: 1.1
Check: package dependencies
Result: NOTE
    Package suggested but not available for checking: ‘phyloseq’
Flavor: r-release-osx-x86_64-mavericks

Version: 1.1
Check: data for non-ASCII characters
Result: NOTE
     Error in .requirePackage(package) :
     unable to find required package 'phyloseq'
     Calls: <Anonymous> ... .extendsForS3 -> extends -> getClassDef -> .requirePackage
     Execution halted
Flavor: r-release-osx-x86_64-mavericks

Version: 1.1
Check: examples
Result: ERROR
    Running examples in ‘structSSI-Ex.R’ failed
    The error most likely occurred in:
    
    > ### Name: treePValues
    > ### Title: Create tree of p-values for phyloseq data
    > ### Aliases: treePValues
    >
    > ### ** Examples
    >
    > library('phyloseq')
    Error in library("phyloseq") : there is no package called ‘phyloseq’
    Execution halted
    The file /tmp/RtmpLvTXTL/hyp_tree20140916022754.html does not exist.
Flavor: r-release-osx-x86_64-mavericks