CRAN Package Check Results for Package structSSI

Last updated on 2015-02-27 05:48:16.

Flavor Version Tinstall Tcheck Ttotal Status Flags
r-devel-linux-x86_64-debian-clang 1.1 2.13 41.76 43.89 OK
r-devel-linux-x86_64-debian-gcc 1.1 2.02 39.02 41.05 OK
r-devel-linux-x86_64-fedora-clang 1.1 89.08 OK
r-devel-linux-x86_64-fedora-gcc 1.1 87.13 OK
r-devel-osx-x86_64-clang 1.1 74.40 OK
r-devel-windows-ix86+x86_64 1.1 11.00 65.00 76.00 OK
r-patched-linux-x86_64 1.1 3.53 58.34 61.87 OK
r-patched-solaris-sparc 1.1 733.10 OK
r-patched-solaris-x86 1.1 187.70 OK
r-release-linux-ix86 1.1 3.70 72.62 76.33 OK
r-release-linux-x86_64 1.1 3.58 0.26 3.84 OK
r-release-osx-x86_64-mavericks 1.1 ERROR
r-release-osx-x86_64-snowleopard 1.1 NOTE
r-release-windows-ix86+x86_64 1.1 13.00 102.00 115.00 OK
r-oldrel-windows-ix86+x86_64 1.1 11.00 97.00 108.00 NOTE

Check Details

Version: 1.1
Check: package dependencies
Result: NOTE
    Package suggested but not available for checking: ‘phyloseq’
Flavor: r-release-osx-x86_64-mavericks

Version: 1.1
Check: data for non-ASCII characters
Result: NOTE
     Error in .requirePackage(package) :
     unable to find required package 'phyloseq'
     Calls: <Anonymous> ... .extendsForS3 -> extends -> getClassDef -> .requirePackage
     Execution halted
Flavor: r-release-osx-x86_64-mavericks

Version: 1.1
Check: examples
Result: ERROR
    Running examples in ‘structSSI-Ex.R’ failed
    The error most likely occurred in:
    
    > ### Name: treePValues
    > ### Title: Create tree of p-values for phyloseq data
    > ### Aliases: treePValues
    >
    > ### ** Examples
    >
    > library('phyloseq')
    Error in library("phyloseq") : there is no package called ‘phyloseq’
    Execution halted
    The file /tmp/RtmpavcNl2/hyp_tree20150226030439.html does not exist.
Flavor: r-release-osx-x86_64-mavericks

Version: 1.1
Check: data for non-ASCII characters
Result: NOTE
     Note: the specification for S3 class "AsIs" in package 'BiocGenerics' seems equivalent to one from package 'RJSONIO': not turning on duplicate class definitions for this class.
     Note: the specification for S3 class "connection" in package 'BiocGenerics' seems equivalent to one from package 'RJSONIO': not turning on duplicate class definitions for this class.
     Note: the specification for S3 class "file" in package 'BiocGenerics' seems equivalent to one from package 'RJSONIO': not turning on duplicate class definitions for this class.
     Note: the specification for S3 class "pipe" in package 'BiocGenerics' seems equivalent to one from package 'RJSONIO': not turning on duplicate class definitions for this class.
     Note: the specification for S3 class "textConnection" in package 'BiocGenerics' seems equivalent to one from package 'RJSONIO': not turning on duplicate class definitions for this class.
Flavors: r-release-osx-x86_64-snowleopard, r-oldrel-windows-ix86+x86_64