CRAN Package Check Results for Package structSSI

Last updated on 2016-02-08 08:47:53.

Flavor Version Tinstall Tcheck Ttotal Status Flags
r-devel-linux-x86_64-debian-gcc 1.1.1 2.14 37.67 39.81 NOTE
r-devel-linux-x86_64-fedora-clang 1.1.1 86.73 NOTE
r-devel-linux-x86_64-fedora-gcc 1.1.1 76.17 NOTE
r-devel-osx-x86_64-clang 1.1.1 86.61 NOTE
r-devel-windows-ix86+x86_64 1.1.1 9.00 112.00 121.00 NOTE
r-patched-linux-x86_64 1.1.1 2.20 40.36 42.56 NOTE
r-patched-solaris-sparc 1.1.1 525.30 NOTE
r-patched-solaris-x86 1.1.1 121.60 NOTE
r-release-linux-x86_64 1.1.1 2.25 40.77 43.02 NOTE
r-release-osx-x86_64-mavericks 1.1.1 NOTE
r-release-windows-ix86+x86_64 1.1.1 10.00 116.00 126.00 NOTE
r-oldrel-windows-ix86+x86_64 1.1.1 20.00 127.00 147.00 NOTE

Check Details

Version: 1.1.1
Check: R code for possible problems
Result: NOTE
    PlotHypTree: no visible global function definition for ‘browseURL’
    treePValues: no visible global function definition for ‘lm’
    treePValues: no visible global function definition for ‘pf’
    plot,GBH-ANY: no visible binding for global variable ‘sorted.hyp’
    plot,GBH-ANY: no visible binding for global variable ‘pval’
    plot,GBH-ANY: no visible binding for global variable ‘group’
    plot,GBH-ANY: no visible binding for global variable ‘type’
    Undefined global functions or variables:
     browseURL group lm pf pval sorted.hyp type
    Consider adding
     importFrom("stats", "lm", "pf")
     importFrom("utils", "browseURL")
    to your NAMESPACE file.
Flavors: r-devel-linux-x86_64-debian-gcc, r-devel-linux-x86_64-fedora-clang, r-devel-linux-x86_64-fedora-gcc, r-devel-osx-x86_64-clang, r-devel-windows-ix86+x86_64

Version: 1.1.1
Check: R code for possible problems
Result: NOTE
    plot,GBH-ANY : .local: no visible binding for global variable
     ‘sorted.hyp’
    plot,GBH-ANY : .local: no visible binding for global variable ‘pval’
    plot,GBH-ANY : .local: no visible binding for global variable ‘group’
    plot,GBH-ANY : .local: no visible binding for global variable ‘type’
Flavors: r-patched-linux-x86_64, r-patched-solaris-sparc, r-patched-solaris-x86, r-release-linux-x86_64, r-release-windows-ix86+x86_64, r-oldrel-windows-ix86+x86_64

Version: 1.1.1
Check: package dependencies
Result: NOTE
    Package suggested but not available for checking: ‘phyloseq’
Flavor: r-release-osx-x86_64-mavericks

Version: 1.1.1
Check: data for non-ASCII characters
Result: NOTE
     Error in .requirePackage(package) :
     unable to find required package 'phyloseq'
     Calls: <Anonymous> ... .extendsForS3 -> extends -> getClassDef -> .requirePackage
     Execution halted
Flavor: r-release-osx-x86_64-mavericks