CRAN Package Check Results for Package structSSI

Last updated on 2014-07-24 11:53:31.

Flavor Version Tinstall Tcheck Ttotal Status Flags
r-devel-linux-x86_64-debian-clang 1.0.5 5.54 78.86 84.39 OK
r-devel-linux-x86_64-debian-gcc 1.0.5 5.35 75.35 80.70 OK
r-devel-linux-x86_64-fedora-clang 1.0.5 208.50 OK
r-devel-linux-x86_64-fedora-gcc 1.0.5 198.27 OK
r-devel-osx-x86_64-clang 1.0.5 148.99 OK
r-devel-windows-ix86+x86_64 1.0.5 13.00 108.00 121.00 OK
r-patched-linux-x86_64 1.0.5 5.46 74.30 79.76 OK
r-patched-solaris-sparc 1.0.5 1059.20 OK
r-patched-solaris-x86 1.0.5 268.40 OK
r-release-linux-ix86 1.0.5 6.42 94.87 101.29 OK
r-release-linux-x86_64 1.0.5 5.53 76.14 81.66 OK
r-release-osx-x86_64-mavericks 1.0.5 ERROR
r-release-osx-x86_64-snowleopard 1.0.5 OK
r-release-windows-ix86+x86_64 1.0.5 15.00 109.00 124.00 OK
r-oldrel-windows-ix86+x86_64 1.0.5 15.00 104.00 119.00 OK

Check Details

Version: 1.0.5
Check: package dependencies
Result: NOTE
    Package suggested but not available for checking: ‘phyloseq’
Flavor: r-release-osx-x86_64-mavericks

Version: 1.0.5
Check: examples
Result: ERROR
    Running examples in ‘structSSI-Ex.R’ failed
    The error most likely occurred in:
    
    > ### Name: treePValues
    > ### Title: Create tree of p-values for phyloseq data
    > ### Aliases: treePValues
    >
    > ### ** Examples
    >
    > ## Load data from the phyloseq package
    > library('igraph')
    > library('ape')
    
    Attaching package: ‘ape’
    
    The following object is masked from ‘package:igraph’:
    
     edges
    
    > library('phyloseq')
    Error in library("phyloseq") : there is no package called ‘phyloseq’
    Execution halted
Flavor: r-release-osx-x86_64-mavericks