CRAN Package Check Results for Package structSSI

Last updated on 2015-03-30 05:48:51.

Flavor Version Tinstall Tcheck Ttotal Status Flags
r-devel-linux-x86_64-debian-clang 1.1 2.16 41.63 43.78 OK
r-devel-linux-x86_64-debian-gcc 1.1 2.05 39.64 41.69 OK
r-devel-linux-x86_64-fedora-clang 1.1 89.91 OK
r-devel-linux-x86_64-fedora-gcc 1.1 89.21 OK
r-devel-osx-x86_64-clang 1.1 79.62 OK
r-prerel-windows-ix86+x86_64 1.1 7.00 70.00 77.00 OK
r-prerel-linux-x86_64 1.1 2.00 40.14 42.14 OK
r-prerel-solaris-sparc 1.1 542.30 OK
r-prerel-solaris-x86 1.1 133.20 OK
r-release-linux-x86_64 1.1 3.41 58.44 61.86 OK
r-release-osx-x86_64-mavericks 1.1 ERROR
r-release-osx-x86_64-snowleopard 1.1 NOTE
r-release-windows-ix86+x86_64 1.1 11.00 101.00 112.00 OK
r-oldrel-windows-ix86+x86_64 1.1 12.00 93.00 105.00 NOTE

Check Details

Version: 1.1
Check: package dependencies
Result: NOTE
    Package suggested but not available for checking: ‘phyloseq’
Flavor: r-release-osx-x86_64-mavericks

Version: 1.1
Check: data for non-ASCII characters
Result: NOTE
     Error in .requirePackage(package) :
     unable to find required package 'phyloseq'
     Calls: <Anonymous> ... .extendsForS3 -> extends -> getClassDef -> .requirePackage
     Execution halted
Flavor: r-release-osx-x86_64-mavericks

Version: 1.1
Check: examples
Result: ERROR
    Running examples in ‘structSSI-Ex.R’ failed
    The error most likely occurred in:
    
    > ### Name: treePValues
    > ### Title: Create tree of p-values for phyloseq data
    > ### Aliases: treePValues
    >
    > ### ** Examples
    >
    > library('phyloseq')
    Error in library("phyloseq") : there is no package called ‘phyloseq’
    Execution halted
    The file /tmp/Rtmp4QvgVX/hyp_tree20150329023846.html does not exist.
Flavor: r-release-osx-x86_64-mavericks

Version: 1.1
Check: data for non-ASCII characters
Result: NOTE
     Note: the specification for S3 class "AsIs" in package 'BiocGenerics' seems equivalent to one from package 'RJSONIO': not turning on duplicate class definitions for this class.
     Note: the specification for S3 class "connection" in package 'BiocGenerics' seems equivalent to one from package 'RJSONIO': not turning on duplicate class definitions for this class.
     Note: the specification for S3 class "file" in package 'BiocGenerics' seems equivalent to one from package 'RJSONIO': not turning on duplicate class definitions for this class.
     Note: the specification for S3 class "pipe" in package 'BiocGenerics' seems equivalent to one from package 'RJSONIO': not turning on duplicate class definitions for this class.
     Note: the specification for S3 class "textConnection" in package 'BiocGenerics' seems equivalent to one from package 'RJSONIO': not turning on duplicate class definitions for this class.
Flavors: r-release-osx-x86_64-snowleopard, r-oldrel-windows-ix86+x86_64