CRAN Package Check Results for Package structSSI

Last updated on 2017-01-16 22:55:32.

Flavor Version Tinstall Tcheck Ttotal Status Flags
r-devel-linux-x86_64-debian-clang 1.1.1 3.85 63.32 67.17 NOTE
r-devel-linux-x86_64-debian-gcc 1.1.1 3.90 61.80 65.70 NOTE
r-devel-linux-x86_64-fedora-clang 1.1.1 145.18 NOTE --no-stop-on-test-error
r-devel-linux-x86_64-fedora-gcc 1.1.1 141.68 NOTE --no-stop-on-test-error
r-devel-macos-x86_64-clang 1.1.1 104.92 NOTE --no-stop-on-test-error
r-devel-windows-ix86+x86_64 1.1.1 17.00 165.00 182.00 NOTE
r-patched-linux-x86_64 1.1.1 3.64 53.40 57.05 NOTE
r-patched-solaris-sparc 1.1.1 748.80 NOTE
r-patched-solaris-x86 1.1.1 186.60 NOTE
r-release-linux-x86_64 1.1.1 4.04 55.32 59.36 NOTE
r-release-osx-x86_64-mavericks 1.1.1 NOTE
r-release-windows-ix86+x86_64 1.1.1 14.00 158.00 172.00 NOTE
r-oldrel-windows-ix86+x86_64 1.1.1 13.00 99.00 112.00 NOTE

Check Details

Version: 1.1.1
Check: R code for possible problems
Result: NOTE
    PlotHypTree: no visible global function definition for ‘browseURL’
    treePValues: no visible global function definition for ‘lm’
    treePValues: no visible global function definition for ‘pf’
    plot,GBH-ANY: no visible binding for global variable ‘sorted.hyp’
    plot,GBH-ANY: no visible binding for global variable ‘pval’
    plot,GBH-ANY: no visible binding for global variable ‘group’
    plot,GBH-ANY: no visible binding for global variable ‘type’
    Undefined global functions or variables:
     browseURL group lm pf pval sorted.hyp type
    Consider adding
     importFrom("stats", "lm", "pf")
     importFrom("utils", "browseURL")
    to your NAMESPACE file.
Flavors: r-devel-linux-x86_64-debian-clang, r-devel-linux-x86_64-debian-gcc, r-devel-windows-ix86+x86_64, r-patched-linux-x86_64, r-patched-solaris-sparc, r-patched-solaris-x86, r-release-linux-x86_64, r-release-osx-x86_64-mavericks, r-release-windows-ix86+x86_64

Version: 1.1.1
Flags: --no-stop-on-test-error
Check: R code for possible problems
Result: NOTE
    PlotHypTree: no visible global function definition for ‘browseURL’
    treePValues: no visible global function definition for ‘lm’
    treePValues: no visible global function definition for ‘pf’
    plot,GBH-ANY: no visible binding for global variable ‘sorted.hyp’
    plot,GBH-ANY: no visible binding for global variable ‘pval’
    plot,GBH-ANY: no visible binding for global variable ‘group’
    plot,GBH-ANY: no visible binding for global variable ‘type’
    Undefined global functions or variables:
     browseURL group lm pf pval sorted.hyp type
    Consider adding
     importFrom("stats", "lm", "pf")
     importFrom("utils", "browseURL")
    to your NAMESPACE file.
Flavors: r-devel-linux-x86_64-fedora-clang, r-devel-linux-x86_64-fedora-gcc, r-devel-macos-x86_64-clang

Version: 1.1.1
Check: R code for possible problems
Result: NOTE
    plot,GBH-ANY : .local: no visible binding for global variable
     'sorted.hyp'
    plot,GBH-ANY : .local: no visible binding for global variable 'pval'
    plot,GBH-ANY : .local: no visible binding for global variable 'group'
    plot,GBH-ANY : .local: no visible binding for global variable 'type'
Flavor: r-oldrel-windows-ix86+x86_64