CRAN Package Check Results for Package structSSI

Last updated on 2016-09-30 09:48:25.

Flavor Version Tinstall Tcheck Ttotal Status Flags
r-devel-linux-x86_64-debian-clang 1.1.1 3.37 55.97 59.34 NOTE
r-devel-linux-x86_64-debian-gcc 1.1.1 3.46 53.50 56.96 NOTE
r-devel-linux-x86_64-fedora-clang 1.1.1 131.15 NOTE
r-devel-linux-x86_64-fedora-gcc 1.1.1 116.49 NOTE
r-devel-macos-x86_64-clang 1.1.1 90.02 NOTE
r-devel-windows-ix86+x86_64 1.1.1 17.00 130.00 147.00 NOTE
r-patched-linux-x86_64 1.1.1 3.67 52.82 56.49 NOTE
r-patched-solaris-sparc 1.1.1 726.80 NOTE
r-patched-solaris-x86 1.1.1 170.50 NOTE
r-release-linux-x86_64 1.1.1 3.74 53.40 57.14 NOTE
r-release-osx-x86_64-mavericks 1.1.1 NOTE
r-release-windows-ix86+x86_64 1.1.1 10.00 94.00 104.00 NOTE
r-oldrel-windows-ix86+x86_64 1.1.1 16.00 128.00 144.00 NOTE

Check Details

Version: 1.1.1
Check: R code for possible problems
Result: NOTE
    PlotHypTree: no visible global function definition for ‘browseURL’
    treePValues: no visible global function definition for ‘lm’
    treePValues: no visible global function definition for ‘pf’
    plot,GBH-ANY: no visible binding for global variable ‘sorted.hyp’
    plot,GBH-ANY: no visible binding for global variable ‘pval’
    plot,GBH-ANY: no visible binding for global variable ‘group’
    plot,GBH-ANY: no visible binding for global variable ‘type’
    Undefined global functions or variables:
     browseURL group lm pf pval sorted.hyp type
    Consider adding
     importFrom("stats", "lm", "pf")
     importFrom("utils", "browseURL")
    to your NAMESPACE file.
Flavors: r-devel-linux-x86_64-debian-clang, r-devel-linux-x86_64-debian-gcc, r-devel-linux-x86_64-fedora-clang, r-devel-linux-x86_64-fedora-gcc, r-devel-macos-x86_64-clang, r-devel-windows-ix86+x86_64, r-patched-linux-x86_64, r-patched-solaris-sparc, r-patched-solaris-x86, r-release-linux-x86_64, r-release-osx-x86_64-mavericks, r-release-windows-ix86+x86_64

Version: 1.1.1
Check: R code for possible problems
Result: NOTE
    plot,GBH-ANY : .local: no visible binding for global variable
     'sorted.hyp'
    plot,GBH-ANY : .local: no visible binding for global variable 'pval'
    plot,GBH-ANY : .local: no visible binding for global variable 'group'
    plot,GBH-ANY : .local: no visible binding for global variable 'type'
Flavor: r-oldrel-windows-ix86+x86_64