CRAN Package Check Results for Package structSSI

Last updated on 2016-08-24 16:47:07.

Flavor Version Tinstall Tcheck Ttotal Status Flags
r-devel-linux-x86_64-debian-clang 1.1.1 3.87 60.81 64.68 NOTE
r-devel-linux-x86_64-debian-gcc 1.1.1 3.94 57.68 61.62 NOTE
r-devel-linux-x86_64-fedora-clang 1.1.1 124.34 NOTE
r-devel-linux-x86_64-fedora-gcc 1.1.1 119.82 NOTE
r-devel-osx-x86_64-clang 1.1.1 97.74 NOTE
r-devel-windows-ix86+x86_64 1.1.1 16.00 153.00 169.00 NOTE
r-patched-linux-x86_64 1.1.1 3.78 55.97 59.74 NOTE
r-patched-solaris-sparc 1.1.1 726.80 NOTE
r-patched-solaris-x86 1.1.1 181.60 NOTE
r-release-linux-x86_64 1.1.1 3.92 58.64 62.56 NOTE
r-release-osx-x86_64-mavericks 1.1.1 NOTE
r-release-windows-ix86+x86_64 1.1.1 14.00 96.00 110.00 NOTE
r-oldrel-windows-ix86+x86_64 1.1.1 16.00 104.00 120.00 NOTE

Check Details

Version: 1.1.1
Check: R code for possible problems
Result: NOTE
    PlotHypTree: no visible global function definition for ‘browseURL’
    treePValues: no visible global function definition for ‘lm’
    treePValues: no visible global function definition for ‘pf’
    plot,GBH-ANY: no visible binding for global variable ‘sorted.hyp’
    plot,GBH-ANY: no visible binding for global variable ‘pval’
    plot,GBH-ANY: no visible binding for global variable ‘group’
    plot,GBH-ANY: no visible binding for global variable ‘type’
    Undefined global functions or variables:
     browseURL group lm pf pval sorted.hyp type
    Consider adding
     importFrom("stats", "lm", "pf")
     importFrom("utils", "browseURL")
    to your NAMESPACE file.
Flavors: r-devel-linux-x86_64-debian-clang, r-devel-linux-x86_64-debian-gcc, r-devel-linux-x86_64-fedora-clang, r-devel-linux-x86_64-fedora-gcc, r-devel-osx-x86_64-clang, r-devel-windows-ix86+x86_64, r-patched-linux-x86_64, r-patched-solaris-sparc, r-patched-solaris-x86, r-release-linux-x86_64, r-release-osx-x86_64-mavericks, r-release-windows-ix86+x86_64

Version: 1.1.1
Check: R code for possible problems
Result: NOTE
    plot,GBH-ANY : .local: no visible binding for global variable
     'sorted.hyp'
    plot,GBH-ANY : .local: no visible binding for global variable 'pval'
    plot,GBH-ANY : .local: no visible binding for global variable 'group'
    plot,GBH-ANY : .local: no visible binding for global variable 'type'
Flavor: r-oldrel-windows-ix86+x86_64