CRAN Package Check Results for Package structSSI

Last updated on 2015-08-29 10:47:06.

Flavor Version Tinstall Tcheck Ttotal Status Flags
r-devel-linux-x86_64-debian-clang 1.1.1 2.00 41.26 43.26 NOTE
r-devel-linux-x86_64-debian-gcc 1.1.1 2.00 41.32 43.32 NOTE
r-devel-linux-x86_64-fedora-clang 1.1.1 90.87 NOTE
r-devel-linux-x86_64-fedora-gcc 1.1.1 86.66 NOTE
r-devel-osx-x86_64-clang 1.1.1 69.48 NOTE
r-devel-windows-ix86+x86_64 1.1.1 12.00 80.00 92.00 NOTE
r-patched-linux-x86_64 1.1.1 2.17 43.34 45.51 NOTE
r-patched-solaris-sparc 1.1.1 585.30 NOTE
r-patched-solaris-x86 1.1.1 145.00 NOTE
r-release-linux-x86_64 1.1.1 2.11 43.81 45.92 NOTE
r-release-osx-x86_64-mavericks 1.1.1 NOTE
r-release-windows-ix86+x86_64 1.1.1 11.00 84.00 95.00 NOTE
r-oldrel-windows-ix86+x86_64 1.1.1 20.00 177.00 197.00 NOTE

Check Details

Version: 1.1.1
Check: R code for possible problems
Result: NOTE
    PlotHypTree: no visible global function definition for ‘browseURL’
    treePValues: no visible global function definition for ‘lm’
    treePValues: no visible global function definition for ‘pf’
    plot,GBH-ANY: no visible binding for global variable ‘sorted.hyp’
    plot,GBH-ANY: no visible binding for global variable ‘pval’
    plot,GBH-ANY: no visible binding for global variable ‘group’
    plot,GBH-ANY: no visible binding for global variable ‘type’
    Undefined global functions or variables:
     browseURL group lm pf pval sorted.hyp type
    Consider adding
     importFrom("stats", "lm", "pf")
     importFrom("utils", "browseURL")
    to your NAMESPACE.
Flavors: r-devel-linux-x86_64-debian-clang, r-devel-linux-x86_64-debian-gcc, r-devel-linux-x86_64-fedora-clang, r-devel-linux-x86_64-fedora-gcc, r-devel-windows-ix86+x86_64

Version: 1.1.1
Check: R code for possible problems
Result: NOTE
    plot,GBH-ANY: no visible binding for global variable ‘sorted.hyp’
    plot,GBH-ANY: no visible binding for global variable ‘pval’
    plot,GBH-ANY: no visible binding for global variable ‘group’
    plot,GBH-ANY: no visible binding for global variable ‘type’
    Undefined global functions or variables:
     group pval sorted.hyp type
Flavor: r-devel-osx-x86_64-clang

Version: 1.1.1
Check: R code for possible problems
Result: NOTE
    plot,GBH-ANY : .local: no visible binding for global variable
     ‘sorted.hyp’
    plot,GBH-ANY : .local: no visible binding for global variable ‘pval’
    plot,GBH-ANY : .local: no visible binding for global variable ‘group’
    plot,GBH-ANY : .local: no visible binding for global variable ‘type’
Flavors: r-patched-linux-x86_64, r-patched-solaris-sparc, r-patched-solaris-x86, r-release-linux-x86_64, r-release-windows-ix86+x86_64, r-oldrel-windows-ix86+x86_64

Version: 1.1.1
Check: package dependencies
Result: NOTE
    Package suggested but not available for checking: ‘phyloseq’
Flavor: r-release-osx-x86_64-mavericks

Version: 1.1.1
Check: data for non-ASCII characters
Result: NOTE
     Error in .requirePackage(package) :
     unable to find required package 'phyloseq'
     Calls: <Anonymous> ... .extendsForS3 -> extends -> getClassDef -> .requirePackage
     Execution halted
Flavor: r-release-osx-x86_64-mavericks