CRAN Package Check Results for Package structSSI

Last updated on 2014-10-21 11:50:23.

Flavor Version Tinstall Tcheck Ttotal Status Flags
r-devel-linux-x86_64-debian-clang 1.1 3.10 55.32 58.42 OK
r-devel-linux-x86_64-debian-gcc 1.1 3.06 54.83 57.89 OK
r-devel-linux-x86_64-fedora-clang 1.1 132.08 OK
r-devel-linux-x86_64-fedora-gcc 1.1 130.72 OK
r-devel-osx-x86_64-clang 1.1 106.91 OK
r-devel-windows-ix86+x86_64 1.1 12.00 90.00 102.00 OK
r-patched-linux-x86_64 1.1 3.11 57.26 60.38 OK
r-patched-solaris-sparc 1.1 848.90 NOTE
r-patched-solaris-x86 1.1 189.70 OK
r-release-linux-ix86 1.1 3.83 77.76 81.58 NOTE
r-release-linux-x86_64 1.1 3.18 61.21 64.40 NOTE
r-release-osx-x86_64-mavericks 1.1 ERROR
r-release-osx-x86_64-snowleopard 1.1 NOTE
r-release-windows-ix86+x86_64 1.1 10.00 107.00 117.00 NOTE
r-oldrel-windows-ix86+x86_64 1.1 10.00 91.00 101.00 NOTE

Check Details

Version: 1.1
Check: data for non-ASCII characters
Result: NOTE
     Note: the specification for S3 class "AsIs" in package 'BiocGenerics' seems equivalent to one from package 'RJSONIO': not turning on duplicate class definitions for this class.
     Note: the specification for S3 class "connection" in package 'BiocGenerics' seems equivalent to one from package 'RJSONIO': not turning on duplicate class definitions for this class.
     Note: the specification for S3 class "file" in package 'BiocGenerics' seems equivalent to one from package 'RJSONIO': not turning on duplicate class definitions for this class.
     Note: the specification for S3 class "pipe" in package 'BiocGenerics' seems equivalent to one from package 'RJSONIO': not turning on duplicate class definitions for this class.
     Note: the specification for S3 class "textConnection" in package 'BiocGenerics' seems equivalent to one from package 'RJSONIO': not turning on duplicate class definitions for this class.
Flavors: r-patched-solaris-sparc, r-release-linux-ix86, r-release-linux-x86_64, r-release-osx-x86_64-snowleopard, r-release-windows-ix86+x86_64, r-oldrel-windows-ix86+x86_64

Version: 1.1
Check: package dependencies
Result: NOTE
    Package suggested but not available for checking: ‘phyloseq’
Flavor: r-release-osx-x86_64-mavericks

Version: 1.1
Check: data for non-ASCII characters
Result: NOTE
     Error in .requirePackage(package) :
     unable to find required package 'phyloseq'
     Calls: <Anonymous> ... .extendsForS3 -> extends -> getClassDef -> .requirePackage
     Execution halted
Flavor: r-release-osx-x86_64-mavericks

Version: 1.1
Check: examples
Result: ERROR
    Running examples in ‘structSSI-Ex.R’ failed
    The error most likely occurred in:
    
    > ### Name: treePValues
    > ### Title: Create tree of p-values for phyloseq data
    > ### Aliases: treePValues
    >
    > ### ** Examples
    >
    > library('phyloseq')
    Error in library("phyloseq") : there is no package called ‘phyloseq’
    Execution halted
    The file /tmp/Rtmp6zlmq9/hyp_tree20141021023805.html does not exist.
Flavor: r-release-osx-x86_64-mavericks