CRAN Package Check Results for Package stsm.class

Last updated on 2019-09-22 14:47:40 CEST.

Flavor Version Tinstall Tcheck Ttotal Status Flags
r-devel-linux-x86_64-debian-clang 1.3 4.46 24.74 29.20 NOTE
r-devel-linux-x86_64-debian-gcc 1.3 4.02 19.77 23.79 NOTE
r-devel-linux-x86_64-fedora-clang 1.3 38.34 NOTE
r-devel-linux-x86_64-fedora-gcc 1.3 36.53 NOTE
r-devel-windows-ix86+x86_64 1.3 12.00 36.00 48.00 NOTE
r-patched-linux-x86_64 1.3 4.72 24.79 29.51 NOTE
r-patched-solaris-x86 1.3 55.70 NOTE
r-release-linux-x86_64 1.3 4.46 24.75 29.21 NOTE
r-release-windows-ix86+x86_64 1.3 12.00 39.00 51.00 NOTE
r-release-osx-x86_64 1.3 NOTE
r-oldrel-windows-ix86+x86_64 1.3 5.00 47.00 52.00 NOTE
r-oldrel-osx-x86_64 1.3 NOTE

Check Details

Version: 1.3
Check: whether the namespace can be loaded with stated dependencies
Result: NOTE
    Warning: no function found corresponding to methods exports from 'stsm.class' for: 'show'
    
    A namespace must be able to be loaded with just the base namespace
    loaded: otherwise if the namespace gets loaded by a saved object, the
    session will be unable to start.
    
    Probably some imports need to be declared in the NAMESPACE file.
Flavors: r-devel-linux-x86_64-debian-clang, r-devel-linux-x86_64-debian-gcc, r-devel-linux-x86_64-fedora-clang, r-devel-linux-x86_64-fedora-gcc, r-devel-windows-ix86+x86_64, r-patched-linux-x86_64, r-patched-solaris-x86, r-release-linux-x86_64, r-release-windows-ix86+x86_64, r-release-osx-x86_64, r-oldrel-windows-ix86+x86_64, r-oldrel-osx-x86_64

Version: 1.3
Check: R code for possible problems
Result: NOTE
    stsm.model: no visible global function definition for 'is.ts'
    stsm.model: no visible global function definition for 'var'
    stsm.model: no visible global function definition for 'frequency'
    stsm.model: no visible global function definition for 'na.omit'
    stsm.model: no visible global function definition for 'fft'
    stsm.model: no visible global function definition for 'new'
    stsm.sgf: no visible global function definition for 'frequency'
    char2numeric,stsm: no visible global function definition for
     'frequency'
    set.cpar,stsm: no visible global function definition for 'validObject'
    set.nopars,stsm: no visible global function definition for
     'validObject'
    set.pars,stsm: no visible global function definition for 'validObject'
    transPars,stsm: no visible global function definition for 'var'
    Undefined global functions or variables:
     fft frequency is.ts na.omit new validObject var
    Consider adding
     importFrom("methods", "new", "validObject")
     importFrom("stats", "fft", "frequency", "is.ts", "na.omit", "var")
    to your NAMESPACE file (and ensure that your DESCRIPTION Imports field
    contains 'methods').
Flavors: r-devel-linux-x86_64-debian-clang, r-devel-linux-x86_64-debian-gcc, r-devel-linux-x86_64-fedora-clang, r-devel-linux-x86_64-fedora-gcc, r-devel-windows-ix86+x86_64, r-patched-linux-x86_64, r-patched-solaris-x86, r-release-linux-x86_64, r-release-windows-ix86+x86_64, r-release-osx-x86_64, r-oldrel-windows-ix86+x86_64, r-oldrel-osx-x86_64